{"id":1784,"date":"2009-02-26T00:00:00","date_gmt":"2009-02-26T00:00:00","guid":{"rendered":"https:\/\/newsroom.ferrovial.com\/news\/el-centro-de-recursos-ambientales-de-castilla-y-leon-da-ejemplo\/"},"modified":"2022-12-21T10:51:23","modified_gmt":"2022-12-21T09:51:23","slug":"el-centro-de-recursos-ambientales-de-castilla-y-leon-da-ejemplo","status":"publish","type":"new","link":"https:\/\/newsroom.ferrovial.com\/es\/noticias\/el-centro-de-recursos-ambientales-de-castilla-y-leon-da-ejemplo\/","title":{"rendered":"El Centro de Recursos Ambientales de Castilla y Le\u00f3n da ejemplo"},"content":{"rendered":"    <section class=\"wysiwyg text-editor \" id=\"\">\n        <div class=\"container container--narrow container--p-10\">\n            <p>El Centro de Recursos Ambientales de Castilla Y Le\u00f3n, situado en Valladolid, es uno de los edificios m\u00e1s verdes de Espa\u00f1a. Es por eso, por la aplicaci\u00f3n de criterios ambientales en todas las fases del proyecto, por lo que ha recibido la nota, por parte del Green Building Challenge, m\u00e1s alta recibida por un edificio en Espa\u00f1a. Este organismo certifica la excelencia ambiental en el sector de la construcci\u00f3n<\/p>\n<p><img loading=\"lazy\" decoding=\"async\" class=\"alignleft\" alt=\"CENTRO RECURSOS AMBIENTALES CASTILLA Y LE\u00d3N\" src=\"\/wp-content\/uploads\/noticias\/El-Centro-de-Recursos-Ambientales-de-Castilla-y-Leon-da-ejemplo.jpg\" width=\"142\" height=\"142\" align=\"left\" \/>El edificio fue inaugurado el pasado 10 de febrero para albergar distintas actividades de educaci\u00f3n ambiental. Tiene forma de prisma, con la planta baja semienterrada y una superficie total de 3.500 metros cuadrados. Los materiales utilizados y los sistemas de climatizaci\u00f3n han sido elegidos con el objetivo de reducir el consumo de energ\u00eda al m\u00e1ximo posible.<\/p>\n<p>En este edificio se encuentran un \u00e1rea de educaci\u00f3n e interpretaci\u00f3n ambiental, un \u00e1rea administrativa y otra multifuncional con un sal\u00f3n de actos, espacio para talleres de traabajo, documentaci\u00f3n y consulta.<\/p>\n<p>La construcci\u00f3n ha sido llevada a cabo por Ferrovial Agrom\u00e1n y ha supuesto una inversi\u00f3n de ocho millones de euros.<\/p>\n        <\/div>\n    <\/section>\n","protected":false},"excerpt":{"rendered":"","protected":false},"featured_media":0,"menu_order":0,"comment_status":"closed","ping_status":"closed","template":"","nivel-2":[936],"nivel-5":[],"nivel-1":[],"nivel-3":[],"nivel-4":[],"class_list":["post-1784","new","type-new","status-publish","hentry","nivel-2-conservacion-del-medio-ambiente"],"acf":[],"yoast_head":"<title>El Centro de Recursos Ambientales de Castilla y Le\u00f3n da ejemplo Sala de prensa Ferrovial | \u00daltimas noticias<\/title>\n<meta name=\"description\" content=\"Sala de prensa Ferrovial | \u00daltimas noticias\" \/>\n<meta name=\"robots\" content=\"index, follow, max-snippet:-1, max-image-preview:large, max-video-preview:-1\" \/>\n<link rel=\"canonical\" href=\"https:\/\/newsroom.ferrovial.com\/es\/noticias\/el-centro-de-recursos-ambientales-de-castilla-y-leon-da-ejemplo\/\" \/>\n<meta property=\"og:locale\" content=\"es_ES\" \/>\n<meta property=\"og:type\" content=\"article\" \/>\n<meta property=\"og:title\" content=\"El Centro de Recursos Ambientales de Castilla y Le\u00f3n da ejemplo Sala de prensa Ferrovial | \u00daltimas noticias\" \/>\n<meta property=\"og:description\" content=\"Sala de prensa Ferrovial | \u00daltimas noticias\" \/>\n<meta property=\"og:url\" content=\"https:\/\/newsroom.ferrovial.com\/es\/noticias\/el-centro-de-recursos-ambientales-de-castilla-y-leon-da-ejemplo\/\" \/>\n<meta property=\"og:site_name\" content=\"Sala de prensa Ferrovial | \u00daltimas noticias\" \/>\n<meta property=\"article:publisher\" content=\"https:\/\/www.facebook.com\/ferrovial\" \/>\n<meta property=\"article:modified_time\" content=\"2022-12-21T09:51:23+00:00\" \/>\n<meta name=\"twitter:card\" content=\"summary_large_image\" \/>\n<meta name=\"twitter:site\" content=\"@ferrovial\" \/>\n<script type=\"application\/ld+json\" class=\"yoast-schema-graph\">{\"@context\":\"https:\/\/schema.org\",\"@graph\":[{\"@type\":\"WebPage\",\"@id\":\"https:\/\/newsroom.ferrovial.com\/es\/noticias\/el-centro-de-recursos-ambientales-de-castilla-y-leon-da-ejemplo\/\",\"url\":\"https:\/\/newsroom.ferrovial.com\/es\/noticias\/el-centro-de-recursos-ambientales-de-castilla-y-leon-da-ejemplo\/\",\"name\":\"El Centro de Recursos Ambientales de Castilla y Le\u00f3n da ejemplo Sala de prensa Ferrovial | \u00daltimas noticias\",\"isPartOf\":{\"@id\":\"https:\/\/newsroom.ferrovial.com\/es\/#website\"},\"datePublished\":\"2009-02-26T00:00:00+00:00\",\"dateModified\":\"2022-12-21T09:51:23+00:00\",\"description\":\"Sala de prensa Ferrovial | \u00daltimas noticias\",\"breadcrumb\":{\"@id\":\"https:\/\/newsroom.ferrovial.com\/es\/noticias\/el-centro-de-recursos-ambientales-de-castilla-y-leon-da-ejemplo\/#breadcrumb\"},\"inLanguage\":\"es\",\"potentialAction\":[{\"@type\":\"ReadAction\",\"target\":[\"https:\/\/newsroom.ferrovial.com\/es\/noticias\/el-centro-de-recursos-ambientales-de-castilla-y-leon-da-ejemplo\/\"]}]},{\"@type\":\"BreadcrumbList\",\"@id\":\"https:\/\/newsroom.ferrovial.com\/es\/noticias\/el-centro-de-recursos-ambientales-de-castilla-y-leon-da-ejemplo\/#breadcrumb\",\"itemListElement\":[{\"@type\":\"ListItem\",\"position\":1,\"name\":\"Portada\",\"item\":\"https:\/\/newsroom.ferrovial.com\/es\/\"},{\"@type\":\"ListItem\",\"position\":2,\"name\":\"El Centro de Recursos Ambientales de Castilla y Le\u00f3n da ejemplo\"}]},{\"@type\":\"WebSite\",\"@id\":\"https:\/\/newsroom.ferrovial.com\/es\/#website\",\"url\":\"https:\/\/newsroom.ferrovial.com\/es\/\",\"name\":\"Sala de prensa Ferrovial | \u00daltimas noticias\",\"description\":\"Sala de prensa Ferrovial | \u00daltimas noticias\",\"publisher\":{\"@id\":\"https:\/\/newsroom.ferrovial.com\/es\/#organization\"},\"potentialAction\":[{\"@type\":\"SearchAction\",\"target\":{\"@type\":\"EntryPoint\",\"urlTemplate\":\"https:\/\/newsroom.ferrovial.com\/es\/?s={search_term_string}\"},\"query-input\":{\"@type\":\"PropertyValueSpecification\",\"valueRequired\":true,\"valueName\":\"search_term_string\"}}],\"inLanguage\":\"es\"},{\"@type\":\"Organization\",\"@id\":\"https:\/\/newsroom.ferrovial.com\/es\/#organization\",\"name\":\"Ferrovial S.A.\",\"url\":\"https:\/\/newsroom.ferrovial.com\/es\/\",\"logo\":{\"@type\":\"ImageObject\",\"inLanguage\":\"es\",\"@id\":\"https:\/\/newsroom.ferrovial.com\/es\/#\/schema\/logo\/image\/\",\"url\":\"https:\/\/static.newsroom.ferrovial.com\/wp-content\/uploads\/2018\/07\/15145720\/Ferrovial_Logotipo1.jpg\",\"contentUrl\":\"https:\/\/static.newsroom.ferrovial.com\/wp-content\/uploads\/2018\/07\/15145720\/Ferrovial_Logotipo1.jpg\",\"width\":600,\"height\":300,\"caption\":\"Ferrovial S.A.\"},\"image\":{\"@id\":\"https:\/\/newsroom.ferrovial.com\/es\/#\/schema\/logo\/image\/\"},\"sameAs\":[\"https:\/\/www.facebook.com\/ferrovial\",\"https:\/\/x.com\/ferrovial\",\"https:\/\/www.instagram.com\/ferrovial\/\",\"https:\/\/www.linkedin.com\/company\/ferrovial\",\"https:\/\/www.pinterest.es\/ferrovial\/\",\"https:\/\/www.youtube.com\/ferrovial\",\"https:\/\/en.wikipedia.org\/wiki\/Ferrovial\"]}]}<\/script>","yoast_head_json":{"title":"El Centro de Recursos Ambientales de Castilla y Le\u00f3n da ejemplo Sala de prensa Ferrovial | \u00daltimas noticias","description":"Sala de prensa Ferrovial | \u00daltimas noticias","robots":{"index":"index","follow":"follow","max-snippet":"max-snippet:-1","max-image-preview":"max-image-preview:large","max-video-preview":"max-video-preview:-1"},"canonical":"https:\/\/newsroom.ferrovial.com\/es\/noticias\/el-centro-de-recursos-ambientales-de-castilla-y-leon-da-ejemplo\/","og_locale":"es_ES","og_type":"article","og_title":"El Centro de Recursos Ambientales de Castilla y Le\u00f3n da ejemplo Sala de prensa Ferrovial | \u00daltimas noticias","og_description":"Sala de prensa Ferrovial | \u00daltimas noticias","og_url":"https:\/\/newsroom.ferrovial.com\/es\/noticias\/el-centro-de-recursos-ambientales-de-castilla-y-leon-da-ejemplo\/","og_site_name":"Sala de prensa Ferrovial | \u00daltimas noticias","article_publisher":"https:\/\/www.facebook.com\/ferrovial","article_modified_time":"2022-12-21T09:51:23+00:00","twitter_card":"summary_large_image","twitter_site":"@ferrovial","schema":{"@context":"https:\/\/schema.org","@graph":[{"@type":"WebPage","@id":"https:\/\/newsroom.ferrovial.com\/es\/noticias\/el-centro-de-recursos-ambientales-de-castilla-y-leon-da-ejemplo\/","url":"https:\/\/newsroom.ferrovial.com\/es\/noticias\/el-centro-de-recursos-ambientales-de-castilla-y-leon-da-ejemplo\/","name":"El Centro de Recursos Ambientales de Castilla y Le\u00f3n da ejemplo Sala de prensa Ferrovial | \u00daltimas noticias","isPartOf":{"@id":"https:\/\/newsroom.ferrovial.com\/es\/#website"},"datePublished":"2009-02-26T00:00:00+00:00","dateModified":"2022-12-21T09:51:23+00:00","description":"Sala de prensa Ferrovial | \u00daltimas noticias","breadcrumb":{"@id":"https:\/\/newsroom.ferrovial.com\/es\/noticias\/el-centro-de-recursos-ambientales-de-castilla-y-leon-da-ejemplo\/#breadcrumb"},"inLanguage":"es","potentialAction":[{"@type":"ReadAction","target":["https:\/\/newsroom.ferrovial.com\/es\/noticias\/el-centro-de-recursos-ambientales-de-castilla-y-leon-da-ejemplo\/"]}]},{"@type":"BreadcrumbList","@id":"https:\/\/newsroom.ferrovial.com\/es\/noticias\/el-centro-de-recursos-ambientales-de-castilla-y-leon-da-ejemplo\/#breadcrumb","itemListElement":[{"@type":"ListItem","position":1,"name":"Portada","item":"https:\/\/newsroom.ferrovial.com\/es\/"},{"@type":"ListItem","position":2,"name":"El Centro de Recursos Ambientales de Castilla y Le\u00f3n da ejemplo"}]},{"@type":"WebSite","@id":"https:\/\/newsroom.ferrovial.com\/es\/#website","url":"https:\/\/newsroom.ferrovial.com\/es\/","name":"Sala de prensa Ferrovial | \u00daltimas noticias","description":"Sala de prensa Ferrovial | \u00daltimas noticias","publisher":{"@id":"https:\/\/newsroom.ferrovial.com\/es\/#organization"},"potentialAction":[{"@type":"SearchAction","target":{"@type":"EntryPoint","urlTemplate":"https:\/\/newsroom.ferrovial.com\/es\/?s={search_term_string}"},"query-input":{"@type":"PropertyValueSpecification","valueRequired":true,"valueName":"search_term_string"}}],"inLanguage":"es"},{"@type":"Organization","@id":"https:\/\/newsroom.ferrovial.com\/es\/#organization","name":"Ferrovial S.A.","url":"https:\/\/newsroom.ferrovial.com\/es\/","logo":{"@type":"ImageObject","inLanguage":"es","@id":"https:\/\/newsroom.ferrovial.com\/es\/#\/schema\/logo\/image\/","url":"https:\/\/static.newsroom.ferrovial.com\/wp-content\/uploads\/2018\/07\/15145720\/Ferrovial_Logotipo1.jpg","contentUrl":"https:\/\/static.newsroom.ferrovial.com\/wp-content\/uploads\/2018\/07\/15145720\/Ferrovial_Logotipo1.jpg","width":600,"height":300,"caption":"Ferrovial S.A."},"image":{"@id":"https:\/\/newsroom.ferrovial.com\/es\/#\/schema\/logo\/image\/"},"sameAs":["https:\/\/www.facebook.com\/ferrovial","https:\/\/x.com\/ferrovial","https:\/\/www.instagram.com\/ferrovial\/","https:\/\/www.linkedin.com\/company\/ferrovial","https:\/\/www.pinterest.es\/ferrovial\/","https:\/\/www.youtube.com\/ferrovial","https:\/\/en.wikipedia.org\/wiki\/Ferrovial"]}]}},"_links":{"self":[{"href":"https:\/\/newsroom.ferrovial.com\/es\/wp-json\/wp\/v2\/new\/1784","targetHints":{"allow":["GET"]}}],"collection":[{"href":"https:\/\/newsroom.ferrovial.com\/es\/wp-json\/wp\/v2\/new"}],"about":[{"href":"https:\/\/newsroom.ferrovial.com\/es\/wp-json\/wp\/v2\/types\/new"}],"replies":[{"embeddable":true,"href":"https:\/\/newsroom.ferrovial.com\/es\/wp-json\/wp\/v2\/comments?post=1784"}],"version-history":[{"count":1,"href":"https:\/\/newsroom.ferrovial.com\/es\/wp-json\/wp\/v2\/new\/1784\/revisions"}],"predecessor-version":[{"id":118291,"href":"https:\/\/newsroom.ferrovial.com\/es\/wp-json\/wp\/v2\/new\/1784\/revisions\/118291"}],"wp:attachment":[{"href":"https:\/\/newsroom.ferrovial.com\/es\/wp-json\/wp\/v2\/media?parent=1784"}],"wp:term":[{"taxonomy":"nivel-2","embeddable":true,"href":"https:\/\/newsroom.ferrovial.com\/es\/wp-json\/wp\/v2\/nivel-2?post=1784"},{"taxonomy":"nivel-5","embeddable":true,"href":"https:\/\/newsroom.ferrovial.com\/es\/wp-json\/wp\/v2\/nivel-5?post=1784"},{"taxonomy":"nivel-1","embeddable":true,"href":"https:\/\/newsroom.ferrovial.com\/es\/wp-json\/wp\/v2\/nivel-1?post=1784"},{"taxonomy":"nivel-3","embeddable":true,"href":"https:\/\/newsroom.ferrovial.com\/es\/wp-json\/wp\/v2\/nivel-3?post=1784"},{"taxonomy":"nivel-4","embeddable":true,"href":"https:\/\/newsroom.ferrovial.com\/es\/wp-json\/wp\/v2\/nivel-4?post=1784"}],"curies":[{"name":"wp","href":"https:\/\/api.w.org\/{rel}","templated":true}]}}

El Centro de Recursos Ambientales de Castilla y León da ejemplo

<section class="wysiwyg text-editor " id="">
        <div class="container container--narrow container--p-10">
            <p>El Centro de Recursos Ambientales de Castilla Y León, situado en Valladolid, es uno de los edificios más verdes de España. Es por eso, por la aplicación de criterios ambientales en todas las fases del proyecto, por lo que ha recibido la nota, por parte del Green Building Challenge, más alta recibida por un edificio en España. Este organismo certifica la excelencia ambiental en el sector de la construcción</p>
<p><img loading="lazy" decoding="async" class="alignleft" alt="CENTRO RECURSOS AMBIENTALES CASTILLA Y LEÓN" src="/wp-content/uploads/noticias/El-Centro-de-Recursos-Ambientales-de-Castilla-y-Leon-da-ejemplo.jpg" width="142" height="142" align="left" />El edificio fue inaugurado el pasado 10 de febrero para albergar distintas actividades de educación ambiental. Tiene forma de prisma, con la planta baja semienterrada y una superficie total de 3.500 metros cuadrados. Los materiales utilizados y los sistemas de climatización han sido elegidos con el objetivo de reducir el consumo de energía al máximo posible.</p>
<p>En este edificio se encuentran un área de educación e interpretación ambiental, un área administrativa y otra multifuncional con un salón de actos, espacio para talleres de traabajo, documentación y consulta.</p>
<p>La construcción ha sido llevada a cabo por Ferrovial Agromán y ha supuesto una inversión de ocho millones de euros.</p>
        </div>
    </section>

<title>El Centro de Recursos Ambientales de Castilla y León da ejemplo Sala de prensa Ferrovial | Últimas noticias</title>
<meta name="description" content="Sala de prensa Ferrovial | Últimas noticias" />
<meta name="robots" content="index, follow, max-snippet:-1, max-image-preview:large, max-video-preview:-1" />
<link rel="canonical" href="https://newsroom.ferrovial.com/es/noticias/el-centro-de-recursos-ambientales-de-castilla-y-leon-da-ejemplo/" />
<meta property="og:locale" content="es_ES" />
<meta property="og:type" content="article" />
<meta property="og:title" content="El Centro de Recursos Ambientales de Castilla y León da ejemplo Sala de prensa Ferrovial | Últimas noticias" />
<meta property="og:description" content="Sala de prensa Ferrovial | Últimas noticias" />
<meta property="og:url" content="https://newsroom.ferrovial.com/es/noticias/el-centro-de-recursos-ambientales-de-castilla-y-leon-da-ejemplo/" />
<meta property="og:site_name" content="Sala de prensa Ferrovial | Últimas noticias" />
<meta property="article:publisher" content="https://www.facebook.com/ferrovial" />
<meta property="article:modified_time" content="2022-12-21T09:51:23+00:00" />
<meta name="twitter:card" content="summary_large_image" />
<meta name="twitter:site" content="@ferrovial" />
<script type="application/ld+json" class="yoast-schema-graph">{"@context":"https://schema.org","@graph":[{"@type":"WebPage","@id":"https://newsroom.ferrovial.com/es/noticias/el-centro-de-recursos-ambientales-de-castilla-y-leon-da-ejemplo/","url":"https://newsroom.ferrovial.com/es/noticias/el-centro-de-recursos-ambientales-de-castilla-y-leon-da-ejemplo/","name":"El Centro de Recursos Ambientales de Castilla y León da ejemplo Sala de prensa Ferrovial | Últimas noticias","isPartOf":{"@id":"https://newsroom.ferrovial.com/es/#website"},"datePublished":"2009-02-26T00:00:00+00:00","dateModified":"2022-12-21T09:51:23+00:00","description":"Sala de prensa Ferrovial | Últimas noticias","breadcrumb":{"@id":"https://newsroom.ferrovial.com/es/noticias/el-centro-de-recursos-ambientales-de-castilla-y-leon-da-ejemplo/#breadcrumb"},"inLanguage":"es","potentialAction":[{"@type":"ReadAction","target":["https://newsroom.ferrovial.com/es/noticias/el-centro-de-recursos-ambientales-de-castilla-y-leon-da-ejemplo/"]}]},{"@type":"BreadcrumbList","@id":"https://newsroom.ferrovial.com/es/noticias/el-centro-de-recursos-ambientales-de-castilla-y-leon-da-ejemplo/#breadcrumb","itemListElement":[{"@type":"ListItem","position":1,"name":"Portada","item":"https://newsroom.ferrovial.com/es/"},{"@type":"ListItem","position":2,"name":"El Centro de Recursos Ambientales de Castilla y León da ejemplo"}]},{"@type":"WebSite","@id":"https://newsroom.ferrovial.com/es/#website","url":"https://newsroom.ferrovial.com/es/","name":"Sala de prensa Ferrovial | Últimas noticias","description":"Sala de prensa Ferrovial | Últimas noticias","publisher":{"@id":"https://newsroom.ferrovial.com/es/#organization"},"potentialAction":[{"@type":"SearchAction","target":{"@type":"EntryPoint","urlTemplate":"https://newsroom.ferrovial.com/es/?s={search_term_string}"},"query-input":{"@type":"PropertyValueSpecification","valueRequired":true,"valueName":"search_term_string"}}],"inLanguage":"es"},{"@type":"Organization","@id":"https://newsroom.ferrovial.com/es/#organization","name":"Ferrovial S.A.","url":"https://newsroom.ferrovial.com/es/","logo":{"@type":"ImageObject","inLanguage":"es","@id":"https://newsroom.ferrovial.com/es/#/schema/logo/image/","url":"https://static.newsroom.ferrovial.com/wp-content/uploads/2018/07/15145720/Ferrovial_Logotipo1.jpg","contentUrl":"https://static.newsroom.ferrovial.com/wp-content/uploads/2018/07/15145720/Ferrovial_Logotipo1.jpg","width":600,"height":300,"caption":"Ferrovial S.A."},"image":{"@id":"https://newsroom.ferrovial.com/es/#/schema/logo/image/"},"sameAs":["https://www.facebook.com/ferrovial","https://x.com/ferrovial","https://www.instagram.com/ferrovial/","https://www.linkedin.com/company/ferrovial","https://www.pinterest.es/ferrovial/","https://www.youtube.com/ferrovial","https://en.wikipedia.org/wiki/Ferrovial"]}]}</script>

El Centro de Recursos Ambientales de Castilla y León da ejemplo Sala de prensa Ferrovial | Últimas noticias

Sala de prensa Ferrovial | Últimas noticias
