{"id":1820,"date":"2008-10-27T00:00:00","date_gmt":"2008-10-27T00:00:00","guid":{"rendered":"https:\/\/newsroom.ferrovial.com\/news\/el-vertedero-del-garraf-recibe-un-premio-de-arquitectura\/"},"modified":"2022-12-21T10:53:25","modified_gmt":"2022-12-21T09:53:25","slug":"el-vertedero-del-garraf-recibe-un-premio-de-arquitectura","status":"publish","type":"new","link":"https:\/\/newsroom.ferrovial.com\/es\/noticias\/el-vertedero-del-garraf-recibe-un-premio-de-arquitectura\/","title":{"rendered":"El vertedero del Garraf recibe un premio de arquitectura"},"content":{"rendered":"    <section class=\"wysiwyg text-editor \" id=\"\">\n        <div class=\"container container--narrow container--p-10\">\n            <p>En la primera edici\u00f3n del World Architecture Festival, celebrado en Barcelona la semana pasada, se entreg\u00f3 uno de los premios a dos arquitectos espa\u00f1oles por el proyecto de restauraci\u00f3n paisaj\u00edstica del dep\u00f3sito controlado del Vall d&#8217;en Joan, en el Garraf. Los arquitectos, Enric Batle y Joan Roig han recibido el galard\u00f3n en la categor\u00eda de \u00abEnerg\u00eda, Residuos y Reciclaje\u00bb. El jurado, presidido por Norman Foster, premi\u00f3 a 17 proyectos, elegidos entre m\u00e1s de 200 de 63 pa\u00edses, en distintas categor\u00edas.<\/p>\n<p>El proyecto consiste en la recuperaci\u00f3n del vertedero del Garraf, el m\u00e1s grande de Espa\u00f1a, para devolver a la vida un entorno deteriorado y contaminado. Adem\u00e1s de una recuperaci\u00f3n est\u00e9tica, el proyecto cuenta con un sistema de drenaje de aguas subterr\u00e1neo, filtros para descontaminar los l\u00edquidos residuales y un sistema de aprovechamiento de biog\u00e1s a partir del cual se obtiene energ\u00eda. La idea era hacer que el lugar en el que hay m\u00e1s de 20 millones de toneladas de residuos fuera un lugar bonito y agradable adem\u00e1s de ser sostenible. El proyecto comenz\u00f3 en el a\u00f1o 2002 y se terminar\u00e1 sobre el 2010, fecha en la que se habr\u00e1 actuado sobre m\u00e1s de 60 hect\u00e1reas.<\/p>\n        <\/div>\n    <\/section>\n","protected":false},"excerpt":{"rendered":"","protected":false},"featured_media":0,"menu_order":0,"comment_status":"closed","ping_status":"closed","template":"","nivel-2":[],"nivel-5":[],"nivel-1":[],"nivel-3":[],"nivel-4":[],"class_list":["post-1820","new","type-new","status-publish","hentry"],"acf":[],"yoast_head":"<title>El vertedero del Garraf recibe un premio de arquitectura Sala de prensa Ferrovial | \u00daltimas noticias<\/title>\n<meta name=\"description\" content=\"Sala de prensa Ferrovial | \u00daltimas noticias\" \/>\n<meta name=\"robots\" content=\"index, follow, max-snippet:-1, max-image-preview:large, max-video-preview:-1\" \/>\n<link rel=\"canonical\" href=\"https:\/\/newsroom.ferrovial.com\/es\/noticias\/el-vertedero-del-garraf-recibe-un-premio-de-arquitectura\/\" \/>\n<meta property=\"og:locale\" content=\"es_ES\" \/>\n<meta property=\"og:type\" content=\"article\" \/>\n<meta property=\"og:title\" content=\"El vertedero del Garraf recibe un premio de arquitectura Sala de prensa Ferrovial | \u00daltimas noticias\" \/>\n<meta property=\"og:description\" content=\"Sala de prensa Ferrovial | \u00daltimas noticias\" \/>\n<meta property=\"og:url\" content=\"https:\/\/newsroom.ferrovial.com\/es\/noticias\/el-vertedero-del-garraf-recibe-un-premio-de-arquitectura\/\" \/>\n<meta property=\"og:site_name\" content=\"Sala de prensa Ferrovial | \u00daltimas noticias\" \/>\n<meta property=\"article:publisher\" content=\"https:\/\/www.facebook.com\/ferrovial\" \/>\n<meta property=\"article:modified_time\" content=\"2022-12-21T09:53:25+00:00\" \/>\n<meta name=\"twitter:card\" content=\"summary_large_image\" \/>\n<meta name=\"twitter:site\" content=\"@ferrovial\" \/>\n<script type=\"application\/ld+json\" class=\"yoast-schema-graph\">{\"@context\":\"https:\/\/schema.org\",\"@graph\":[{\"@type\":\"WebPage\",\"@id\":\"https:\/\/newsroom.ferrovial.com\/es\/noticias\/el-vertedero-del-garraf-recibe-un-premio-de-arquitectura\/\",\"url\":\"https:\/\/newsroom.ferrovial.com\/es\/noticias\/el-vertedero-del-garraf-recibe-un-premio-de-arquitectura\/\",\"name\":\"El vertedero del Garraf recibe un premio de arquitectura Sala de prensa Ferrovial | \u00daltimas noticias\",\"isPartOf\":{\"@id\":\"https:\/\/newsroom.ferrovial.com\/es\/#website\"},\"datePublished\":\"2008-10-27T00:00:00+00:00\",\"dateModified\":\"2022-12-21T09:53:25+00:00\",\"description\":\"Sala de prensa Ferrovial | \u00daltimas noticias\",\"breadcrumb\":{\"@id\":\"https:\/\/newsroom.ferrovial.com\/es\/noticias\/el-vertedero-del-garraf-recibe-un-premio-de-arquitectura\/#breadcrumb\"},\"inLanguage\":\"es\",\"potentialAction\":[{\"@type\":\"ReadAction\",\"target\":[\"https:\/\/newsroom.ferrovial.com\/es\/noticias\/el-vertedero-del-garraf-recibe-un-premio-de-arquitectura\/\"]}]},{\"@type\":\"BreadcrumbList\",\"@id\":\"https:\/\/newsroom.ferrovial.com\/es\/noticias\/el-vertedero-del-garraf-recibe-un-premio-de-arquitectura\/#breadcrumb\",\"itemListElement\":[{\"@type\":\"ListItem\",\"position\":1,\"name\":\"Portada\",\"item\":\"https:\/\/newsroom.ferrovial.com\/es\/\"},{\"@type\":\"ListItem\",\"position\":2,\"name\":\"El vertedero del Garraf recibe un premio de arquitectura\"}]},{\"@type\":\"WebSite\",\"@id\":\"https:\/\/newsroom.ferrovial.com\/es\/#website\",\"url\":\"https:\/\/newsroom.ferrovial.com\/es\/\",\"name\":\"Sala de prensa Ferrovial | \u00daltimas noticias\",\"description\":\"Sala de prensa Ferrovial | \u00daltimas noticias\",\"publisher\":{\"@id\":\"https:\/\/newsroom.ferrovial.com\/es\/#organization\"},\"potentialAction\":[{\"@type\":\"SearchAction\",\"target\":{\"@type\":\"EntryPoint\",\"urlTemplate\":\"https:\/\/newsroom.ferrovial.com\/es\/?s={search_term_string}\"},\"query-input\":{\"@type\":\"PropertyValueSpecification\",\"valueRequired\":true,\"valueName\":\"search_term_string\"}}],\"inLanguage\":\"es\"},{\"@type\":\"Organization\",\"@id\":\"https:\/\/newsroom.ferrovial.com\/es\/#organization\",\"name\":\"Ferrovial S.A.\",\"url\":\"https:\/\/newsroom.ferrovial.com\/es\/\",\"logo\":{\"@type\":\"ImageObject\",\"inLanguage\":\"es\",\"@id\":\"https:\/\/newsroom.ferrovial.com\/es\/#\/schema\/logo\/image\/\",\"url\":\"https:\/\/static.newsroom.ferrovial.com\/wp-content\/uploads\/2018\/07\/15145720\/Ferrovial_Logotipo1.jpg\",\"contentUrl\":\"https:\/\/static.newsroom.ferrovial.com\/wp-content\/uploads\/2018\/07\/15145720\/Ferrovial_Logotipo1.jpg\",\"width\":600,\"height\":300,\"caption\":\"Ferrovial S.A.\"},\"image\":{\"@id\":\"https:\/\/newsroom.ferrovial.com\/es\/#\/schema\/logo\/image\/\"},\"sameAs\":[\"https:\/\/www.facebook.com\/ferrovial\",\"https:\/\/x.com\/ferrovial\",\"https:\/\/www.instagram.com\/ferrovial\/\",\"https:\/\/www.linkedin.com\/company\/ferrovial\",\"https:\/\/www.pinterest.es\/ferrovial\/\",\"https:\/\/www.youtube.com\/ferrovial\",\"https:\/\/en.wikipedia.org\/wiki\/Ferrovial\"]}]}<\/script>","yoast_head_json":{"title":"El vertedero del Garraf recibe un premio de arquitectura Sala de prensa Ferrovial | \u00daltimas noticias","description":"Sala de prensa Ferrovial | \u00daltimas noticias","robots":{"index":"index","follow":"follow","max-snippet":"max-snippet:-1","max-image-preview":"max-image-preview:large","max-video-preview":"max-video-preview:-1"},"canonical":"https:\/\/newsroom.ferrovial.com\/es\/noticias\/el-vertedero-del-garraf-recibe-un-premio-de-arquitectura\/","og_locale":"es_ES","og_type":"article","og_title":"El vertedero del Garraf recibe un premio de arquitectura Sala de prensa Ferrovial | \u00daltimas noticias","og_description":"Sala de prensa Ferrovial | \u00daltimas noticias","og_url":"https:\/\/newsroom.ferrovial.com\/es\/noticias\/el-vertedero-del-garraf-recibe-un-premio-de-arquitectura\/","og_site_name":"Sala de prensa Ferrovial | \u00daltimas noticias","article_publisher":"https:\/\/www.facebook.com\/ferrovial","article_modified_time":"2022-12-21T09:53:25+00:00","twitter_card":"summary_large_image","twitter_site":"@ferrovial","schema":{"@context":"https:\/\/schema.org","@graph":[{"@type":"WebPage","@id":"https:\/\/newsroom.ferrovial.com\/es\/noticias\/el-vertedero-del-garraf-recibe-un-premio-de-arquitectura\/","url":"https:\/\/newsroom.ferrovial.com\/es\/noticias\/el-vertedero-del-garraf-recibe-un-premio-de-arquitectura\/","name":"El vertedero del Garraf recibe un premio de arquitectura Sala de prensa Ferrovial | \u00daltimas noticias","isPartOf":{"@id":"https:\/\/newsroom.ferrovial.com\/es\/#website"},"datePublished":"2008-10-27T00:00:00+00:00","dateModified":"2022-12-21T09:53:25+00:00","description":"Sala de prensa Ferrovial | \u00daltimas noticias","breadcrumb":{"@id":"https:\/\/newsroom.ferrovial.com\/es\/noticias\/el-vertedero-del-garraf-recibe-un-premio-de-arquitectura\/#breadcrumb"},"inLanguage":"es","potentialAction":[{"@type":"ReadAction","target":["https:\/\/newsroom.ferrovial.com\/es\/noticias\/el-vertedero-del-garraf-recibe-un-premio-de-arquitectura\/"]}]},{"@type":"BreadcrumbList","@id":"https:\/\/newsroom.ferrovial.com\/es\/noticias\/el-vertedero-del-garraf-recibe-un-premio-de-arquitectura\/#breadcrumb","itemListElement":[{"@type":"ListItem","position":1,"name":"Portada","item":"https:\/\/newsroom.ferrovial.com\/es\/"},{"@type":"ListItem","position":2,"name":"El vertedero del Garraf recibe un premio de arquitectura"}]},{"@type":"WebSite","@id":"https:\/\/newsroom.ferrovial.com\/es\/#website","url":"https:\/\/newsroom.ferrovial.com\/es\/","name":"Sala de prensa Ferrovial | \u00daltimas noticias","description":"Sala de prensa Ferrovial | \u00daltimas noticias","publisher":{"@id":"https:\/\/newsroom.ferrovial.com\/es\/#organization"},"potentialAction":[{"@type":"SearchAction","target":{"@type":"EntryPoint","urlTemplate":"https:\/\/newsroom.ferrovial.com\/es\/?s={search_term_string}"},"query-input":{"@type":"PropertyValueSpecification","valueRequired":true,"valueName":"search_term_string"}}],"inLanguage":"es"},{"@type":"Organization","@id":"https:\/\/newsroom.ferrovial.com\/es\/#organization","name":"Ferrovial S.A.","url":"https:\/\/newsroom.ferrovial.com\/es\/","logo":{"@type":"ImageObject","inLanguage":"es","@id":"https:\/\/newsroom.ferrovial.com\/es\/#\/schema\/logo\/image\/","url":"https:\/\/static.newsroom.ferrovial.com\/wp-content\/uploads\/2018\/07\/15145720\/Ferrovial_Logotipo1.jpg","contentUrl":"https:\/\/static.newsroom.ferrovial.com\/wp-content\/uploads\/2018\/07\/15145720\/Ferrovial_Logotipo1.jpg","width":600,"height":300,"caption":"Ferrovial S.A."},"image":{"@id":"https:\/\/newsroom.ferrovial.com\/es\/#\/schema\/logo\/image\/"},"sameAs":["https:\/\/www.facebook.com\/ferrovial","https:\/\/x.com\/ferrovial","https:\/\/www.instagram.com\/ferrovial\/","https:\/\/www.linkedin.com\/company\/ferrovial","https:\/\/www.pinterest.es\/ferrovial\/","https:\/\/www.youtube.com\/ferrovial","https:\/\/en.wikipedia.org\/wiki\/Ferrovial"]}]}},"_links":{"self":[{"href":"https:\/\/newsroom.ferrovial.com\/es\/wp-json\/wp\/v2\/new\/1820","targetHints":{"allow":["GET"]}}],"collection":[{"href":"https:\/\/newsroom.ferrovial.com\/es\/wp-json\/wp\/v2\/new"}],"about":[{"href":"https:\/\/newsroom.ferrovial.com\/es\/wp-json\/wp\/v2\/types\/new"}],"replies":[{"embeddable":true,"href":"https:\/\/newsroom.ferrovial.com\/es\/wp-json\/wp\/v2\/comments?post=1820"}],"version-history":[{"count":1,"href":"https:\/\/newsroom.ferrovial.com\/es\/wp-json\/wp\/v2\/new\/1820\/revisions"}],"predecessor-version":[{"id":118371,"href":"https:\/\/newsroom.ferrovial.com\/es\/wp-json\/wp\/v2\/new\/1820\/revisions\/118371"}],"wp:attachment":[{"href":"https:\/\/newsroom.ferrovial.com\/es\/wp-json\/wp\/v2\/media?parent=1820"}],"wp:term":[{"taxonomy":"nivel-2","embeddable":true,"href":"https:\/\/newsroom.ferrovial.com\/es\/wp-json\/wp\/v2\/nivel-2?post=1820"},{"taxonomy":"nivel-5","embeddable":true,"href":"https:\/\/newsroom.ferrovial.com\/es\/wp-json\/wp\/v2\/nivel-5?post=1820"},{"taxonomy":"nivel-1","embeddable":true,"href":"https:\/\/newsroom.ferrovial.com\/es\/wp-json\/wp\/v2\/nivel-1?post=1820"},{"taxonomy":"nivel-3","embeddable":true,"href":"https:\/\/newsroom.ferrovial.com\/es\/wp-json\/wp\/v2\/nivel-3?post=1820"},{"taxonomy":"nivel-4","embeddable":true,"href":"https:\/\/newsroom.ferrovial.com\/es\/wp-json\/wp\/v2\/nivel-4?post=1820"}],"curies":[{"name":"wp","href":"https:\/\/api.w.org\/{rel}","templated":true}]}}

<section class="wysiwyg text-editor " id="">
        <div class="container container--narrow container--p-10">
            <p>En la primera edición del World Architecture Festival, celebrado en Barcelona la semana pasada, se entregó uno de los premios a dos arquitectos españoles por el proyecto de restauración paisajística del depósito controlado del Vall d&#8217;en Joan, en el Garraf. Los arquitectos, Enric Batle y Joan Roig han recibido el galardón en la categoría de «Energía, Residuos y Reciclaje». El jurado, presidido por Norman Foster, premió a 17 proyectos, elegidos entre más de 200 de 63 países, en distintas categorías.</p>
<p>El proyecto consiste en la recuperación del vertedero del Garraf, el más grande de España, para devolver a la vida un entorno deteriorado y contaminado. Además de una recuperación estética, el proyecto cuenta con un sistema de drenaje de aguas subterráneo, filtros para descontaminar los líquidos residuales y un sistema de aprovechamiento de biogás a partir del cual se obtiene energía. La idea era hacer que el lugar en el que hay más de 20 millones de toneladas de residuos fuera un lugar bonito y agradable además de ser sostenible. El proyecto comenzó en el año 2002 y se terminará sobre el 2010, fecha en la que se habrá actuado sobre más de 60 hectáreas.</p>
        </div>
    </section>

<title>El vertedero del Garraf recibe un premio de arquitectura Sala de prensa Ferrovial | Últimas noticias</title>
<meta name="description" content="Sala de prensa Ferrovial | Últimas noticias" />
<meta name="robots" content="index, follow, max-snippet:-1, max-image-preview:large, max-video-preview:-1" />
<link rel="canonical" href="https://newsroom.ferrovial.com/es/noticias/el-vertedero-del-garraf-recibe-un-premio-de-arquitectura/" />
<meta property="og:locale" content="es_ES" />
<meta property="og:type" content="article" />
<meta property="og:title" content="El vertedero del Garraf recibe un premio de arquitectura Sala de prensa Ferrovial | Últimas noticias" />
<meta property="og:description" content="Sala de prensa Ferrovial | Últimas noticias" />
<meta property="og:url" content="https://newsroom.ferrovial.com/es/noticias/el-vertedero-del-garraf-recibe-un-premio-de-arquitectura/" />
<meta property="og:site_name" content="Sala de prensa Ferrovial | Últimas noticias" />
<meta property="article:publisher" content="https://www.facebook.com/ferrovial" />
<meta property="article:modified_time" content="2022-12-21T09:53:25+00:00" />
<meta name="twitter:card" content="summary_large_image" />
<meta name="twitter:site" content="@ferrovial" />
<script type="application/ld+json" class="yoast-schema-graph">{"@context":"https://schema.org","@graph":[{"@type":"WebPage","@id":"https://newsroom.ferrovial.com/es/noticias/el-vertedero-del-garraf-recibe-un-premio-de-arquitectura/","url":"https://newsroom.ferrovial.com/es/noticias/el-vertedero-del-garraf-recibe-un-premio-de-arquitectura/","name":"El vertedero del Garraf recibe un premio de arquitectura Sala de prensa Ferrovial | Últimas noticias","isPartOf":{"@id":"https://newsroom.ferrovial.com/es/#website"},"datePublished":"2008-10-27T00:00:00+00:00","dateModified":"2022-12-21T09:53:25+00:00","description":"Sala de prensa Ferrovial | Últimas noticias","breadcrumb":{"@id":"https://newsroom.ferrovial.com/es/noticias/el-vertedero-del-garraf-recibe-un-premio-de-arquitectura/#breadcrumb"},"inLanguage":"es","potentialAction":[{"@type":"ReadAction","target":["https://newsroom.ferrovial.com/es/noticias/el-vertedero-del-garraf-recibe-un-premio-de-arquitectura/"]}]},{"@type":"BreadcrumbList","@id":"https://newsroom.ferrovial.com/es/noticias/el-vertedero-del-garraf-recibe-un-premio-de-arquitectura/#breadcrumb","itemListElement":[{"@type":"ListItem","position":1,"name":"Portada","item":"https://newsroom.ferrovial.com/es/"},{"@type":"ListItem","position":2,"name":"El vertedero del Garraf recibe un premio de arquitectura"}]},{"@type":"WebSite","@id":"https://newsroom.ferrovial.com/es/#website","url":"https://newsroom.ferrovial.com/es/","name":"Sala de prensa Ferrovial | Últimas noticias","description":"Sala de prensa Ferrovial | Últimas noticias","publisher":{"@id":"https://newsroom.ferrovial.com/es/#organization"},"potentialAction":[{"@type":"SearchAction","target":{"@type":"EntryPoint","urlTemplate":"https://newsroom.ferrovial.com/es/?s={search_term_string}"},"query-input":{"@type":"PropertyValueSpecification","valueRequired":true,"valueName":"search_term_string"}}],"inLanguage":"es"},{"@type":"Organization","@id":"https://newsroom.ferrovial.com/es/#organization","name":"Ferrovial S.A.","url":"https://newsroom.ferrovial.com/es/","logo":{"@type":"ImageObject","inLanguage":"es","@id":"https://newsroom.ferrovial.com/es/#/schema/logo/image/","url":"https://static.newsroom.ferrovial.com/wp-content/uploads/2018/07/15145720/Ferrovial_Logotipo1.jpg","contentUrl":"https://static.newsroom.ferrovial.com/wp-content/uploads/2018/07/15145720/Ferrovial_Logotipo1.jpg","width":600,"height":300,"caption":"Ferrovial S.A."},"image":{"@id":"https://newsroom.ferrovial.com/es/#/schema/logo/image/"},"sameAs":["https://www.facebook.com/ferrovial","https://x.com/ferrovial","https://www.instagram.com/ferrovial/","https://www.linkedin.com/company/ferrovial","https://www.pinterest.es/ferrovial/","https://www.youtube.com/ferrovial","https://en.wikipedia.org/wiki/Ferrovial"]}]}</script>

El vertedero del Garraf recibe un premio de arquitectura Sala de prensa Ferrovial | Últimas noticias

Sala de prensa Ferrovial | Últimas noticias
