{"id":1998,"date":"2007-11-08T00:00:00","date_gmt":"2007-11-08T00:00:00","guid":{"rendered":"https:\/\/newsroom.ferrovial.com\/news\/la-rse-se-incorpora-a-clase\/"},"modified":"2022-12-21T11:14:45","modified_gmt":"2022-12-21T10:14:45","slug":"la-rse-se-incorpora-a-clase","status":"publish","type":"new","link":"https:\/\/newsroom.ferrovial.com\/es\/noticias\/la-rse-se-incorpora-a-clase\/","title":{"rendered":"La RSE se incorpora a clase"},"content":{"rendered":"    <section class=\"wysiwyg text-editor \" id=\"\">\n        <div class=\"container container--narrow container--p-10\">\n            <p>(<a title=\"\" href=\"http:\/\/www.expansion.com\/\"><span style=\"text-decoration: underline;\">Expansi\u00f3n<\/span><\/a>).- La nueva asignatura de Educaci\u00f3n para la Ciudadan\u00eda podr\u00eda incluir la responsabilidad social de las empresas (RSE). La Real Academia de Ciencias Econ\u00f3micas y Financieras (Racef) ha recibido una propuesta para colaborar con el Ministerio de Educaci\u00f3n y a\u00f1adir en el temario de esta asignatura un p\u00e1rrafo que defina adecuadamente la responsabilidad social empresarial, seg\u00fan el presidente de la secci\u00f3n de Ciencias Econ\u00f3mico-Contables y Financieras de la Academia, Aldo Olcese.<\/p>\n<p>Ya el pasado lunes, el diputado socialista Ram\u00f3n J\u00e1uregui, uno de los responsables en el Congreso de la subcomisi\u00f3n de RSE, consider\u00f3 la responsabilidad social como una cultura que, por supuesto, tiene que ir a las universidades, e incluso deber\u00eda incorporarse a esta asignatura.<\/p>\n<p>La Racef, que preside Jaime Gil Aluja, ha presentado el trabajo La Responsabilidad Social de la Empresa. Propuesta para una Nueva Econom\u00eda de la Empresa Responsable y Sostenible, un estudio dirigido por Olcese con la participaci\u00f3n de m\u00e1s de 120 expertos de la empresa, las instituciones y el mundo acad\u00e9mico.<\/p>\n<p>Uno de sus objetivos es establecer un cuerpo de doctrina para un libro de texto destinado a la nueva asignatura universitaria Econom\u00eda de la empresa responsable y sostenible, cuya creaci\u00f3n se propondr\u00e1 a las autoridades acad\u00e9micas. Ya se ha acordado, con la editorial McGraw-Hill, una edici\u00f3n comercial del libro para su distribuci\u00f3n en Espa\u00f1a y varios pa\u00edses iberoamericanos.<\/p>\n        <\/div>\n    <\/section>\n","protected":false},"excerpt":{"rendered":"","protected":false},"featured_media":0,"menu_order":0,"comment_status":"closed","ping_status":"closed","template":"","nivel-2":[936],"nivel-5":[],"nivel-1":[],"nivel-3":[],"nivel-4":[],"class_list":["post-1998","new","type-new","status-publish","hentry","nivel-2-conservacion-del-medio-ambiente"],"acf":[],"yoast_head":"<title>La RSE se incorpora a clase Sala de prensa Ferrovial | \u00daltimas noticias<\/title>\n<meta name=\"description\" content=\"Sala de prensa Ferrovial | \u00daltimas noticias\" \/>\n<meta name=\"robots\" content=\"index, follow, max-snippet:-1, max-image-preview:large, max-video-preview:-1\" \/>\n<link rel=\"canonical\" href=\"https:\/\/newsroom.ferrovial.com\/es\/noticias\/la-rse-se-incorpora-a-clase\/\" \/>\n<meta property=\"og:locale\" content=\"es_ES\" \/>\n<meta property=\"og:type\" content=\"article\" \/>\n<meta property=\"og:title\" content=\"La RSE se incorpora a clase Sala de prensa Ferrovial | \u00daltimas noticias\" \/>\n<meta property=\"og:description\" content=\"Sala de prensa Ferrovial | \u00daltimas noticias\" \/>\n<meta property=\"og:url\" content=\"https:\/\/newsroom.ferrovial.com\/es\/noticias\/la-rse-se-incorpora-a-clase\/\" \/>\n<meta property=\"og:site_name\" content=\"Sala de prensa Ferrovial | \u00daltimas noticias\" \/>\n<meta property=\"article:publisher\" content=\"https:\/\/www.facebook.com\/ferrovial\" \/>\n<meta property=\"article:modified_time\" content=\"2022-12-21T10:14:45+00:00\" \/>\n<meta name=\"twitter:card\" content=\"summary_large_image\" \/>\n<meta name=\"twitter:site\" content=\"@ferrovial\" \/>\n<script type=\"application\/ld+json\" class=\"yoast-schema-graph\">{\"@context\":\"https:\/\/schema.org\",\"@graph\":[{\"@type\":\"WebPage\",\"@id\":\"https:\/\/newsroom.ferrovial.com\/es\/noticias\/la-rse-se-incorpora-a-clase\/\",\"url\":\"https:\/\/newsroom.ferrovial.com\/es\/noticias\/la-rse-se-incorpora-a-clase\/\",\"name\":\"La RSE se incorpora a clase Sala de prensa Ferrovial | \u00daltimas noticias\",\"isPartOf\":{\"@id\":\"https:\/\/newsroom.ferrovial.com\/es\/#website\"},\"datePublished\":\"2007-11-08T00:00:00+00:00\",\"dateModified\":\"2022-12-21T10:14:45+00:00\",\"description\":\"Sala de prensa Ferrovial | \u00daltimas noticias\",\"breadcrumb\":{\"@id\":\"https:\/\/newsroom.ferrovial.com\/es\/noticias\/la-rse-se-incorpora-a-clase\/#breadcrumb\"},\"inLanguage\":\"es\",\"potentialAction\":[{\"@type\":\"ReadAction\",\"target\":[\"https:\/\/newsroom.ferrovial.com\/es\/noticias\/la-rse-se-incorpora-a-clase\/\"]}]},{\"@type\":\"BreadcrumbList\",\"@id\":\"https:\/\/newsroom.ferrovial.com\/es\/noticias\/la-rse-se-incorpora-a-clase\/#breadcrumb\",\"itemListElement\":[{\"@type\":\"ListItem\",\"position\":1,\"name\":\"Portada\",\"item\":\"https:\/\/newsroom.ferrovial.com\/es\/\"},{\"@type\":\"ListItem\",\"position\":2,\"name\":\"La RSE se incorpora a clase\"}]},{\"@type\":\"WebSite\",\"@id\":\"https:\/\/newsroom.ferrovial.com\/es\/#website\",\"url\":\"https:\/\/newsroom.ferrovial.com\/es\/\",\"name\":\"Sala de prensa Ferrovial | \u00daltimas noticias\",\"description\":\"Sala de prensa Ferrovial | \u00daltimas noticias\",\"publisher\":{\"@id\":\"https:\/\/newsroom.ferrovial.com\/es\/#organization\"},\"potentialAction\":[{\"@type\":\"SearchAction\",\"target\":{\"@type\":\"EntryPoint\",\"urlTemplate\":\"https:\/\/newsroom.ferrovial.com\/es\/?s={search_term_string}\"},\"query-input\":{\"@type\":\"PropertyValueSpecification\",\"valueRequired\":true,\"valueName\":\"search_term_string\"}}],\"inLanguage\":\"es\"},{\"@type\":\"Organization\",\"@id\":\"https:\/\/newsroom.ferrovial.com\/es\/#organization\",\"name\":\"Ferrovial S.A.\",\"url\":\"https:\/\/newsroom.ferrovial.com\/es\/\",\"logo\":{\"@type\":\"ImageObject\",\"inLanguage\":\"es\",\"@id\":\"https:\/\/newsroom.ferrovial.com\/es\/#\/schema\/logo\/image\/\",\"url\":\"https:\/\/static.newsroom.ferrovial.com\/wp-content\/uploads\/2018\/07\/15145720\/Ferrovial_Logotipo1.jpg\",\"contentUrl\":\"https:\/\/static.newsroom.ferrovial.com\/wp-content\/uploads\/2018\/07\/15145720\/Ferrovial_Logotipo1.jpg\",\"width\":600,\"height\":300,\"caption\":\"Ferrovial S.A.\"},\"image\":{\"@id\":\"https:\/\/newsroom.ferrovial.com\/es\/#\/schema\/logo\/image\/\"},\"sameAs\":[\"https:\/\/www.facebook.com\/ferrovial\",\"https:\/\/x.com\/ferrovial\",\"https:\/\/www.instagram.com\/ferrovial\/\",\"https:\/\/www.linkedin.com\/company\/ferrovial\",\"https:\/\/www.pinterest.es\/ferrovial\/\",\"https:\/\/www.youtube.com\/ferrovial\",\"https:\/\/en.wikipedia.org\/wiki\/Ferrovial\"]}]}<\/script>","yoast_head_json":{"title":"La RSE se incorpora a clase Sala de prensa Ferrovial | \u00daltimas noticias","description":"Sala de prensa Ferrovial | \u00daltimas noticias","robots":{"index":"index","follow":"follow","max-snippet":"max-snippet:-1","max-image-preview":"max-image-preview:large","max-video-preview":"max-video-preview:-1"},"canonical":"https:\/\/newsroom.ferrovial.com\/es\/noticias\/la-rse-se-incorpora-a-clase\/","og_locale":"es_ES","og_type":"article","og_title":"La RSE se incorpora a clase Sala de prensa Ferrovial | \u00daltimas noticias","og_description":"Sala de prensa Ferrovial | \u00daltimas noticias","og_url":"https:\/\/newsroom.ferrovial.com\/es\/noticias\/la-rse-se-incorpora-a-clase\/","og_site_name":"Sala de prensa Ferrovial | \u00daltimas noticias","article_publisher":"https:\/\/www.facebook.com\/ferrovial","article_modified_time":"2022-12-21T10:14:45+00:00","twitter_card":"summary_large_image","twitter_site":"@ferrovial","schema":{"@context":"https:\/\/schema.org","@graph":[{"@type":"WebPage","@id":"https:\/\/newsroom.ferrovial.com\/es\/noticias\/la-rse-se-incorpora-a-clase\/","url":"https:\/\/newsroom.ferrovial.com\/es\/noticias\/la-rse-se-incorpora-a-clase\/","name":"La RSE se incorpora a clase Sala de prensa Ferrovial | \u00daltimas noticias","isPartOf":{"@id":"https:\/\/newsroom.ferrovial.com\/es\/#website"},"datePublished":"2007-11-08T00:00:00+00:00","dateModified":"2022-12-21T10:14:45+00:00","description":"Sala de prensa Ferrovial | \u00daltimas noticias","breadcrumb":{"@id":"https:\/\/newsroom.ferrovial.com\/es\/noticias\/la-rse-se-incorpora-a-clase\/#breadcrumb"},"inLanguage":"es","potentialAction":[{"@type":"ReadAction","target":["https:\/\/newsroom.ferrovial.com\/es\/noticias\/la-rse-se-incorpora-a-clase\/"]}]},{"@type":"BreadcrumbList","@id":"https:\/\/newsroom.ferrovial.com\/es\/noticias\/la-rse-se-incorpora-a-clase\/#breadcrumb","itemListElement":[{"@type":"ListItem","position":1,"name":"Portada","item":"https:\/\/newsroom.ferrovial.com\/es\/"},{"@type":"ListItem","position":2,"name":"La RSE se incorpora a clase"}]},{"@type":"WebSite","@id":"https:\/\/newsroom.ferrovial.com\/es\/#website","url":"https:\/\/newsroom.ferrovial.com\/es\/","name":"Sala de prensa Ferrovial | \u00daltimas noticias","description":"Sala de prensa Ferrovial | \u00daltimas noticias","publisher":{"@id":"https:\/\/newsroom.ferrovial.com\/es\/#organization"},"potentialAction":[{"@type":"SearchAction","target":{"@type":"EntryPoint","urlTemplate":"https:\/\/newsroom.ferrovial.com\/es\/?s={search_term_string}"},"query-input":{"@type":"PropertyValueSpecification","valueRequired":true,"valueName":"search_term_string"}}],"inLanguage":"es"},{"@type":"Organization","@id":"https:\/\/newsroom.ferrovial.com\/es\/#organization","name":"Ferrovial S.A.","url":"https:\/\/newsroom.ferrovial.com\/es\/","logo":{"@type":"ImageObject","inLanguage":"es","@id":"https:\/\/newsroom.ferrovial.com\/es\/#\/schema\/logo\/image\/","url":"https:\/\/static.newsroom.ferrovial.com\/wp-content\/uploads\/2018\/07\/15145720\/Ferrovial_Logotipo1.jpg","contentUrl":"https:\/\/static.newsroom.ferrovial.com\/wp-content\/uploads\/2018\/07\/15145720\/Ferrovial_Logotipo1.jpg","width":600,"height":300,"caption":"Ferrovial S.A."},"image":{"@id":"https:\/\/newsroom.ferrovial.com\/es\/#\/schema\/logo\/image\/"},"sameAs":["https:\/\/www.facebook.com\/ferrovial","https:\/\/x.com\/ferrovial","https:\/\/www.instagram.com\/ferrovial\/","https:\/\/www.linkedin.com\/company\/ferrovial","https:\/\/www.pinterest.es\/ferrovial\/","https:\/\/www.youtube.com\/ferrovial","https:\/\/en.wikipedia.org\/wiki\/Ferrovial"]}]}},"_links":{"self":[{"href":"https:\/\/newsroom.ferrovial.com\/es\/wp-json\/wp\/v2\/new\/1998","targetHints":{"allow":["GET"]}}],"collection":[{"href":"https:\/\/newsroom.ferrovial.com\/es\/wp-json\/wp\/v2\/new"}],"about":[{"href":"https:\/\/newsroom.ferrovial.com\/es\/wp-json\/wp\/v2\/types\/new"}],"replies":[{"embeddable":true,"href":"https:\/\/newsroom.ferrovial.com\/es\/wp-json\/wp\/v2\/comments?post=1998"}],"version-history":[{"count":1,"href":"https:\/\/newsroom.ferrovial.com\/es\/wp-json\/wp\/v2\/new\/1998\/revisions"}],"predecessor-version":[{"id":118871,"href":"https:\/\/newsroom.ferrovial.com\/es\/wp-json\/wp\/v2\/new\/1998\/revisions\/118871"}],"wp:attachment":[{"href":"https:\/\/newsroom.ferrovial.com\/es\/wp-json\/wp\/v2\/media?parent=1998"}],"wp:term":[{"taxonomy":"nivel-2","embeddable":true,"href":"https:\/\/newsroom.ferrovial.com\/es\/wp-json\/wp\/v2\/nivel-2?post=1998"},{"taxonomy":"nivel-5","embeddable":true,"href":"https:\/\/newsroom.ferrovial.com\/es\/wp-json\/wp\/v2\/nivel-5?post=1998"},{"taxonomy":"nivel-1","embeddable":true,"href":"https:\/\/newsroom.ferrovial.com\/es\/wp-json\/wp\/v2\/nivel-1?post=1998"},{"taxonomy":"nivel-3","embeddable":true,"href":"https:\/\/newsroom.ferrovial.com\/es\/wp-json\/wp\/v2\/nivel-3?post=1998"},{"taxonomy":"nivel-4","embeddable":true,"href":"https:\/\/newsroom.ferrovial.com\/es\/wp-json\/wp\/v2\/nivel-4?post=1998"}],"curies":[{"name":"wp","href":"https:\/\/api.w.org\/{rel}","templated":true}]}}

<section class="wysiwyg text-editor " id="">
        <div class="container container--narrow container--p-10">
            <p>(<a title="" href="http://www.expansion.com/"><span style="text-decoration: underline;">Expansión</span></a>).- La nueva asignatura de Educación para la Ciudadanía podría incluir la responsabilidad social de las empresas (RSE). La Real Academia de Ciencias Económicas y Financieras (Racef) ha recibido una propuesta para colaborar con el Ministerio de Educación y añadir en el temario de esta asignatura un párrafo que defina adecuadamente la responsabilidad social empresarial, según el presidente de la sección de Ciencias Económico-Contables y Financieras de la Academia, Aldo Olcese.</p>
<p>Ya el pasado lunes, el diputado socialista Ramón Jáuregui, uno de los responsables en el Congreso de la subcomisión de RSE, consideró la responsabilidad social como una cultura que, por supuesto, tiene que ir a las universidades, e incluso debería incorporarse a esta asignatura.</p>
<p>La Racef, que preside Jaime Gil Aluja, ha presentado el trabajo La Responsabilidad Social de la Empresa. Propuesta para una Nueva Economía de la Empresa Responsable y Sostenible, un estudio dirigido por Olcese con la participación de más de 120 expertos de la empresa, las instituciones y el mundo académico.</p>
<p>Uno de sus objetivos es establecer un cuerpo de doctrina para un libro de texto destinado a la nueva asignatura universitaria Economía de la empresa responsable y sostenible, cuya creación se propondrá a las autoridades académicas. Ya se ha acordado, con la editorial McGraw-Hill, una edición comercial del libro para su distribución en España y varios países iberoamericanos.</p>
        </div>
    </section>

<title>La RSE se incorpora a clase Sala de prensa Ferrovial | Últimas noticias</title>
<meta name="description" content="Sala de prensa Ferrovial | Últimas noticias" />
<meta name="robots" content="index, follow, max-snippet:-1, max-image-preview:large, max-video-preview:-1" />
<link rel="canonical" href="https://newsroom.ferrovial.com/es/noticias/la-rse-se-incorpora-a-clase/" />
<meta property="og:locale" content="es_ES" />
<meta property="og:type" content="article" />
<meta property="og:title" content="La RSE se incorpora a clase Sala de prensa Ferrovial | Últimas noticias" />
<meta property="og:description" content="Sala de prensa Ferrovial | Últimas noticias" />
<meta property="og:url" content="https://newsroom.ferrovial.com/es/noticias/la-rse-se-incorpora-a-clase/" />
<meta property="og:site_name" content="Sala de prensa Ferrovial | Últimas noticias" />
<meta property="article:publisher" content="https://www.facebook.com/ferrovial" />
<meta property="article:modified_time" content="2022-12-21T10:14:45+00:00" />
<meta name="twitter:card" content="summary_large_image" />
<meta name="twitter:site" content="@ferrovial" />
<script type="application/ld+json" class="yoast-schema-graph">{"@context":"https://schema.org","@graph":[{"@type":"WebPage","@id":"https://newsroom.ferrovial.com/es/noticias/la-rse-se-incorpora-a-clase/","url":"https://newsroom.ferrovial.com/es/noticias/la-rse-se-incorpora-a-clase/","name":"La RSE se incorpora a clase Sala de prensa Ferrovial | Últimas noticias","isPartOf":{"@id":"https://newsroom.ferrovial.com/es/#website"},"datePublished":"2007-11-08T00:00:00+00:00","dateModified":"2022-12-21T10:14:45+00:00","description":"Sala de prensa Ferrovial | Últimas noticias","breadcrumb":{"@id":"https://newsroom.ferrovial.com/es/noticias/la-rse-se-incorpora-a-clase/#breadcrumb"},"inLanguage":"es","potentialAction":[{"@type":"ReadAction","target":["https://newsroom.ferrovial.com/es/noticias/la-rse-se-incorpora-a-clase/"]}]},{"@type":"BreadcrumbList","@id":"https://newsroom.ferrovial.com/es/noticias/la-rse-se-incorpora-a-clase/#breadcrumb","itemListElement":[{"@type":"ListItem","position":1,"name":"Portada","item":"https://newsroom.ferrovial.com/es/"},{"@type":"ListItem","position":2,"name":"La RSE se incorpora a clase"}]},{"@type":"WebSite","@id":"https://newsroom.ferrovial.com/es/#website","url":"https://newsroom.ferrovial.com/es/","name":"Sala de prensa Ferrovial | Últimas noticias","description":"Sala de prensa Ferrovial | Últimas noticias","publisher":{"@id":"https://newsroom.ferrovial.com/es/#organization"},"potentialAction":[{"@type":"SearchAction","target":{"@type":"EntryPoint","urlTemplate":"https://newsroom.ferrovial.com/es/?s={search_term_string}"},"query-input":{"@type":"PropertyValueSpecification","valueRequired":true,"valueName":"search_term_string"}}],"inLanguage":"es"},{"@type":"Organization","@id":"https://newsroom.ferrovial.com/es/#organization","name":"Ferrovial S.A.","url":"https://newsroom.ferrovial.com/es/","logo":{"@type":"ImageObject","inLanguage":"es","@id":"https://newsroom.ferrovial.com/es/#/schema/logo/image/","url":"https://static.newsroom.ferrovial.com/wp-content/uploads/2018/07/15145720/Ferrovial_Logotipo1.jpg","contentUrl":"https://static.newsroom.ferrovial.com/wp-content/uploads/2018/07/15145720/Ferrovial_Logotipo1.jpg","width":600,"height":300,"caption":"Ferrovial S.A."},"image":{"@id":"https://newsroom.ferrovial.com/es/#/schema/logo/image/"},"sameAs":["https://www.facebook.com/ferrovial","https://x.com/ferrovial","https://www.instagram.com/ferrovial/","https://www.linkedin.com/company/ferrovial","https://www.pinterest.es/ferrovial/","https://www.youtube.com/ferrovial","https://en.wikipedia.org/wiki/Ferrovial"]}]}</script>

La RSE se incorpora a clase Sala de prensa Ferrovial | Últimas noticias

Sala de prensa Ferrovial | Últimas noticias
