{"id":2007,"date":"2008-03-26T00:00:00","date_gmt":"2008-03-26T00:00:00","guid":{"rendered":"https:\/\/newsroom.ferrovial.com\/news\/la-ue-pide-informacion-del-proyecto-gran-escala-en-los-monegros\/"},"modified":"2022-12-21T11:04:13","modified_gmt":"2022-12-21T10:04:13","slug":"la-ue-pide-informacion-del-proyecto-gran-escala-en-los-monegros","status":"publish","type":"new","link":"https:\/\/newsroom.ferrovial.com\/es\/noticias\/la-ue-pide-informacion-del-proyecto-gran-escala-en-los-monegros\/","title":{"rendered":"La UE pide informaci\u00f3n del proyecto &#8216;Gran Escala&#8217; en los Monegros"},"content":{"rendered":"    <section class=\"wysiwyg text-editor \" id=\"\">\n        <div class=\"container container--narrow container--p-10\">\n            <p>La <strong>Comisi\u00f3n Europea<\/strong> ha pedido a Espa\u00f1a informaci\u00f3n sobre el <strong>proyecto de construcci\u00f3n del complejo de ocio &#8216;Gran Escala&#8217;<\/strong> en la comarca aragonesa de <strong>Los Monegros<\/strong> para garantizar que se respete la legislaci\u00f3n medioambiental comunitaria, seg\u00fan explic\u00f3 el comisario de Medio Ambiente, Stavros Dimas.<\/p>\n<p><strong>David Hammerstein<\/strong>, eurodiputado del grupo Verde, hab\u00eda denunciado que este proyecto urban\u00edstico vulnera la normativa de la <strong><strong>UE<\/strong><\/strong> en materia de medio ambiente ya que supone <strong>&#8216;construir una ciudad que se ha llamado popularmente Las Vegas II&#8217;<\/strong> en una zona &#8216;de gran valor ambiental protegido por la Red Natura 2000&#8217;.<\/p>\n<p>En su respuesta escrita, el comisario de Medio Ambiente asegur\u00f3 que el Ejecutivo comunitario conoce lo que ha publicado la prensa sobre el proyecto <strong>&#8216;Gran Escala&#8217;<\/strong> y es consciente del <strong>&#8216;gran valor ecol\u00f3gico de Los Monegros&#8217;<\/strong>.<\/p>\n<p><strong>&#8216;La Comisi\u00f3n<\/strong> se ha puesto en contacto con las autoridades espa\u00f1olas en relaci\u00f3n con la construcci\u00f3n de un complejo de ocio en el \u00e1rea de <strong>Los Monegros<\/strong> y ha pedido informaci\u00f3n sobre la actual situaci\u00f3n del proyecto y sobre las medidas que se han adoptado o que se adoptar\u00e1n&#8217; para respetar la legislaci\u00f3n comunitaria en materia de aves, h\u00e1bitats y evaluaci\u00f3n de impacto ambiental, explic\u00f3 Dimas.<\/p>\n<p>El responsable de Medio Ambiente resalt\u00f3 adem\u00e1s que Bruselas est\u00e1 financiando dos proyectos de conservaci\u00f3n de especies en peligro en la zona de <strong>Los Monegros<\/strong>. El primero consiste en la adaptaci\u00f3n del tendido el\u00e9ctrico para evitar la electrocuci\u00f3n de especies de aves protegidas. Este plan recibir\u00e1 1,2 millones de euros de fondos europeos.<\/p>\n<p>El segundo proyecto financiado por la <strong><strong>UE<\/strong><\/strong> en <strong>Los Monegros<\/strong> (329.000 euros) tiene como objetivo garantizar la protecci\u00f3n del h\u00e1bitat de nidificaci\u00f3n del cern\u00edcalo primilla.<\/p>\n<p>En su pregunta parlamentaria, el eurodiputado verde argumentaba que el proyecto urban\u00edstico <strong>&#8216;pone en peligro, incluso el Pirineo&#8217;<\/strong> aragon\u00e9s por el impacto de <strong>&#8216;la construcci\u00f3n de embalses para el suministro de agua al proyecto&#8217;<\/strong>, ya que \u00e9ste se asienta en una zona caracterizada por su <strong>&#8216;falta de recursos h\u00eddricos&#8217;<\/strong>.<\/p>\n<p>Dimas se\u00f1al\u00f3 que no tiene suficiente informaci\u00f3n para pronunciarse sobre este tema y reclama a Hammerstein que le presente m\u00e1s datos sobre los proyectos de regad\u00edo asociados al complejo <strong>&#8216;Gran Escala&#8217;<\/strong> y sobre la legislaci\u00f3n comunitaria que se ver\u00e1 afectada por estos regad\u00edos.<\/p>\n<p>EUROPA PRESS<\/p>\n        <\/div>\n    <\/section>\n","protected":false},"excerpt":{"rendered":"","protected":false},"featured_media":0,"menu_order":0,"comment_status":"closed","ping_status":"closed","template":"","nivel-2":[],"nivel-5":[],"nivel-1":[],"nivel-3":[],"nivel-4":[],"class_list":["post-2007","new","type-new","status-publish","hentry"],"acf":[],"yoast_head":"<title>La UE pide informaci\u00f3n del proyecto &#039;Gran Escala&#039; en los Monegros Sala de prensa Ferrovial | \u00daltimas noticias<\/title>\n<meta name=\"description\" content=\"Sala de prensa Ferrovial | \u00daltimas noticias\" \/>\n<meta name=\"robots\" content=\"index, follow, max-snippet:-1, max-image-preview:large, max-video-preview:-1\" \/>\n<link rel=\"canonical\" href=\"https:\/\/newsroom.ferrovial.com\/es\/noticias\/la-ue-pide-informacion-del-proyecto-gran-escala-en-los-monegros\/\" \/>\n<meta property=\"og:locale\" content=\"es_ES\" \/>\n<meta property=\"og:type\" content=\"article\" \/>\n<meta property=\"og:title\" content=\"La UE pide informaci\u00f3n del proyecto &#039;Gran Escala&#039; en los Monegros Sala de prensa Ferrovial | \u00daltimas noticias\" \/>\n<meta property=\"og:description\" content=\"Sala de prensa Ferrovial | \u00daltimas noticias\" \/>\n<meta property=\"og:url\" content=\"https:\/\/newsroom.ferrovial.com\/es\/noticias\/la-ue-pide-informacion-del-proyecto-gran-escala-en-los-monegros\/\" \/>\n<meta property=\"og:site_name\" content=\"Sala de prensa Ferrovial | \u00daltimas noticias\" \/>\n<meta property=\"article:publisher\" content=\"https:\/\/www.facebook.com\/ferrovial\" \/>\n<meta property=\"article:modified_time\" content=\"2022-12-21T10:04:13+00:00\" \/>\n<meta name=\"twitter:card\" content=\"summary_large_image\" \/>\n<meta name=\"twitter:site\" content=\"@ferrovial\" \/>\n<script type=\"application\/ld+json\" class=\"yoast-schema-graph\">{\"@context\":\"https:\/\/schema.org\",\"@graph\":[{\"@type\":\"WebPage\",\"@id\":\"https:\/\/newsroom.ferrovial.com\/es\/noticias\/la-ue-pide-informacion-del-proyecto-gran-escala-en-los-monegros\/\",\"url\":\"https:\/\/newsroom.ferrovial.com\/es\/noticias\/la-ue-pide-informacion-del-proyecto-gran-escala-en-los-monegros\/\",\"name\":\"La UE pide informaci\u00f3n del proyecto 'Gran Escala' en los Monegros Sala de prensa Ferrovial | \u00daltimas noticias\",\"isPartOf\":{\"@id\":\"https:\/\/newsroom.ferrovial.com\/es\/#website\"},\"datePublished\":\"2008-03-26T00:00:00+00:00\",\"dateModified\":\"2022-12-21T10:04:13+00:00\",\"description\":\"Sala de prensa Ferrovial | \u00daltimas noticias\",\"breadcrumb\":{\"@id\":\"https:\/\/newsroom.ferrovial.com\/es\/noticias\/la-ue-pide-informacion-del-proyecto-gran-escala-en-los-monegros\/#breadcrumb\"},\"inLanguage\":\"es\",\"potentialAction\":[{\"@type\":\"ReadAction\",\"target\":[\"https:\/\/newsroom.ferrovial.com\/es\/noticias\/la-ue-pide-informacion-del-proyecto-gran-escala-en-los-monegros\/\"]}]},{\"@type\":\"BreadcrumbList\",\"@id\":\"https:\/\/newsroom.ferrovial.com\/es\/noticias\/la-ue-pide-informacion-del-proyecto-gran-escala-en-los-monegros\/#breadcrumb\",\"itemListElement\":[{\"@type\":\"ListItem\",\"position\":1,\"name\":\"Portada\",\"item\":\"https:\/\/newsroom.ferrovial.com\/es\/\"},{\"@type\":\"ListItem\",\"position\":2,\"name\":\"La UE pide informaci\u00f3n del proyecto &#8216;Gran Escala&#8217; en los Monegros\"}]},{\"@type\":\"WebSite\",\"@id\":\"https:\/\/newsroom.ferrovial.com\/es\/#website\",\"url\":\"https:\/\/newsroom.ferrovial.com\/es\/\",\"name\":\"Sala de prensa Ferrovial | \u00daltimas noticias\",\"description\":\"Sala de prensa Ferrovial | \u00daltimas noticias\",\"publisher\":{\"@id\":\"https:\/\/newsroom.ferrovial.com\/es\/#organization\"},\"potentialAction\":[{\"@type\":\"SearchAction\",\"target\":{\"@type\":\"EntryPoint\",\"urlTemplate\":\"https:\/\/newsroom.ferrovial.com\/es\/?s={search_term_string}\"},\"query-input\":{\"@type\":\"PropertyValueSpecification\",\"valueRequired\":true,\"valueName\":\"search_term_string\"}}],\"inLanguage\":\"es\"},{\"@type\":\"Organization\",\"@id\":\"https:\/\/newsroom.ferrovial.com\/es\/#organization\",\"name\":\"Ferrovial S.A.\",\"url\":\"https:\/\/newsroom.ferrovial.com\/es\/\",\"logo\":{\"@type\":\"ImageObject\",\"inLanguage\":\"es\",\"@id\":\"https:\/\/newsroom.ferrovial.com\/es\/#\/schema\/logo\/image\/\",\"url\":\"https:\/\/static.newsroom.ferrovial.com\/wp-content\/uploads\/2018\/07\/15145720\/Ferrovial_Logotipo1.jpg\",\"contentUrl\":\"https:\/\/static.newsroom.ferrovial.com\/wp-content\/uploads\/2018\/07\/15145720\/Ferrovial_Logotipo1.jpg\",\"width\":600,\"height\":300,\"caption\":\"Ferrovial S.A.\"},\"image\":{\"@id\":\"https:\/\/newsroom.ferrovial.com\/es\/#\/schema\/logo\/image\/\"},\"sameAs\":[\"https:\/\/www.facebook.com\/ferrovial\",\"https:\/\/x.com\/ferrovial\",\"https:\/\/www.instagram.com\/ferrovial\/\",\"https:\/\/www.linkedin.com\/company\/ferrovial\",\"https:\/\/www.pinterest.es\/ferrovial\/\",\"https:\/\/www.youtube.com\/ferrovial\",\"https:\/\/en.wikipedia.org\/wiki\/Ferrovial\"]}]}<\/script>","yoast_head_json":{"title":"La UE pide informaci\u00f3n del proyecto 'Gran Escala' en los Monegros Sala de prensa Ferrovial | \u00daltimas noticias","description":"Sala de prensa Ferrovial | \u00daltimas noticias","robots":{"index":"index","follow":"follow","max-snippet":"max-snippet:-1","max-image-preview":"max-image-preview:large","max-video-preview":"max-video-preview:-1"},"canonical":"https:\/\/newsroom.ferrovial.com\/es\/noticias\/la-ue-pide-informacion-del-proyecto-gran-escala-en-los-monegros\/","og_locale":"es_ES","og_type":"article","og_title":"La UE pide informaci\u00f3n del proyecto 'Gran Escala' en los Monegros Sala de prensa Ferrovial | \u00daltimas noticias","og_description":"Sala de prensa Ferrovial | \u00daltimas noticias","og_url":"https:\/\/newsroom.ferrovial.com\/es\/noticias\/la-ue-pide-informacion-del-proyecto-gran-escala-en-los-monegros\/","og_site_name":"Sala de prensa Ferrovial | \u00daltimas noticias","article_publisher":"https:\/\/www.facebook.com\/ferrovial","article_modified_time":"2022-12-21T10:04:13+00:00","twitter_card":"summary_large_image","twitter_site":"@ferrovial","schema":{"@context":"https:\/\/schema.org","@graph":[{"@type":"WebPage","@id":"https:\/\/newsroom.ferrovial.com\/es\/noticias\/la-ue-pide-informacion-del-proyecto-gran-escala-en-los-monegros\/","url":"https:\/\/newsroom.ferrovial.com\/es\/noticias\/la-ue-pide-informacion-del-proyecto-gran-escala-en-los-monegros\/","name":"La UE pide informaci\u00f3n del proyecto 'Gran Escala' en los Monegros Sala de prensa Ferrovial | \u00daltimas noticias","isPartOf":{"@id":"https:\/\/newsroom.ferrovial.com\/es\/#website"},"datePublished":"2008-03-26T00:00:00+00:00","dateModified":"2022-12-21T10:04:13+00:00","description":"Sala de prensa Ferrovial | \u00daltimas noticias","breadcrumb":{"@id":"https:\/\/newsroom.ferrovial.com\/es\/noticias\/la-ue-pide-informacion-del-proyecto-gran-escala-en-los-monegros\/#breadcrumb"},"inLanguage":"es","potentialAction":[{"@type":"ReadAction","target":["https:\/\/newsroom.ferrovial.com\/es\/noticias\/la-ue-pide-informacion-del-proyecto-gran-escala-en-los-monegros\/"]}]},{"@type":"BreadcrumbList","@id":"https:\/\/newsroom.ferrovial.com\/es\/noticias\/la-ue-pide-informacion-del-proyecto-gran-escala-en-los-monegros\/#breadcrumb","itemListElement":[{"@type":"ListItem","position":1,"name":"Portada","item":"https:\/\/newsroom.ferrovial.com\/es\/"},{"@type":"ListItem","position":2,"name":"La UE pide informaci\u00f3n del proyecto &#8216;Gran Escala&#8217; en los Monegros"}]},{"@type":"WebSite","@id":"https:\/\/newsroom.ferrovial.com\/es\/#website","url":"https:\/\/newsroom.ferrovial.com\/es\/","name":"Sala de prensa Ferrovial | \u00daltimas noticias","description":"Sala de prensa Ferrovial | \u00daltimas noticias","publisher":{"@id":"https:\/\/newsroom.ferrovial.com\/es\/#organization"},"potentialAction":[{"@type":"SearchAction","target":{"@type":"EntryPoint","urlTemplate":"https:\/\/newsroom.ferrovial.com\/es\/?s={search_term_string}"},"query-input":{"@type":"PropertyValueSpecification","valueRequired":true,"valueName":"search_term_string"}}],"inLanguage":"es"},{"@type":"Organization","@id":"https:\/\/newsroom.ferrovial.com\/es\/#organization","name":"Ferrovial S.A.","url":"https:\/\/newsroom.ferrovial.com\/es\/","logo":{"@type":"ImageObject","inLanguage":"es","@id":"https:\/\/newsroom.ferrovial.com\/es\/#\/schema\/logo\/image\/","url":"https:\/\/static.newsroom.ferrovial.com\/wp-content\/uploads\/2018\/07\/15145720\/Ferrovial_Logotipo1.jpg","contentUrl":"https:\/\/static.newsroom.ferrovial.com\/wp-content\/uploads\/2018\/07\/15145720\/Ferrovial_Logotipo1.jpg","width":600,"height":300,"caption":"Ferrovial S.A."},"image":{"@id":"https:\/\/newsroom.ferrovial.com\/es\/#\/schema\/logo\/image\/"},"sameAs":["https:\/\/www.facebook.com\/ferrovial","https:\/\/x.com\/ferrovial","https:\/\/www.instagram.com\/ferrovial\/","https:\/\/www.linkedin.com\/company\/ferrovial","https:\/\/www.pinterest.es\/ferrovial\/","https:\/\/www.youtube.com\/ferrovial","https:\/\/en.wikipedia.org\/wiki\/Ferrovial"]}]}},"_links":{"self":[{"href":"https:\/\/newsroom.ferrovial.com\/es\/wp-json\/wp\/v2\/new\/2007","targetHints":{"allow":["GET"]}}],"collection":[{"href":"https:\/\/newsroom.ferrovial.com\/es\/wp-json\/wp\/v2\/new"}],"about":[{"href":"https:\/\/newsroom.ferrovial.com\/es\/wp-json\/wp\/v2\/types\/new"}],"replies":[{"embeddable":true,"href":"https:\/\/newsroom.ferrovial.com\/es\/wp-json\/wp\/v2\/comments?post=2007"}],"version-history":[{"count":1,"href":"https:\/\/newsroom.ferrovial.com\/es\/wp-json\/wp\/v2\/new\/2007\/revisions"}],"predecessor-version":[{"id":118615,"href":"https:\/\/newsroom.ferrovial.com\/es\/wp-json\/wp\/v2\/new\/2007\/revisions\/118615"}],"wp:attachment":[{"href":"https:\/\/newsroom.ferrovial.com\/es\/wp-json\/wp\/v2\/media?parent=2007"}],"wp:term":[{"taxonomy":"nivel-2","embeddable":true,"href":"https:\/\/newsroom.ferrovial.com\/es\/wp-json\/wp\/v2\/nivel-2?post=2007"},{"taxonomy":"nivel-5","embeddable":true,"href":"https:\/\/newsroom.ferrovial.com\/es\/wp-json\/wp\/v2\/nivel-5?post=2007"},{"taxonomy":"nivel-1","embeddable":true,"href":"https:\/\/newsroom.ferrovial.com\/es\/wp-json\/wp\/v2\/nivel-1?post=2007"},{"taxonomy":"nivel-3","embeddable":true,"href":"https:\/\/newsroom.ferrovial.com\/es\/wp-json\/wp\/v2\/nivel-3?post=2007"},{"taxonomy":"nivel-4","embeddable":true,"href":"https:\/\/newsroom.ferrovial.com\/es\/wp-json\/wp\/v2\/nivel-4?post=2007"}],"curies":[{"name":"wp","href":"https:\/\/api.w.org\/{rel}","templated":true}]}}

La UE pide información del proyecto &#8216;Gran Escala&#8217; en los Monegros

<section class="wysiwyg text-editor " id="">
        <div class="container container--narrow container--p-10">
            <p>La <strong>Comisión Europea</strong> ha pedido a España información sobre el <strong>proyecto de construcción del complejo de ocio &#8216;Gran Escala&#8217;</strong> en la comarca aragonesa de <strong>Los Monegros</strong> para garantizar que se respete la legislación medioambiental comunitaria, según explicó el comisario de Medio Ambiente, Stavros Dimas.</p>
<p><strong>David Hammerstein</strong>, eurodiputado del grupo Verde, había denunciado que este proyecto urbanístico vulnera la normativa de la <strong><strong>UE</strong></strong> en materia de medio ambiente ya que supone <strong>&#8216;construir una ciudad que se ha llamado popularmente Las Vegas II&#8217;</strong> en una zona &#8216;de gran valor ambiental protegido por la Red Natura 2000&#8217;.</p>
<p>En su respuesta escrita, el comisario de Medio Ambiente aseguró que el Ejecutivo comunitario conoce lo que ha publicado la prensa sobre el proyecto <strong>&#8216;Gran Escala&#8217;</strong> y es consciente del <strong>&#8216;gran valor ecológico de Los Monegros&#8217;</strong>.</p>
<p><strong>&#8216;La Comisión</strong> se ha puesto en contacto con las autoridades españolas en relación con la construcción de un complejo de ocio en el área de <strong>Los Monegros</strong> y ha pedido información sobre la actual situación del proyecto y sobre las medidas que se han adoptado o que se adoptarán&#8217; para respetar la legislación comunitaria en materia de aves, hábitats y evaluación de impacto ambiental, explicó Dimas.</p>
<p>El responsable de Medio Ambiente resaltó además que Bruselas está financiando dos proyectos de conservación de especies en peligro en la zona de <strong>Los Monegros</strong>. El primero consiste en la adaptación del tendido eléctrico para evitar la electrocución de especies de aves protegidas. Este plan recibirá 1,2 millones de euros de fondos europeos.</p>
<p>El segundo proyecto financiado por la <strong><strong>UE</strong></strong> en <strong>Los Monegros</strong> (329.000 euros) tiene como objetivo garantizar la protección del hábitat de nidificación del cernícalo primilla.</p>
<p>En su pregunta parlamentaria, el eurodiputado verde argumentaba que el proyecto urbanístico <strong>&#8216;pone en peligro, incluso el Pirineo&#8217;</strong> aragonés por el impacto de <strong>&#8216;la construcción de embalses para el suministro de agua al proyecto&#8217;</strong>, ya que éste se asienta en una zona caracterizada por su <strong>&#8216;falta de recursos hídricos&#8217;</strong>.</p>
<p>Dimas señaló que no tiene suficiente información para pronunciarse sobre este tema y reclama a Hammerstein que le presente más datos sobre los proyectos de regadío asociados al complejo <strong>&#8216;Gran Escala&#8217;</strong> y sobre la legislación comunitaria que se verá afectada por estos regadíos.</p>
<p>EUROPA PRESS</p>
        </div>
    </section>

<title>La UE pide información del proyecto &#039;Gran Escala&#039; en los Monegros Sala de prensa Ferrovial | Últimas noticias</title>
<meta name="description" content="Sala de prensa Ferrovial | Últimas noticias" />
<meta name="robots" content="index, follow, max-snippet:-1, max-image-preview:large, max-video-preview:-1" />
<link rel="canonical" href="https://newsroom.ferrovial.com/es/noticias/la-ue-pide-informacion-del-proyecto-gran-escala-en-los-monegros/" />
<meta property="og:locale" content="es_ES" />
<meta property="og:type" content="article" />
<meta property="og:title" content="La UE pide información del proyecto &#039;Gran Escala&#039; en los Monegros Sala de prensa Ferrovial | Últimas noticias" />
<meta property="og:description" content="Sala de prensa Ferrovial | Últimas noticias" />
<meta property="og:url" content="https://newsroom.ferrovial.com/es/noticias/la-ue-pide-informacion-del-proyecto-gran-escala-en-los-monegros/" />
<meta property="og:site_name" content="Sala de prensa Ferrovial | Últimas noticias" />
<meta property="article:publisher" content="https://www.facebook.com/ferrovial" />
<meta property="article:modified_time" content="2022-12-21T10:04:13+00:00" />
<meta name="twitter:card" content="summary_large_image" />
<meta name="twitter:site" content="@ferrovial" />
<script type="application/ld+json" class="yoast-schema-graph">{"@context":"https://schema.org","@graph":[{"@type":"WebPage","@id":"https://newsroom.ferrovial.com/es/noticias/la-ue-pide-informacion-del-proyecto-gran-escala-en-los-monegros/","url":"https://newsroom.ferrovial.com/es/noticias/la-ue-pide-informacion-del-proyecto-gran-escala-en-los-monegros/","name":"La UE pide información del proyecto 'Gran Escala' en los Monegros Sala de prensa Ferrovial | Últimas noticias","isPartOf":{"@id":"https://newsroom.ferrovial.com/es/#website"},"datePublished":"2008-03-26T00:00:00+00:00","dateModified":"2022-12-21T10:04:13+00:00","description":"Sala de prensa Ferrovial | Últimas noticias","breadcrumb":{"@id":"https://newsroom.ferrovial.com/es/noticias/la-ue-pide-informacion-del-proyecto-gran-escala-en-los-monegros/#breadcrumb"},"inLanguage":"es","potentialAction":[{"@type":"ReadAction","target":["https://newsroom.ferrovial.com/es/noticias/la-ue-pide-informacion-del-proyecto-gran-escala-en-los-monegros/"]}]},{"@type":"BreadcrumbList","@id":"https://newsroom.ferrovial.com/es/noticias/la-ue-pide-informacion-del-proyecto-gran-escala-en-los-monegros/#breadcrumb","itemListElement":[{"@type":"ListItem","position":1,"name":"Portada","item":"https://newsroom.ferrovial.com/es/"},{"@type":"ListItem","position":2,"name":"La UE pide información del proyecto &#8216;Gran Escala&#8217; en los Monegros"}]},{"@type":"WebSite","@id":"https://newsroom.ferrovial.com/es/#website","url":"https://newsroom.ferrovial.com/es/","name":"Sala de prensa Ferrovial | Últimas noticias","description":"Sala de prensa Ferrovial | Últimas noticias","publisher":{"@id":"https://newsroom.ferrovial.com/es/#organization"},"potentialAction":[{"@type":"SearchAction","target":{"@type":"EntryPoint","urlTemplate":"https://newsroom.ferrovial.com/es/?s={search_term_string}"},"query-input":{"@type":"PropertyValueSpecification","valueRequired":true,"valueName":"search_term_string"}}],"inLanguage":"es"},{"@type":"Organization","@id":"https://newsroom.ferrovial.com/es/#organization","name":"Ferrovial S.A.","url":"https://newsroom.ferrovial.com/es/","logo":{"@type":"ImageObject","inLanguage":"es","@id":"https://newsroom.ferrovial.com/es/#/schema/logo/image/","url":"https://static.newsroom.ferrovial.com/wp-content/uploads/2018/07/15145720/Ferrovial_Logotipo1.jpg","contentUrl":"https://static.newsroom.ferrovial.com/wp-content/uploads/2018/07/15145720/Ferrovial_Logotipo1.jpg","width":600,"height":300,"caption":"Ferrovial S.A."},"image":{"@id":"https://newsroom.ferrovial.com/es/#/schema/logo/image/"},"sameAs":["https://www.facebook.com/ferrovial","https://x.com/ferrovial","https://www.instagram.com/ferrovial/","https://www.linkedin.com/company/ferrovial","https://www.pinterest.es/ferrovial/","https://www.youtube.com/ferrovial","https://en.wikipedia.org/wiki/Ferrovial"]}]}</script>

La UE pide información del proyecto 'Gran Escala' en los Monegros Sala de prensa Ferrovial | Últimas noticias

Sala de prensa Ferrovial | Últimas noticias
