{"id":2015,"date":"2013-06-17T00:00:00","date_gmt":"2013-06-17T00:00:00","guid":{"rendered":"https:\/\/newsroom.ferrovial.com\/news\/terminal-2-ha-sido-nombrada-the-queens-terminal\/"},"modified":"2022-12-21T10:28:47","modified_gmt":"2022-12-21T09:28:47","slug":"terminal-2-ha-sido-nombrada-the-queens-terminal","status":"publish","type":"new","link":"https:\/\/newsroom.ferrovial.com\/es\/noticias\/terminal-2-ha-sido-nombrada-the-queens-terminal\/","title":{"rendered":"La Terminal 2 ha sido nombrada \u00abThe Queen&#8217;s Terminal\u00bb"},"content":{"rendered":"    <section class=\"wysiwyg text-editor \" id=\"\">\n        <div class=\"container container--narrow container--p-10\">\n            <p><strong><img loading=\"lazy\" decoding=\"async\" class=\"aligncenter\" title=\"La Terminal 2 de Heathrow\" src=\"\/wp-content\/uploads\/noticias\/heathrowt2queensterminal.png\" alt=\"La Terminal 2 de Heathrow\" width=\"540\" height=\"151\" \/><\/strong><\/p>\n<p><strong>Heathrow<\/strong> ha anunciado que su nueva <strong>Terminal 2<\/strong> ser\u00e1 conocida como <a title=\"La Reina Isabel II inaugura la \u201cQueen\u2019s Terminal\u201d del Aeropuerto de Heathrow\" href=\"https:\/\/newsroom.ferrovial.com\/es\/noticias\/reina-isabel-terminal-aeropuerto-heathrow\/\" target=\"_blank\">Terminal 2: The Queen\u00b4s Terminal&#8217;<\/a>, en honor a Su Majestad, la Reina Elizabeth II de Inglaterra.<\/p>\n<p>La nueva Terminal 2 del <strong><a title=\"Aeropuerto de Heathrow\" href=\"https:\/\/www.ferrovial.com\/es\/proyectos\/aeropuerto-de-heathrow\/\" target=\"_blank\">Aeropuerto de\u00a0Heathrow<\/a>\u00a0<\/strong><strong>\u00a0<\/strong>se inaugurar\u00e1 el 4 de junio de 2014, casi sesenta a\u00f1os despu\u00e9s de que la Reina inaugurara la Terminal 2 original, en 1955. El nuevo nombre de la Terminal fue una propuesta del equipo de Heathrow al Palacio de Buckingham para celebrar la larga asociaci\u00f3n de Su Majestad con el aeropuerto y la reina ha aceptado dar su nombre a la nueva terminal.<\/p>\n<p>John Holland-Kaye, Director de Desarrollo de Heathrow, ha se\u00f1alado que \u00abla Reina Elizabeth II inaugur\u00f3 la Terminal 2 original hace m\u00e1s de medio siglo, y ahora estamos encantados de que Su Majestad haya accedido amablemente a dar su nombre a la nueva Terminal 2. Todo el mundo en Heathrow se siente sumamente orgulloso de nuestra dilatada asociaci\u00f3n con la Reina y sabemos que la nueva Terminal 2 supondr\u00e1 una continuaci\u00f3n de esa tradici\u00f3n\u00bb.<\/p>\n<p>En su discurso de 1955 cuando la Reina inaugur\u00f3 la terminal original se\u00f1al\u00f3 con gran visi\u00f3n de futuro que \u00abcualquier evoluci\u00f3n que el transporte a\u00e9reo sufra en el futuro, y estamos seguros de que quedan por delante impresionantes cambios, el aeropuerto de Londres seguir\u00e1n creciendo en importancia como uno de los centros mundiales de tr\u00e1fico a\u00e9reo\u00bb.<\/p>\n<p>Est\u00e1 previsto que la terminal se termine por completo en noviembre de 2013 y, desde esa fecha hasta junio, contar\u00e1 con seis meses de pruebas. En el momento en que la terminal se abra, se someter\u00e1 a 182 ensayos y pasar\u00e1n por ella 14.000 personas, y una vez que est\u00e9 a pleno rendimiento, dos tercios de los pasajeros de Heathrow viajar\u00e1n por sus nuevas terminales y el resto de instalaciones.<\/p>\n        <\/div>\n    <\/section>\n","protected":false},"excerpt":{"rendered":"","protected":false},"featured_media":0,"menu_order":0,"comment_status":"closed","ping_status":"closed","template":"","nivel-2":[2190,2235,2218,987,2234,2206,2091],"nivel-5":[2247],"nivel-1":[893],"nivel-3":[1264],"nivel-4":[],"class_list":["post-2015","new","type-new","status-publish","hentry","nivel-2-aereo","nivel-2-inauguraciones","nivel-2-infraestructura-aeroportuaria","nivel-2-infraestructuras","nivel-2-instalaciones","nivel-2-obras","nivel-2-proyectos","nivel-5-aeropuerto-de-heathrow","nivel-1-aeropuertos","nivel-3-reino-unido"],"acf":[],"yoast_head":"<title>La Terminal 2 ha sido nombrada &quot;The Queen&#039;s Terminal&quot; Sala de prensa Ferrovial | \u00daltimas noticias<\/title>\n<meta name=\"description\" content=\"Sala de prensa Ferrovial | \u00daltimas noticias\" \/>\n<meta name=\"robots\" content=\"index, follow, max-snippet:-1, max-image-preview:large, max-video-preview:-1\" \/>\n<link rel=\"canonical\" href=\"https:\/\/newsroom.ferrovial.com\/es\/noticias\/terminal-2-ha-sido-nombrada-the-queens-terminal\/\" \/>\n<meta property=\"og:locale\" content=\"es_ES\" \/>\n<meta property=\"og:type\" content=\"article\" \/>\n<meta property=\"og:title\" content=\"La Terminal 2 ha sido nombrada &quot;The Queen&#039;s Terminal&quot; Sala de prensa Ferrovial | \u00daltimas noticias\" \/>\n<meta property=\"og:description\" content=\"Sala de prensa Ferrovial | \u00daltimas noticias\" \/>\n<meta property=\"og:url\" content=\"https:\/\/newsroom.ferrovial.com\/es\/noticias\/terminal-2-ha-sido-nombrada-the-queens-terminal\/\" \/>\n<meta property=\"og:site_name\" content=\"Sala de prensa Ferrovial | \u00daltimas noticias\" \/>\n<meta property=\"article:publisher\" content=\"https:\/\/www.facebook.com\/ferrovial\" \/>\n<meta property=\"article:modified_time\" content=\"2022-12-21T09:28:47+00:00\" \/>\n<meta name=\"twitter:card\" content=\"summary_large_image\" \/>\n<meta name=\"twitter:site\" content=\"@ferrovial\" \/>\n<script type=\"application\/ld+json\" class=\"yoast-schema-graph\">{\"@context\":\"https:\/\/schema.org\",\"@graph\":[{\"@type\":\"WebPage\",\"@id\":\"https:\/\/newsroom.ferrovial.com\/es\/noticias\/terminal-2-ha-sido-nombrada-the-queens-terminal\/\",\"url\":\"https:\/\/newsroom.ferrovial.com\/es\/noticias\/terminal-2-ha-sido-nombrada-the-queens-terminal\/\",\"name\":\"La Terminal 2 ha sido nombrada \\\"The Queen's Terminal\\\" Sala de prensa Ferrovial | \u00daltimas noticias\",\"isPartOf\":{\"@id\":\"https:\/\/newsroom.ferrovial.com\/es\/#website\"},\"datePublished\":\"2013-06-17T00:00:00+00:00\",\"dateModified\":\"2022-12-21T09:28:47+00:00\",\"description\":\"Sala de prensa Ferrovial | \u00daltimas noticias\",\"breadcrumb\":{\"@id\":\"https:\/\/newsroom.ferrovial.com\/es\/noticias\/terminal-2-ha-sido-nombrada-the-queens-terminal\/#breadcrumb\"},\"inLanguage\":\"es\",\"potentialAction\":[{\"@type\":\"ReadAction\",\"target\":[\"https:\/\/newsroom.ferrovial.com\/es\/noticias\/terminal-2-ha-sido-nombrada-the-queens-terminal\/\"]}]},{\"@type\":\"BreadcrumbList\",\"@id\":\"https:\/\/newsroom.ferrovial.com\/es\/noticias\/terminal-2-ha-sido-nombrada-the-queens-terminal\/#breadcrumb\",\"itemListElement\":[{\"@type\":\"ListItem\",\"position\":1,\"name\":\"Portada\",\"item\":\"https:\/\/newsroom.ferrovial.com\/es\/\"},{\"@type\":\"ListItem\",\"position\":2,\"name\":\"La Terminal 2 ha sido nombrada \u00abThe Queen&#8217;s Terminal\u00bb\"}]},{\"@type\":\"WebSite\",\"@id\":\"https:\/\/newsroom.ferrovial.com\/es\/#website\",\"url\":\"https:\/\/newsroom.ferrovial.com\/es\/\",\"name\":\"Sala de prensa Ferrovial | \u00daltimas noticias\",\"description\":\"Sala de prensa Ferrovial | \u00daltimas noticias\",\"publisher\":{\"@id\":\"https:\/\/newsroom.ferrovial.com\/es\/#organization\"},\"potentialAction\":[{\"@type\":\"SearchAction\",\"target\":{\"@type\":\"EntryPoint\",\"urlTemplate\":\"https:\/\/newsroom.ferrovial.com\/es\/?s={search_term_string}\"},\"query-input\":{\"@type\":\"PropertyValueSpecification\",\"valueRequired\":true,\"valueName\":\"search_term_string\"}}],\"inLanguage\":\"es\"},{\"@type\":\"Organization\",\"@id\":\"https:\/\/newsroom.ferrovial.com\/es\/#organization\",\"name\":\"Ferrovial S.A.\",\"url\":\"https:\/\/newsroom.ferrovial.com\/es\/\",\"logo\":{\"@type\":\"ImageObject\",\"inLanguage\":\"es\",\"@id\":\"https:\/\/newsroom.ferrovial.com\/es\/#\/schema\/logo\/image\/\",\"url\":\"https:\/\/static.newsroom.ferrovial.com\/wp-content\/uploads\/2018\/07\/15145720\/Ferrovial_Logotipo1.jpg\",\"contentUrl\":\"https:\/\/static.newsroom.ferrovial.com\/wp-content\/uploads\/2018\/07\/15145720\/Ferrovial_Logotipo1.jpg\",\"width\":600,\"height\":300,\"caption\":\"Ferrovial S.A.\"},\"image\":{\"@id\":\"https:\/\/newsroom.ferrovial.com\/es\/#\/schema\/logo\/image\/\"},\"sameAs\":[\"https:\/\/www.facebook.com\/ferrovial\",\"https:\/\/x.com\/ferrovial\",\"https:\/\/www.instagram.com\/ferrovial\/\",\"https:\/\/www.linkedin.com\/company\/ferrovial\",\"https:\/\/www.pinterest.es\/ferrovial\/\",\"https:\/\/www.youtube.com\/ferrovial\",\"https:\/\/en.wikipedia.org\/wiki\/Ferrovial\"]}]}<\/script>","yoast_head_json":{"title":"La Terminal 2 ha sido nombrada \"The Queen's Terminal\" Sala de prensa Ferrovial | \u00daltimas noticias","description":"Sala de prensa Ferrovial | \u00daltimas noticias","robots":{"index":"index","follow":"follow","max-snippet":"max-snippet:-1","max-image-preview":"max-image-preview:large","max-video-preview":"max-video-preview:-1"},"canonical":"https:\/\/newsroom.ferrovial.com\/es\/noticias\/terminal-2-ha-sido-nombrada-the-queens-terminal\/","og_locale":"es_ES","og_type":"article","og_title":"La Terminal 2 ha sido nombrada \"The Queen's Terminal\" Sala de prensa Ferrovial | \u00daltimas noticias","og_description":"Sala de prensa Ferrovial | \u00daltimas noticias","og_url":"https:\/\/newsroom.ferrovial.com\/es\/noticias\/terminal-2-ha-sido-nombrada-the-queens-terminal\/","og_site_name":"Sala de prensa Ferrovial | \u00daltimas noticias","article_publisher":"https:\/\/www.facebook.com\/ferrovial","article_modified_time":"2022-12-21T09:28:47+00:00","twitter_card":"summary_large_image","twitter_site":"@ferrovial","schema":{"@context":"https:\/\/schema.org","@graph":[{"@type":"WebPage","@id":"https:\/\/newsroom.ferrovial.com\/es\/noticias\/terminal-2-ha-sido-nombrada-the-queens-terminal\/","url":"https:\/\/newsroom.ferrovial.com\/es\/noticias\/terminal-2-ha-sido-nombrada-the-queens-terminal\/","name":"La Terminal 2 ha sido nombrada \"The Queen's Terminal\" Sala de prensa Ferrovial | \u00daltimas noticias","isPartOf":{"@id":"https:\/\/newsroom.ferrovial.com\/es\/#website"},"datePublished":"2013-06-17T00:00:00+00:00","dateModified":"2022-12-21T09:28:47+00:00","description":"Sala de prensa Ferrovial | \u00daltimas noticias","breadcrumb":{"@id":"https:\/\/newsroom.ferrovial.com\/es\/noticias\/terminal-2-ha-sido-nombrada-the-queens-terminal\/#breadcrumb"},"inLanguage":"es","potentialAction":[{"@type":"ReadAction","target":["https:\/\/newsroom.ferrovial.com\/es\/noticias\/terminal-2-ha-sido-nombrada-the-queens-terminal\/"]}]},{"@type":"BreadcrumbList","@id":"https:\/\/newsroom.ferrovial.com\/es\/noticias\/terminal-2-ha-sido-nombrada-the-queens-terminal\/#breadcrumb","itemListElement":[{"@type":"ListItem","position":1,"name":"Portada","item":"https:\/\/newsroom.ferrovial.com\/es\/"},{"@type":"ListItem","position":2,"name":"La Terminal 2 ha sido nombrada \u00abThe Queen&#8217;s Terminal\u00bb"}]},{"@type":"WebSite","@id":"https:\/\/newsroom.ferrovial.com\/es\/#website","url":"https:\/\/newsroom.ferrovial.com\/es\/","name":"Sala de prensa Ferrovial | \u00daltimas noticias","description":"Sala de prensa Ferrovial | \u00daltimas noticias","publisher":{"@id":"https:\/\/newsroom.ferrovial.com\/es\/#organization"},"potentialAction":[{"@type":"SearchAction","target":{"@type":"EntryPoint","urlTemplate":"https:\/\/newsroom.ferrovial.com\/es\/?s={search_term_string}"},"query-input":{"@type":"PropertyValueSpecification","valueRequired":true,"valueName":"search_term_string"}}],"inLanguage":"es"},{"@type":"Organization","@id":"https:\/\/newsroom.ferrovial.com\/es\/#organization","name":"Ferrovial S.A.","url":"https:\/\/newsroom.ferrovial.com\/es\/","logo":{"@type":"ImageObject","inLanguage":"es","@id":"https:\/\/newsroom.ferrovial.com\/es\/#\/schema\/logo\/image\/","url":"https:\/\/static.newsroom.ferrovial.com\/wp-content\/uploads\/2018\/07\/15145720\/Ferrovial_Logotipo1.jpg","contentUrl":"https:\/\/static.newsroom.ferrovial.com\/wp-content\/uploads\/2018\/07\/15145720\/Ferrovial_Logotipo1.jpg","width":600,"height":300,"caption":"Ferrovial S.A."},"image":{"@id":"https:\/\/newsroom.ferrovial.com\/es\/#\/schema\/logo\/image\/"},"sameAs":["https:\/\/www.facebook.com\/ferrovial","https:\/\/x.com\/ferrovial","https:\/\/www.instagram.com\/ferrovial\/","https:\/\/www.linkedin.com\/company\/ferrovial","https:\/\/www.pinterest.es\/ferrovial\/","https:\/\/www.youtube.com\/ferrovial","https:\/\/en.wikipedia.org\/wiki\/Ferrovial"]}]}},"_links":{"self":[{"href":"https:\/\/newsroom.ferrovial.com\/es\/wp-json\/wp\/v2\/new\/2015","targetHints":{"allow":["GET"]}}],"collection":[{"href":"https:\/\/newsroom.ferrovial.com\/es\/wp-json\/wp\/v2\/new"}],"about":[{"href":"https:\/\/newsroom.ferrovial.com\/es\/wp-json\/wp\/v2\/types\/new"}],"replies":[{"embeddable":true,"href":"https:\/\/newsroom.ferrovial.com\/es\/wp-json\/wp\/v2\/comments?post=2015"}],"version-history":[{"count":1,"href":"https:\/\/newsroom.ferrovial.com\/es\/wp-json\/wp\/v2\/new\/2015\/revisions"}],"predecessor-version":[{"id":97923,"href":"https:\/\/newsroom.ferrovial.com\/es\/wp-json\/wp\/v2\/new\/2015\/revisions\/97923"}],"wp:attachment":[{"href":"https:\/\/newsroom.ferrovial.com\/es\/wp-json\/wp\/v2\/media?parent=2015"}],"wp:term":[{"taxonomy":"nivel-2","embeddable":true,"href":"https:\/\/newsroom.ferrovial.com\/es\/wp-json\/wp\/v2\/nivel-2?post=2015"},{"taxonomy":"nivel-5","embeddable":true,"href":"https:\/\/newsroom.ferrovial.com\/es\/wp-json\/wp\/v2\/nivel-5?post=2015"},{"taxonomy":"nivel-1","embeddable":true,"href":"https:\/\/newsroom.ferrovial.com\/es\/wp-json\/wp\/v2\/nivel-1?post=2015"},{"taxonomy":"nivel-3","embeddable":true,"href":"https:\/\/newsroom.ferrovial.com\/es\/wp-json\/wp\/v2\/nivel-3?post=2015"},{"taxonomy":"nivel-4","embeddable":true,"href":"https:\/\/newsroom.ferrovial.com\/es\/wp-json\/wp\/v2\/nivel-4?post=2015"}],"curies":[{"name":"wp","href":"https:\/\/api.w.org\/{rel}","templated":true}]}}

<section class="wysiwyg text-editor " id="">
        <div class="container container--narrow container--p-10">
            <p><strong><img loading="lazy" decoding="async" class="aligncenter" title="La Terminal 2 de Heathrow" src="/wp-content/uploads/noticias/heathrowt2queensterminal.png" alt="La Terminal 2 de Heathrow" width="540" height="151" /></strong></p>
<p><strong>Heathrow</strong> ha anunciado que su nueva <strong>Terminal 2</strong> será conocida como <a title="La Reina Isabel II inaugura la “Queen’s Terminal” del Aeropuerto de Heathrow" href="https://newsroom.ferrovial.com/es/noticias/reina-isabel-terminal-aeropuerto-heathrow/" target="_blank">Terminal 2: The Queen´s Terminal&#8217;</a>, en honor a Su Majestad, la Reina Elizabeth II de Inglaterra.</p>
<p>La nueva Terminal 2 del <strong><a title="Aeropuerto de Heathrow" href="https://www.ferrovial.com/es/proyectos/aeropuerto-de-heathrow/" target="_blank">Aeropuerto de Heathrow</a> </strong><strong> </strong>se inaugurará el 4 de junio de 2014, casi sesenta años después de que la Reina inaugurara la Terminal 2 original, en 1955. El nuevo nombre de la Terminal fue una propuesta del equipo de Heathrow al Palacio de Buckingham para celebrar la larga asociación de Su Majestad con el aeropuerto y la reina ha aceptado dar su nombre a la nueva terminal.</p>
<p>John Holland-Kaye, Director de Desarrollo de Heathrow, ha señalado que «la Reina Elizabeth II inauguró la Terminal 2 original hace más de medio siglo, y ahora estamos encantados de que Su Majestad haya accedido amablemente a dar su nombre a la nueva Terminal 2. Todo el mundo en Heathrow se siente sumamente orgulloso de nuestra dilatada asociación con la Reina y sabemos que la nueva Terminal 2 supondrá una continuación de esa tradición».</p>
<p>En su discurso de 1955 cuando la Reina inauguró la terminal original señaló con gran visión de futuro que «cualquier evolución que el transporte aéreo sufra en el futuro, y estamos seguros de que quedan por delante impresionantes cambios, el aeropuerto de Londres seguirán creciendo en importancia como uno de los centros mundiales de tráfico aéreo».</p>
<p>Está previsto que la terminal se termine por completo en noviembre de 2013 y, desde esa fecha hasta junio, contará con seis meses de pruebas. En el momento en que la terminal se abra, se someterá a 182 ensayos y pasarán por ella 14.000 personas, y una vez que esté a pleno rendimiento, dos tercios de los pasajeros de Heathrow viajarán por sus nuevas terminales y el resto de instalaciones.</p>
        </div>
    </section>

<title>La Terminal 2 ha sido nombrada &quot;The Queen&#039;s Terminal&quot; Sala de prensa Ferrovial | Últimas noticias</title>
<meta name="description" content="Sala de prensa Ferrovial | Últimas noticias" />
<meta name="robots" content="index, follow, max-snippet:-1, max-image-preview:large, max-video-preview:-1" />
<link rel="canonical" href="https://newsroom.ferrovial.com/es/noticias/terminal-2-ha-sido-nombrada-the-queens-terminal/" />
<meta property="og:locale" content="es_ES" />
<meta property="og:type" content="article" />
<meta property="og:title" content="La Terminal 2 ha sido nombrada &quot;The Queen&#039;s Terminal&quot; Sala de prensa Ferrovial | Últimas noticias" />
<meta property="og:description" content="Sala de prensa Ferrovial | Últimas noticias" />
<meta property="og:url" content="https://newsroom.ferrovial.com/es/noticias/terminal-2-ha-sido-nombrada-the-queens-terminal/" />
<meta property="og:site_name" content="Sala de prensa Ferrovial | Últimas noticias" />
<meta property="article:publisher" content="https://www.facebook.com/ferrovial" />
<meta property="article:modified_time" content="2022-12-21T09:28:47+00:00" />
<meta name="twitter:card" content="summary_large_image" />
<meta name="twitter:site" content="@ferrovial" />
<script type="application/ld+json" class="yoast-schema-graph">{"@context":"https://schema.org","@graph":[{"@type":"WebPage","@id":"https://newsroom.ferrovial.com/es/noticias/terminal-2-ha-sido-nombrada-the-queens-terminal/","url":"https://newsroom.ferrovial.com/es/noticias/terminal-2-ha-sido-nombrada-the-queens-terminal/","name":"La Terminal 2 ha sido nombrada \"The Queen's Terminal\" Sala de prensa Ferrovial | Últimas noticias","isPartOf":{"@id":"https://newsroom.ferrovial.com/es/#website"},"datePublished":"2013-06-17T00:00:00+00:00","dateModified":"2022-12-21T09:28:47+00:00","description":"Sala de prensa Ferrovial | Últimas noticias","breadcrumb":{"@id":"https://newsroom.ferrovial.com/es/noticias/terminal-2-ha-sido-nombrada-the-queens-terminal/#breadcrumb"},"inLanguage":"es","potentialAction":[{"@type":"ReadAction","target":["https://newsroom.ferrovial.com/es/noticias/terminal-2-ha-sido-nombrada-the-queens-terminal/"]}]},{"@type":"BreadcrumbList","@id":"https://newsroom.ferrovial.com/es/noticias/terminal-2-ha-sido-nombrada-the-queens-terminal/#breadcrumb","itemListElement":[{"@type":"ListItem","position":1,"name":"Portada","item":"https://newsroom.ferrovial.com/es/"},{"@type":"ListItem","position":2,"name":"La Terminal 2 ha sido nombrada «The Queen&#8217;s Terminal»"}]},{"@type":"WebSite","@id":"https://newsroom.ferrovial.com/es/#website","url":"https://newsroom.ferrovial.com/es/","name":"Sala de prensa Ferrovial | Últimas noticias","description":"Sala de prensa Ferrovial | Últimas noticias","publisher":{"@id":"https://newsroom.ferrovial.com/es/#organization"},"potentialAction":[{"@type":"SearchAction","target":{"@type":"EntryPoint","urlTemplate":"https://newsroom.ferrovial.com/es/?s={search_term_string}"},"query-input":{"@type":"PropertyValueSpecification","valueRequired":true,"valueName":"search_term_string"}}],"inLanguage":"es"},{"@type":"Organization","@id":"https://newsroom.ferrovial.com/es/#organization","name":"Ferrovial S.A.","url":"https://newsroom.ferrovial.com/es/","logo":{"@type":"ImageObject","inLanguage":"es","@id":"https://newsroom.ferrovial.com/es/#/schema/logo/image/","url":"https://static.newsroom.ferrovial.com/wp-content/uploads/2018/07/15145720/Ferrovial_Logotipo1.jpg","contentUrl":"https://static.newsroom.ferrovial.com/wp-content/uploads/2018/07/15145720/Ferrovial_Logotipo1.jpg","width":600,"height":300,"caption":"Ferrovial S.A."},"image":{"@id":"https://newsroom.ferrovial.com/es/#/schema/logo/image/"},"sameAs":["https://www.facebook.com/ferrovial","https://x.com/ferrovial","https://www.instagram.com/ferrovial/","https://www.linkedin.com/company/ferrovial","https://www.pinterest.es/ferrovial/","https://www.youtube.com/ferrovial","https://en.wikipedia.org/wiki/Ferrovial"]}]}</script>

La Terminal 2 ha sido nombrada "The Queen's Terminal" Sala de prensa Ferrovial | Últimas noticias

Sala de prensa Ferrovial | Últimas noticias
