{"id":2025,"date":"2008-03-04T00:00:00","date_gmt":"2008-03-04T00:00:00","guid":{"rendered":"https:\/\/newsroom.ferrovial.com\/news\/los-embalses-estan-casi-un-20-por-debajo-de-sus-valores-medios\/"},"modified":"2022-12-21T11:04:45","modified_gmt":"2022-12-21T10:04:45","slug":"los-embalses-estan-casi-un-20-por-debajo-de-sus-valores-medios","status":"publish","type":"new","link":"https:\/\/newsroom.ferrovial.com\/es\/noticias\/los-embalses-estan-casi-un-20-por-debajo-de-sus-valores-medios\/","title":{"rendered":"Los embalses est\u00e1n casi un 20% por debajo de sus valores medios"},"content":{"rendered":"    <section class=\"wysiwyg text-editor \" id=\"\">\n        <div class=\"container container--narrow container--p-10\">\n            <p><strong><\/strong> El pasado mes de febrero se cerr\u00f3 con una reserva h\u00eddrica de 24.134 hect\u00f3metros c\u00fabicos (hm3) y con los embalses al 44,6% de su capacidad total, m\u00e1s de 18 puntos porcentuales por debajo de la reserva media de los \u00faltimos 10 a\u00f1os.<\/p>\n<p>Seg\u00fan el \u00faltimo <strong>Informe de Coyuntura del Ministerio de Medio Ambiente<\/strong>, que acaba de darse a conocer, los embalses se encontraban al 44,6% de su capacidad total a fecha de 26 de febrero. Esta cifra contrasta con el 63,1% de media de la \u00faltima d\u00e9cada y el 60,7% correspondiente a la misma fecha del a\u00f1o anterior.<\/p>\n<p>No obstante, las lluvias de febrero aumentaron en 478 hect\u00f3metros c\u00fabicos el total de reservas peninsulares, seg\u00fan los datos de Medio Ambiente.<\/p>\n<p>De acuerdo al \u00faltimo informe sobre las reservas hidr\u00e1ulicas en Espa\u00f1a, las m\u00e1ximas variaciones durante los pasados d\u00edas se produjeron en la cuenca Galicia Costa, que disminuy\u00f3 seis hect\u00f3metros c\u00fabicos, y en la cuenca del Tajo, que aument\u00f3 103 hect\u00f3metros c\u00fabicos.<\/p>\n<p>Las precipitaciones fueron abundantes durante los \u00faltimos d\u00edas de febrero, y alcanzaron su m\u00e1xima en Tarifa con 81,3 litros por metro cuadrado. Sin embargo, las recientes lluvias no han bastado para revertir la situaci\u00f3n general, en la que los embalses no llegan a la mitad de su capacidad.<\/p>\n<p>Los \u00e1mbitos hidrol\u00f3gicos en peor situaci\u00f3n son la <strong>cuenca del Segura<\/strong>, al 19,2% de su capacidad, y la del <strong>J\u00facar<\/strong>, al 22,3%. Por el contrario, la <strong>cuenca exterior del Pa\u00eds Vasco<\/strong> (&#8216;Norte III&#8217;) se encuentra casi repleta, al 83,1% de su capacidad.<\/p>\n<p>ELMUNDO.ES | AGENCIAS<\/p>\n        <\/div>\n    <\/section>\n","protected":false},"excerpt":{"rendered":"","protected":false},"featured_media":0,"menu_order":0,"comment_status":"closed","ping_status":"closed","template":"","nivel-2":[936],"nivel-5":[],"nivel-1":[],"nivel-3":[],"nivel-4":[],"class_list":["post-2025","new","type-new","status-publish","hentry","nivel-2-conservacion-del-medio-ambiente"],"acf":[],"yoast_head":"<title>Los embalses est\u00e1n casi un 20% por debajo de sus valores medios Sala de prensa Ferrovial | \u00daltimas noticias<\/title>\n<meta name=\"description\" content=\"Sala de prensa Ferrovial | \u00daltimas noticias\" \/>\n<meta name=\"robots\" content=\"index, follow, max-snippet:-1, max-image-preview:large, max-video-preview:-1\" \/>\n<link rel=\"canonical\" href=\"https:\/\/newsroom.ferrovial.com\/es\/noticias\/los-embalses-estan-casi-un-20-por-debajo-de-sus-valores-medios\/\" \/>\n<meta property=\"og:locale\" content=\"es_ES\" \/>\n<meta property=\"og:type\" content=\"article\" \/>\n<meta property=\"og:title\" content=\"Los embalses est\u00e1n casi un 20% por debajo de sus valores medios Sala de prensa Ferrovial | \u00daltimas noticias\" \/>\n<meta property=\"og:description\" content=\"Sala de prensa Ferrovial | \u00daltimas noticias\" \/>\n<meta property=\"og:url\" content=\"https:\/\/newsroom.ferrovial.com\/es\/noticias\/los-embalses-estan-casi-un-20-por-debajo-de-sus-valores-medios\/\" \/>\n<meta property=\"og:site_name\" content=\"Sala de prensa Ferrovial | \u00daltimas noticias\" \/>\n<meta property=\"article:publisher\" content=\"https:\/\/www.facebook.com\/ferrovial\" \/>\n<meta property=\"article:modified_time\" content=\"2022-12-21T10:04:45+00:00\" \/>\n<meta name=\"twitter:card\" content=\"summary_large_image\" \/>\n<meta name=\"twitter:site\" content=\"@ferrovial\" \/>\n<script type=\"application\/ld+json\" class=\"yoast-schema-graph\">{\"@context\":\"https:\/\/schema.org\",\"@graph\":[{\"@type\":\"WebPage\",\"@id\":\"https:\/\/newsroom.ferrovial.com\/es\/noticias\/los-embalses-estan-casi-un-20-por-debajo-de-sus-valores-medios\/\",\"url\":\"https:\/\/newsroom.ferrovial.com\/es\/noticias\/los-embalses-estan-casi-un-20-por-debajo-de-sus-valores-medios\/\",\"name\":\"Los embalses est\u00e1n casi un 20% por debajo de sus valores medios Sala de prensa Ferrovial | \u00daltimas noticias\",\"isPartOf\":{\"@id\":\"https:\/\/newsroom.ferrovial.com\/es\/#website\"},\"datePublished\":\"2008-03-04T00:00:00+00:00\",\"dateModified\":\"2022-12-21T10:04:45+00:00\",\"description\":\"Sala de prensa Ferrovial | \u00daltimas noticias\",\"breadcrumb\":{\"@id\":\"https:\/\/newsroom.ferrovial.com\/es\/noticias\/los-embalses-estan-casi-un-20-por-debajo-de-sus-valores-medios\/#breadcrumb\"},\"inLanguage\":\"es\",\"potentialAction\":[{\"@type\":\"ReadAction\",\"target\":[\"https:\/\/newsroom.ferrovial.com\/es\/noticias\/los-embalses-estan-casi-un-20-por-debajo-de-sus-valores-medios\/\"]}]},{\"@type\":\"BreadcrumbList\",\"@id\":\"https:\/\/newsroom.ferrovial.com\/es\/noticias\/los-embalses-estan-casi-un-20-por-debajo-de-sus-valores-medios\/#breadcrumb\",\"itemListElement\":[{\"@type\":\"ListItem\",\"position\":1,\"name\":\"Portada\",\"item\":\"https:\/\/newsroom.ferrovial.com\/es\/\"},{\"@type\":\"ListItem\",\"position\":2,\"name\":\"Los embalses est\u00e1n casi un 20% por debajo de sus valores medios\"}]},{\"@type\":\"WebSite\",\"@id\":\"https:\/\/newsroom.ferrovial.com\/es\/#website\",\"url\":\"https:\/\/newsroom.ferrovial.com\/es\/\",\"name\":\"Sala de prensa Ferrovial | \u00daltimas noticias\",\"description\":\"Sala de prensa Ferrovial | \u00daltimas noticias\",\"publisher\":{\"@id\":\"https:\/\/newsroom.ferrovial.com\/es\/#organization\"},\"potentialAction\":[{\"@type\":\"SearchAction\",\"target\":{\"@type\":\"EntryPoint\",\"urlTemplate\":\"https:\/\/newsroom.ferrovial.com\/es\/?s={search_term_string}\"},\"query-input\":{\"@type\":\"PropertyValueSpecification\",\"valueRequired\":true,\"valueName\":\"search_term_string\"}}],\"inLanguage\":\"es\"},{\"@type\":\"Organization\",\"@id\":\"https:\/\/newsroom.ferrovial.com\/es\/#organization\",\"name\":\"Ferrovial S.A.\",\"url\":\"https:\/\/newsroom.ferrovial.com\/es\/\",\"logo\":{\"@type\":\"ImageObject\",\"inLanguage\":\"es\",\"@id\":\"https:\/\/newsroom.ferrovial.com\/es\/#\/schema\/logo\/image\/\",\"url\":\"https:\/\/static.newsroom.ferrovial.com\/wp-content\/uploads\/2018\/07\/15145720\/Ferrovial_Logotipo1.jpg\",\"contentUrl\":\"https:\/\/static.newsroom.ferrovial.com\/wp-content\/uploads\/2018\/07\/15145720\/Ferrovial_Logotipo1.jpg\",\"width\":600,\"height\":300,\"caption\":\"Ferrovial S.A.\"},\"image\":{\"@id\":\"https:\/\/newsroom.ferrovial.com\/es\/#\/schema\/logo\/image\/\"},\"sameAs\":[\"https:\/\/www.facebook.com\/ferrovial\",\"https:\/\/x.com\/ferrovial\",\"https:\/\/www.instagram.com\/ferrovial\/\",\"https:\/\/www.linkedin.com\/company\/ferrovial\",\"https:\/\/www.pinterest.es\/ferrovial\/\",\"https:\/\/www.youtube.com\/ferrovial\",\"https:\/\/en.wikipedia.org\/wiki\/Ferrovial\"]}]}<\/script>","yoast_head_json":{"title":"Los embalses est\u00e1n casi un 20% por debajo de sus valores medios Sala de prensa Ferrovial | \u00daltimas noticias","description":"Sala de prensa Ferrovial | \u00daltimas noticias","robots":{"index":"index","follow":"follow","max-snippet":"max-snippet:-1","max-image-preview":"max-image-preview:large","max-video-preview":"max-video-preview:-1"},"canonical":"https:\/\/newsroom.ferrovial.com\/es\/noticias\/los-embalses-estan-casi-un-20-por-debajo-de-sus-valores-medios\/","og_locale":"es_ES","og_type":"article","og_title":"Los embalses est\u00e1n casi un 20% por debajo de sus valores medios Sala de prensa Ferrovial | \u00daltimas noticias","og_description":"Sala de prensa Ferrovial | \u00daltimas noticias","og_url":"https:\/\/newsroom.ferrovial.com\/es\/noticias\/los-embalses-estan-casi-un-20-por-debajo-de-sus-valores-medios\/","og_site_name":"Sala de prensa Ferrovial | \u00daltimas noticias","article_publisher":"https:\/\/www.facebook.com\/ferrovial","article_modified_time":"2022-12-21T10:04:45+00:00","twitter_card":"summary_large_image","twitter_site":"@ferrovial","schema":{"@context":"https:\/\/schema.org","@graph":[{"@type":"WebPage","@id":"https:\/\/newsroom.ferrovial.com\/es\/noticias\/los-embalses-estan-casi-un-20-por-debajo-de-sus-valores-medios\/","url":"https:\/\/newsroom.ferrovial.com\/es\/noticias\/los-embalses-estan-casi-un-20-por-debajo-de-sus-valores-medios\/","name":"Los embalses est\u00e1n casi un 20% por debajo de sus valores medios Sala de prensa Ferrovial | \u00daltimas noticias","isPartOf":{"@id":"https:\/\/newsroom.ferrovial.com\/es\/#website"},"datePublished":"2008-03-04T00:00:00+00:00","dateModified":"2022-12-21T10:04:45+00:00","description":"Sala de prensa Ferrovial | \u00daltimas noticias","breadcrumb":{"@id":"https:\/\/newsroom.ferrovial.com\/es\/noticias\/los-embalses-estan-casi-un-20-por-debajo-de-sus-valores-medios\/#breadcrumb"},"inLanguage":"es","potentialAction":[{"@type":"ReadAction","target":["https:\/\/newsroom.ferrovial.com\/es\/noticias\/los-embalses-estan-casi-un-20-por-debajo-de-sus-valores-medios\/"]}]},{"@type":"BreadcrumbList","@id":"https:\/\/newsroom.ferrovial.com\/es\/noticias\/los-embalses-estan-casi-un-20-por-debajo-de-sus-valores-medios\/#breadcrumb","itemListElement":[{"@type":"ListItem","position":1,"name":"Portada","item":"https:\/\/newsroom.ferrovial.com\/es\/"},{"@type":"ListItem","position":2,"name":"Los embalses est\u00e1n casi un 20% por debajo de sus valores medios"}]},{"@type":"WebSite","@id":"https:\/\/newsroom.ferrovial.com\/es\/#website","url":"https:\/\/newsroom.ferrovial.com\/es\/","name":"Sala de prensa Ferrovial | \u00daltimas noticias","description":"Sala de prensa Ferrovial | \u00daltimas noticias","publisher":{"@id":"https:\/\/newsroom.ferrovial.com\/es\/#organization"},"potentialAction":[{"@type":"SearchAction","target":{"@type":"EntryPoint","urlTemplate":"https:\/\/newsroom.ferrovial.com\/es\/?s={search_term_string}"},"query-input":{"@type":"PropertyValueSpecification","valueRequired":true,"valueName":"search_term_string"}}],"inLanguage":"es"},{"@type":"Organization","@id":"https:\/\/newsroom.ferrovial.com\/es\/#organization","name":"Ferrovial S.A.","url":"https:\/\/newsroom.ferrovial.com\/es\/","logo":{"@type":"ImageObject","inLanguage":"es","@id":"https:\/\/newsroom.ferrovial.com\/es\/#\/schema\/logo\/image\/","url":"https:\/\/static.newsroom.ferrovial.com\/wp-content\/uploads\/2018\/07\/15145720\/Ferrovial_Logotipo1.jpg","contentUrl":"https:\/\/static.newsroom.ferrovial.com\/wp-content\/uploads\/2018\/07\/15145720\/Ferrovial_Logotipo1.jpg","width":600,"height":300,"caption":"Ferrovial S.A."},"image":{"@id":"https:\/\/newsroom.ferrovial.com\/es\/#\/schema\/logo\/image\/"},"sameAs":["https:\/\/www.facebook.com\/ferrovial","https:\/\/x.com\/ferrovial","https:\/\/www.instagram.com\/ferrovial\/","https:\/\/www.linkedin.com\/company\/ferrovial","https:\/\/www.pinterest.es\/ferrovial\/","https:\/\/www.youtube.com\/ferrovial","https:\/\/en.wikipedia.org\/wiki\/Ferrovial"]}]}},"_links":{"self":[{"href":"https:\/\/newsroom.ferrovial.com\/es\/wp-json\/wp\/v2\/new\/2025","targetHints":{"allow":["GET"]}}],"collection":[{"href":"https:\/\/newsroom.ferrovial.com\/es\/wp-json\/wp\/v2\/new"}],"about":[{"href":"https:\/\/newsroom.ferrovial.com\/es\/wp-json\/wp\/v2\/types\/new"}],"replies":[{"embeddable":true,"href":"https:\/\/newsroom.ferrovial.com\/es\/wp-json\/wp\/v2\/comments?post=2025"}],"version-history":[{"count":1,"href":"https:\/\/newsroom.ferrovial.com\/es\/wp-json\/wp\/v2\/new\/2025\/revisions"}],"predecessor-version":[{"id":118649,"href":"https:\/\/newsroom.ferrovial.com\/es\/wp-json\/wp\/v2\/new\/2025\/revisions\/118649"}],"wp:attachment":[{"href":"https:\/\/newsroom.ferrovial.com\/es\/wp-json\/wp\/v2\/media?parent=2025"}],"wp:term":[{"taxonomy":"nivel-2","embeddable":true,"href":"https:\/\/newsroom.ferrovial.com\/es\/wp-json\/wp\/v2\/nivel-2?post=2025"},{"taxonomy":"nivel-5","embeddable":true,"href":"https:\/\/newsroom.ferrovial.com\/es\/wp-json\/wp\/v2\/nivel-5?post=2025"},{"taxonomy":"nivel-1","embeddable":true,"href":"https:\/\/newsroom.ferrovial.com\/es\/wp-json\/wp\/v2\/nivel-1?post=2025"},{"taxonomy":"nivel-3","embeddable":true,"href":"https:\/\/newsroom.ferrovial.com\/es\/wp-json\/wp\/v2\/nivel-3?post=2025"},{"taxonomy":"nivel-4","embeddable":true,"href":"https:\/\/newsroom.ferrovial.com\/es\/wp-json\/wp\/v2\/nivel-4?post=2025"}],"curies":[{"name":"wp","href":"https:\/\/api.w.org\/{rel}","templated":true}]}}

Los embalses están casi un 20% por debajo de sus valores medios

<section class="wysiwyg text-editor " id="">
        <div class="container container--narrow container--p-10">
            <p><strong></strong> El pasado mes de febrero se cerró con una reserva hídrica de 24.134 hectómetros cúbicos (hm3) y con los embalses al 44,6% de su capacidad total, más de 18 puntos porcentuales por debajo de la reserva media de los últimos 10 años.</p>
<p>Según el último <strong>Informe de Coyuntura del Ministerio de Medio Ambiente</strong>, que acaba de darse a conocer, los embalses se encontraban al 44,6% de su capacidad total a fecha de 26 de febrero. Esta cifra contrasta con el 63,1% de media de la última década y el 60,7% correspondiente a la misma fecha del año anterior.</p>
<p>No obstante, las lluvias de febrero aumentaron en 478 hectómetros cúbicos el total de reservas peninsulares, según los datos de Medio Ambiente.</p>
<p>De acuerdo al último informe sobre las reservas hidráulicas en España, las máximas variaciones durante los pasados días se produjeron en la cuenca Galicia Costa, que disminuyó seis hectómetros cúbicos, y en la cuenca del Tajo, que aumentó 103 hectómetros cúbicos.</p>
<p>Las precipitaciones fueron abundantes durante los últimos días de febrero, y alcanzaron su máxima en Tarifa con 81,3 litros por metro cuadrado. Sin embargo, las recientes lluvias no han bastado para revertir la situación general, en la que los embalses no llegan a la mitad de su capacidad.</p>
<p>Los ámbitos hidrológicos en peor situación son la <strong>cuenca del Segura</strong>, al 19,2% de su capacidad, y la del <strong>Júcar</strong>, al 22,3%. Por el contrario, la <strong>cuenca exterior del País Vasco</strong> (&#8216;Norte III&#8217;) se encuentra casi repleta, al 83,1% de su capacidad.</p>
<p>ELMUNDO.ES | AGENCIAS</p>
        </div>
    </section>

<title>Los embalses están casi un 20% por debajo de sus valores medios Sala de prensa Ferrovial | Últimas noticias</title>
<meta name="description" content="Sala de prensa Ferrovial | Últimas noticias" />
<meta name="robots" content="index, follow, max-snippet:-1, max-image-preview:large, max-video-preview:-1" />
<link rel="canonical" href="https://newsroom.ferrovial.com/es/noticias/los-embalses-estan-casi-un-20-por-debajo-de-sus-valores-medios/" />
<meta property="og:locale" content="es_ES" />
<meta property="og:type" content="article" />
<meta property="og:title" content="Los embalses están casi un 20% por debajo de sus valores medios Sala de prensa Ferrovial | Últimas noticias" />
<meta property="og:description" content="Sala de prensa Ferrovial | Últimas noticias" />
<meta property="og:url" content="https://newsroom.ferrovial.com/es/noticias/los-embalses-estan-casi-un-20-por-debajo-de-sus-valores-medios/" />
<meta property="og:site_name" content="Sala de prensa Ferrovial | Últimas noticias" />
<meta property="article:publisher" content="https://www.facebook.com/ferrovial" />
<meta property="article:modified_time" content="2022-12-21T10:04:45+00:00" />
<meta name="twitter:card" content="summary_large_image" />
<meta name="twitter:site" content="@ferrovial" />
<script type="application/ld+json" class="yoast-schema-graph">{"@context":"https://schema.org","@graph":[{"@type":"WebPage","@id":"https://newsroom.ferrovial.com/es/noticias/los-embalses-estan-casi-un-20-por-debajo-de-sus-valores-medios/","url":"https://newsroom.ferrovial.com/es/noticias/los-embalses-estan-casi-un-20-por-debajo-de-sus-valores-medios/","name":"Los embalses están casi un 20% por debajo de sus valores medios Sala de prensa Ferrovial | Últimas noticias","isPartOf":{"@id":"https://newsroom.ferrovial.com/es/#website"},"datePublished":"2008-03-04T00:00:00+00:00","dateModified":"2022-12-21T10:04:45+00:00","description":"Sala de prensa Ferrovial | Últimas noticias","breadcrumb":{"@id":"https://newsroom.ferrovial.com/es/noticias/los-embalses-estan-casi-un-20-por-debajo-de-sus-valores-medios/#breadcrumb"},"inLanguage":"es","potentialAction":[{"@type":"ReadAction","target":["https://newsroom.ferrovial.com/es/noticias/los-embalses-estan-casi-un-20-por-debajo-de-sus-valores-medios/"]}]},{"@type":"BreadcrumbList","@id":"https://newsroom.ferrovial.com/es/noticias/los-embalses-estan-casi-un-20-por-debajo-de-sus-valores-medios/#breadcrumb","itemListElement":[{"@type":"ListItem","position":1,"name":"Portada","item":"https://newsroom.ferrovial.com/es/"},{"@type":"ListItem","position":2,"name":"Los embalses están casi un 20% por debajo de sus valores medios"}]},{"@type":"WebSite","@id":"https://newsroom.ferrovial.com/es/#website","url":"https://newsroom.ferrovial.com/es/","name":"Sala de prensa Ferrovial | Últimas noticias","description":"Sala de prensa Ferrovial | Últimas noticias","publisher":{"@id":"https://newsroom.ferrovial.com/es/#organization"},"potentialAction":[{"@type":"SearchAction","target":{"@type":"EntryPoint","urlTemplate":"https://newsroom.ferrovial.com/es/?s={search_term_string}"},"query-input":{"@type":"PropertyValueSpecification","valueRequired":true,"valueName":"search_term_string"}}],"inLanguage":"es"},{"@type":"Organization","@id":"https://newsroom.ferrovial.com/es/#organization","name":"Ferrovial S.A.","url":"https://newsroom.ferrovial.com/es/","logo":{"@type":"ImageObject","inLanguage":"es","@id":"https://newsroom.ferrovial.com/es/#/schema/logo/image/","url":"https://static.newsroom.ferrovial.com/wp-content/uploads/2018/07/15145720/Ferrovial_Logotipo1.jpg","contentUrl":"https://static.newsroom.ferrovial.com/wp-content/uploads/2018/07/15145720/Ferrovial_Logotipo1.jpg","width":600,"height":300,"caption":"Ferrovial S.A."},"image":{"@id":"https://newsroom.ferrovial.com/es/#/schema/logo/image/"},"sameAs":["https://www.facebook.com/ferrovial","https://x.com/ferrovial","https://www.instagram.com/ferrovial/","https://www.linkedin.com/company/ferrovial","https://www.pinterest.es/ferrovial/","https://www.youtube.com/ferrovial","https://en.wikipedia.org/wiki/Ferrovial"]}]}</script>

Los embalses están casi un 20% por debajo de sus valores medios Sala de prensa Ferrovial | Últimas noticias

Sala de prensa Ferrovial | Últimas noticias
