{"id":2323,"date":"2008-02-21T00:00:00","date_gmt":"2008-02-21T00:00:00","guid":{"rendered":"https:\/\/newsroom.ferrovial.com\/news\/expo-congreso-internacional-de-biodiesel-y-bioetanol-oviedo-12-y-13-de-marzo-de-2008\/"},"modified":"2022-12-21T11:05:16","modified_gmt":"2022-12-21T10:05:16","slug":"expo-congreso-internacional-de-biodiesel-y-bioetanol-oviedo-12-y-13-de-marzo-de-2008","status":"publish","type":"new","link":"https:\/\/newsroom.ferrovial.com\/es\/noticias\/expo-congreso-internacional-de-biodiesel-y-bioetanol-oviedo-12-y-13-de-marzo-de-2008\/","title":{"rendered":"Expo Congreso Internacional de Biodiesel y Bioetanol, Oviedo, 12 y 13 de marzo de 2008"},"content":{"rendered":"    <section class=\"wysiwyg text-editor \" id=\"\">\n        <div class=\"container container--narrow container--p-10\">\n            <p>Espa\u00f1a a trav\u00e9s del IDAE est\u00e1 participando muy activamente en la elaboraci\u00f3n de la nueva Directiva marco sobre renovables que recoge el objetivo vinculante de alcanzar en 2020 el 20% de energ\u00edas renovables en el consumo total de la UE; as\u00ed como el objetivo vinculante m\u00ednimo para cada Estado Miembro de que el 10% de los combustibles, respecto de los que se consuman en la UE para 2020, sean biocarburantes.<\/p>\n<p>En la nueva Directiva aparece con fuerza el criterio de los certificados de origen (los llamados \u00abcertificados verdes\u00bb) para la comprobaci\u00f3n de la energ\u00eda producida cuyos requisitos se especifican as\u00ed como los organismos nacionales competentes para expedirlos, los registros de dichas garant\u00edas, las condiciones para su transferencia y para su anulaci\u00f3n y los procedimientos administrativos.<\/p>\n<p>Respecto de los biocombustibles, la Directiva identifica criterios de sostenibilidad de los biocombustibles y su verificaci\u00f3n, no solamente en cuanto a la producci\u00f3n comunitaria sino tambi\u00e9n en pa\u00edses terceros.<\/p>\n<p>Asimismo, la Directiva presta atenci\u00f3n a la definici\u00f3n de criterios para el c\u00e1lculo del impacto del uso de biocombustibles en las emisiones de gases invernadero, para lo cual se incluye un anejo detallado seg\u00fan los productos a partir de los cuales se obtienen dichos biocarburantes.<\/p>\n<p>Finalmente, la obligaci\u00f3n para los Estados miembros de alcanzar el objetivo del 10% en biodiesel en 2020 se disgrega en dos plazos: productos diesel cuyas especificaciones se recogen en el anejo V y cuya mezcla al 7% estar\u00e1 disponible en las estaciones de servicio el 31 de diciembre de 2010 y productos con mezcla al 10% en las mismas condiciones el 31 de diciembre de 2013.<\/p>\n<p>En la Directiva se especifica que los sistemas de ayudas aplicados a la promoci\u00f3n de renovables no se considerar\u00e1n ayudas de estado, siempre que se cumplan los requisitos descritos en dicho art\u00edculo para lo cual la Directiva propone soluciones diferentes en funci\u00f3n de las tecnolog\u00edas aplicadas y de la utilizaci\u00f3n de ellas: producci\u00f3n de calor y fr\u00edo, biomasa, bombas de calor, solar, biocombustibles o cogeneraci\u00f3n.<\/p>\n<p>IDAE<\/p>\n        <\/div>\n    <\/section>\n","protected":false},"excerpt":{"rendered":"","protected":false},"featured_media":0,"menu_order":0,"comment_status":"closed","ping_status":"closed","template":"","nivel-2":[936],"nivel-5":[],"nivel-1":[],"nivel-3":[],"nivel-4":[],"class_list":["post-2323","new","type-new","status-publish","hentry","nivel-2-conservacion-del-medio-ambiente"],"acf":[],"yoast_head":"<title>Expo Congreso Internacional de Biodiesel y Bioetanol, Oviedo, 12 y 13 de marzo de 2008 Sala de prensa Ferrovial | \u00daltimas noticias<\/title>\n<meta name=\"description\" content=\"Sala de prensa Ferrovial | \u00daltimas noticias\" \/>\n<meta name=\"robots\" content=\"index, follow, max-snippet:-1, max-image-preview:large, max-video-preview:-1\" \/>\n<link rel=\"canonical\" href=\"https:\/\/newsroom.ferrovial.com\/es\/noticias\/expo-congreso-internacional-de-biodiesel-y-bioetanol-oviedo-12-y-13-de-marzo-de-2008\/\" \/>\n<meta property=\"og:locale\" content=\"es_ES\" \/>\n<meta property=\"og:type\" content=\"article\" \/>\n<meta property=\"og:title\" content=\"Expo Congreso Internacional de Biodiesel y Bioetanol, Oviedo, 12 y 13 de marzo de 2008 Sala de prensa Ferrovial | \u00daltimas noticias\" \/>\n<meta property=\"og:description\" content=\"Sala de prensa Ferrovial | \u00daltimas noticias\" \/>\n<meta property=\"og:url\" content=\"https:\/\/newsroom.ferrovial.com\/es\/noticias\/expo-congreso-internacional-de-biodiesel-y-bioetanol-oviedo-12-y-13-de-marzo-de-2008\/\" \/>\n<meta property=\"og:site_name\" content=\"Sala de prensa Ferrovial | \u00daltimas noticias\" \/>\n<meta property=\"article:publisher\" content=\"https:\/\/www.facebook.com\/ferrovial\" \/>\n<meta property=\"article:modified_time\" content=\"2022-12-21T10:05:16+00:00\" \/>\n<meta name=\"twitter:card\" content=\"summary_large_image\" \/>\n<meta name=\"twitter:site\" content=\"@ferrovial\" \/>\n<script type=\"application\/ld+json\" class=\"yoast-schema-graph\">{\"@context\":\"https:\/\/schema.org\",\"@graph\":[{\"@type\":\"WebPage\",\"@id\":\"https:\/\/newsroom.ferrovial.com\/es\/noticias\/expo-congreso-internacional-de-biodiesel-y-bioetanol-oviedo-12-y-13-de-marzo-de-2008\/\",\"url\":\"https:\/\/newsroom.ferrovial.com\/es\/noticias\/expo-congreso-internacional-de-biodiesel-y-bioetanol-oviedo-12-y-13-de-marzo-de-2008\/\",\"name\":\"Expo Congreso Internacional de Biodiesel y Bioetanol, Oviedo, 12 y 13 de marzo de 2008 Sala de prensa Ferrovial | \u00daltimas noticias\",\"isPartOf\":{\"@id\":\"https:\/\/newsroom.ferrovial.com\/es\/#website\"},\"datePublished\":\"2008-02-21T00:00:00+00:00\",\"dateModified\":\"2022-12-21T10:05:16+00:00\",\"description\":\"Sala de prensa Ferrovial | \u00daltimas noticias\",\"breadcrumb\":{\"@id\":\"https:\/\/newsroom.ferrovial.com\/es\/noticias\/expo-congreso-internacional-de-biodiesel-y-bioetanol-oviedo-12-y-13-de-marzo-de-2008\/#breadcrumb\"},\"inLanguage\":\"es\",\"potentialAction\":[{\"@type\":\"ReadAction\",\"target\":[\"https:\/\/newsroom.ferrovial.com\/es\/noticias\/expo-congreso-internacional-de-biodiesel-y-bioetanol-oviedo-12-y-13-de-marzo-de-2008\/\"]}]},{\"@type\":\"BreadcrumbList\",\"@id\":\"https:\/\/newsroom.ferrovial.com\/es\/noticias\/expo-congreso-internacional-de-biodiesel-y-bioetanol-oviedo-12-y-13-de-marzo-de-2008\/#breadcrumb\",\"itemListElement\":[{\"@type\":\"ListItem\",\"position\":1,\"name\":\"Portada\",\"item\":\"https:\/\/newsroom.ferrovial.com\/es\/\"},{\"@type\":\"ListItem\",\"position\":2,\"name\":\"Expo Congreso Internacional de Biodiesel y Bioetanol, Oviedo, 12 y 13 de marzo de 2008\"}]},{\"@type\":\"WebSite\",\"@id\":\"https:\/\/newsroom.ferrovial.com\/es\/#website\",\"url\":\"https:\/\/newsroom.ferrovial.com\/es\/\",\"name\":\"Sala de prensa Ferrovial | \u00daltimas noticias\",\"description\":\"Sala de prensa Ferrovial | \u00daltimas noticias\",\"publisher\":{\"@id\":\"https:\/\/newsroom.ferrovial.com\/es\/#organization\"},\"potentialAction\":[{\"@type\":\"SearchAction\",\"target\":{\"@type\":\"EntryPoint\",\"urlTemplate\":\"https:\/\/newsroom.ferrovial.com\/es\/?s={search_term_string}\"},\"query-input\":{\"@type\":\"PropertyValueSpecification\",\"valueRequired\":true,\"valueName\":\"search_term_string\"}}],\"inLanguage\":\"es\"},{\"@type\":\"Organization\",\"@id\":\"https:\/\/newsroom.ferrovial.com\/es\/#organization\",\"name\":\"Ferrovial S.A.\",\"url\":\"https:\/\/newsroom.ferrovial.com\/es\/\",\"logo\":{\"@type\":\"ImageObject\",\"inLanguage\":\"es\",\"@id\":\"https:\/\/newsroom.ferrovial.com\/es\/#\/schema\/logo\/image\/\",\"url\":\"https:\/\/static.newsroom.ferrovial.com\/wp-content\/uploads\/2018\/07\/15145720\/Ferrovial_Logotipo1.jpg\",\"contentUrl\":\"https:\/\/static.newsroom.ferrovial.com\/wp-content\/uploads\/2018\/07\/15145720\/Ferrovial_Logotipo1.jpg\",\"width\":600,\"height\":300,\"caption\":\"Ferrovial S.A.\"},\"image\":{\"@id\":\"https:\/\/newsroom.ferrovial.com\/es\/#\/schema\/logo\/image\/\"},\"sameAs\":[\"https:\/\/www.facebook.com\/ferrovial\",\"https:\/\/x.com\/ferrovial\",\"https:\/\/www.instagram.com\/ferrovial\/\",\"https:\/\/www.linkedin.com\/company\/ferrovial\",\"https:\/\/www.pinterest.es\/ferrovial\/\",\"https:\/\/www.youtube.com\/ferrovial\",\"https:\/\/en.wikipedia.org\/wiki\/Ferrovial\"]}]}<\/script>","yoast_head_json":{"title":"Expo Congreso Internacional de Biodiesel y Bioetanol, Oviedo, 12 y 13 de marzo de 2008 Sala de prensa Ferrovial | \u00daltimas noticias","description":"Sala de prensa Ferrovial | \u00daltimas noticias","robots":{"index":"index","follow":"follow","max-snippet":"max-snippet:-1","max-image-preview":"max-image-preview:large","max-video-preview":"max-video-preview:-1"},"canonical":"https:\/\/newsroom.ferrovial.com\/es\/noticias\/expo-congreso-internacional-de-biodiesel-y-bioetanol-oviedo-12-y-13-de-marzo-de-2008\/","og_locale":"es_ES","og_type":"article","og_title":"Expo Congreso Internacional de Biodiesel y Bioetanol, Oviedo, 12 y 13 de marzo de 2008 Sala de prensa Ferrovial | \u00daltimas noticias","og_description":"Sala de prensa Ferrovial | \u00daltimas noticias","og_url":"https:\/\/newsroom.ferrovial.com\/es\/noticias\/expo-congreso-internacional-de-biodiesel-y-bioetanol-oviedo-12-y-13-de-marzo-de-2008\/","og_site_name":"Sala de prensa Ferrovial | \u00daltimas noticias","article_publisher":"https:\/\/www.facebook.com\/ferrovial","article_modified_time":"2022-12-21T10:05:16+00:00","twitter_card":"summary_large_image","twitter_site":"@ferrovial","schema":{"@context":"https:\/\/schema.org","@graph":[{"@type":"WebPage","@id":"https:\/\/newsroom.ferrovial.com\/es\/noticias\/expo-congreso-internacional-de-biodiesel-y-bioetanol-oviedo-12-y-13-de-marzo-de-2008\/","url":"https:\/\/newsroom.ferrovial.com\/es\/noticias\/expo-congreso-internacional-de-biodiesel-y-bioetanol-oviedo-12-y-13-de-marzo-de-2008\/","name":"Expo Congreso Internacional de Biodiesel y Bioetanol, Oviedo, 12 y 13 de marzo de 2008 Sala de prensa Ferrovial | \u00daltimas noticias","isPartOf":{"@id":"https:\/\/newsroom.ferrovial.com\/es\/#website"},"datePublished":"2008-02-21T00:00:00+00:00","dateModified":"2022-12-21T10:05:16+00:00","description":"Sala de prensa Ferrovial | \u00daltimas noticias","breadcrumb":{"@id":"https:\/\/newsroom.ferrovial.com\/es\/noticias\/expo-congreso-internacional-de-biodiesel-y-bioetanol-oviedo-12-y-13-de-marzo-de-2008\/#breadcrumb"},"inLanguage":"es","potentialAction":[{"@type":"ReadAction","target":["https:\/\/newsroom.ferrovial.com\/es\/noticias\/expo-congreso-internacional-de-biodiesel-y-bioetanol-oviedo-12-y-13-de-marzo-de-2008\/"]}]},{"@type":"BreadcrumbList","@id":"https:\/\/newsroom.ferrovial.com\/es\/noticias\/expo-congreso-internacional-de-biodiesel-y-bioetanol-oviedo-12-y-13-de-marzo-de-2008\/#breadcrumb","itemListElement":[{"@type":"ListItem","position":1,"name":"Portada","item":"https:\/\/newsroom.ferrovial.com\/es\/"},{"@type":"ListItem","position":2,"name":"Expo Congreso Internacional de Biodiesel y Bioetanol, Oviedo, 12 y 13 de marzo de 2008"}]},{"@type":"WebSite","@id":"https:\/\/newsroom.ferrovial.com\/es\/#website","url":"https:\/\/newsroom.ferrovial.com\/es\/","name":"Sala de prensa Ferrovial | \u00daltimas noticias","description":"Sala de prensa Ferrovial | \u00daltimas noticias","publisher":{"@id":"https:\/\/newsroom.ferrovial.com\/es\/#organization"},"potentialAction":[{"@type":"SearchAction","target":{"@type":"EntryPoint","urlTemplate":"https:\/\/newsroom.ferrovial.com\/es\/?s={search_term_string}"},"query-input":{"@type":"PropertyValueSpecification","valueRequired":true,"valueName":"search_term_string"}}],"inLanguage":"es"},{"@type":"Organization","@id":"https:\/\/newsroom.ferrovial.com\/es\/#organization","name":"Ferrovial S.A.","url":"https:\/\/newsroom.ferrovial.com\/es\/","logo":{"@type":"ImageObject","inLanguage":"es","@id":"https:\/\/newsroom.ferrovial.com\/es\/#\/schema\/logo\/image\/","url":"https:\/\/static.newsroom.ferrovial.com\/wp-content\/uploads\/2018\/07\/15145720\/Ferrovial_Logotipo1.jpg","contentUrl":"https:\/\/static.newsroom.ferrovial.com\/wp-content\/uploads\/2018\/07\/15145720\/Ferrovial_Logotipo1.jpg","width":600,"height":300,"caption":"Ferrovial S.A."},"image":{"@id":"https:\/\/newsroom.ferrovial.com\/es\/#\/schema\/logo\/image\/"},"sameAs":["https:\/\/www.facebook.com\/ferrovial","https:\/\/x.com\/ferrovial","https:\/\/www.instagram.com\/ferrovial\/","https:\/\/www.linkedin.com\/company\/ferrovial","https:\/\/www.pinterest.es\/ferrovial\/","https:\/\/www.youtube.com\/ferrovial","https:\/\/en.wikipedia.org\/wiki\/Ferrovial"]}]}},"_links":{"self":[{"href":"https:\/\/newsroom.ferrovial.com\/es\/wp-json\/wp\/v2\/new\/2323","targetHints":{"allow":["GET"]}}],"collection":[{"href":"https:\/\/newsroom.ferrovial.com\/es\/wp-json\/wp\/v2\/new"}],"about":[{"href":"https:\/\/newsroom.ferrovial.com\/es\/wp-json\/wp\/v2\/types\/new"}],"replies":[{"embeddable":true,"href":"https:\/\/newsroom.ferrovial.com\/es\/wp-json\/wp\/v2\/comments?post=2323"}],"version-history":[{"count":1,"href":"https:\/\/newsroom.ferrovial.com\/es\/wp-json\/wp\/v2\/new\/2323\/revisions"}],"predecessor-version":[{"id":118664,"href":"https:\/\/newsroom.ferrovial.com\/es\/wp-json\/wp\/v2\/new\/2323\/revisions\/118664"}],"wp:attachment":[{"href":"https:\/\/newsroom.ferrovial.com\/es\/wp-json\/wp\/v2\/media?parent=2323"}],"wp:term":[{"taxonomy":"nivel-2","embeddable":true,"href":"https:\/\/newsroom.ferrovial.com\/es\/wp-json\/wp\/v2\/nivel-2?post=2323"},{"taxonomy":"nivel-5","embeddable":true,"href":"https:\/\/newsroom.ferrovial.com\/es\/wp-json\/wp\/v2\/nivel-5?post=2323"},{"taxonomy":"nivel-1","embeddable":true,"href":"https:\/\/newsroom.ferrovial.com\/es\/wp-json\/wp\/v2\/nivel-1?post=2323"},{"taxonomy":"nivel-3","embeddable":true,"href":"https:\/\/newsroom.ferrovial.com\/es\/wp-json\/wp\/v2\/nivel-3?post=2323"},{"taxonomy":"nivel-4","embeddable":true,"href":"https:\/\/newsroom.ferrovial.com\/es\/wp-json\/wp\/v2\/nivel-4?post=2323"}],"curies":[{"name":"wp","href":"https:\/\/api.w.org\/{rel}","templated":true}]}}

<section class="wysiwyg text-editor " id="">
        <div class="container container--narrow container--p-10">
            <p>España a través del IDAE está participando muy activamente en la elaboración de la nueva Directiva marco sobre renovables que recoge el objetivo vinculante de alcanzar en 2020 el 20% de energías renovables en el consumo total de la UE; así como el objetivo vinculante mínimo para cada Estado Miembro de que el 10% de los combustibles, respecto de los que se consuman en la UE para 2020, sean biocarburantes.</p>
<p>En la nueva Directiva aparece con fuerza el criterio de los certificados de origen (los llamados «certificados verdes») para la comprobación de la energía producida cuyos requisitos se especifican así como los organismos nacionales competentes para expedirlos, los registros de dichas garantías, las condiciones para su transferencia y para su anulación y los procedimientos administrativos.</p>
<p>Respecto de los biocombustibles, la Directiva identifica criterios de sostenibilidad de los biocombustibles y su verificación, no solamente en cuanto a la producción comunitaria sino también en países terceros.</p>
<p>Asimismo, la Directiva presta atención a la definición de criterios para el cálculo del impacto del uso de biocombustibles en las emisiones de gases invernadero, para lo cual se incluye un anejo detallado según los productos a partir de los cuales se obtienen dichos biocarburantes.</p>
<p>Finalmente, la obligación para los Estados miembros de alcanzar el objetivo del 10% en biodiesel en 2020 se disgrega en dos plazos: productos diesel cuyas especificaciones se recogen en el anejo V y cuya mezcla al 7% estará disponible en las estaciones de servicio el 31 de diciembre de 2010 y productos con mezcla al 10% en las mismas condiciones el 31 de diciembre de 2013.</p>
<p>En la Directiva se especifica que los sistemas de ayudas aplicados a la promoción de renovables no se considerarán ayudas de estado, siempre que se cumplan los requisitos descritos en dicho artículo para lo cual la Directiva propone soluciones diferentes en función de las tecnologías aplicadas y de la utilización de ellas: producción de calor y frío, biomasa, bombas de calor, solar, biocombustibles o cogeneración.</p>
<p>IDAE</p>
        </div>
    </section>

<title>Expo Congreso Internacional de Biodiesel y Bioetanol, Oviedo, 12 y 13 de marzo de 2008 Sala de prensa Ferrovial | Últimas noticias</title>
<meta name="description" content="Sala de prensa Ferrovial | Últimas noticias" />
<meta name="robots" content="index, follow, max-snippet:-1, max-image-preview:large, max-video-preview:-1" />
<link rel="canonical" href="https://newsroom.ferrovial.com/es/noticias/expo-congreso-internacional-de-biodiesel-y-bioetanol-oviedo-12-y-13-de-marzo-de-2008/" />
<meta property="og:locale" content="es_ES" />
<meta property="og:type" content="article" />
<meta property="og:title" content="Expo Congreso Internacional de Biodiesel y Bioetanol, Oviedo, 12 y 13 de marzo de 2008 Sala de prensa Ferrovial | Últimas noticias" />
<meta property="og:description" content="Sala de prensa Ferrovial | Últimas noticias" />
<meta property="og:url" content="https://newsroom.ferrovial.com/es/noticias/expo-congreso-internacional-de-biodiesel-y-bioetanol-oviedo-12-y-13-de-marzo-de-2008/" />
<meta property="og:site_name" content="Sala de prensa Ferrovial | Últimas noticias" />
<meta property="article:publisher" content="https://www.facebook.com/ferrovial" />
<meta property="article:modified_time" content="2022-12-21T10:05:16+00:00" />
<meta name="twitter:card" content="summary_large_image" />
<meta name="twitter:site" content="@ferrovial" />
<script type="application/ld+json" class="yoast-schema-graph">{"@context":"https://schema.org","@graph":[{"@type":"WebPage","@id":"https://newsroom.ferrovial.com/es/noticias/expo-congreso-internacional-de-biodiesel-y-bioetanol-oviedo-12-y-13-de-marzo-de-2008/","url":"https://newsroom.ferrovial.com/es/noticias/expo-congreso-internacional-de-biodiesel-y-bioetanol-oviedo-12-y-13-de-marzo-de-2008/","name":"Expo Congreso Internacional de Biodiesel y Bioetanol, Oviedo, 12 y 13 de marzo de 2008 Sala de prensa Ferrovial | Últimas noticias","isPartOf":{"@id":"https://newsroom.ferrovial.com/es/#website"},"datePublished":"2008-02-21T00:00:00+00:00","dateModified":"2022-12-21T10:05:16+00:00","description":"Sala de prensa Ferrovial | Últimas noticias","breadcrumb":{"@id":"https://newsroom.ferrovial.com/es/noticias/expo-congreso-internacional-de-biodiesel-y-bioetanol-oviedo-12-y-13-de-marzo-de-2008/#breadcrumb"},"inLanguage":"es","potentialAction":[{"@type":"ReadAction","target":["https://newsroom.ferrovial.com/es/noticias/expo-congreso-internacional-de-biodiesel-y-bioetanol-oviedo-12-y-13-de-marzo-de-2008/"]}]},{"@type":"BreadcrumbList","@id":"https://newsroom.ferrovial.com/es/noticias/expo-congreso-internacional-de-biodiesel-y-bioetanol-oviedo-12-y-13-de-marzo-de-2008/#breadcrumb","itemListElement":[{"@type":"ListItem","position":1,"name":"Portada","item":"https://newsroom.ferrovial.com/es/"},{"@type":"ListItem","position":2,"name":"Expo Congreso Internacional de Biodiesel y Bioetanol, Oviedo, 12 y 13 de marzo de 2008"}]},{"@type":"WebSite","@id":"https://newsroom.ferrovial.com/es/#website","url":"https://newsroom.ferrovial.com/es/","name":"Sala de prensa Ferrovial | Últimas noticias","description":"Sala de prensa Ferrovial | Últimas noticias","publisher":{"@id":"https://newsroom.ferrovial.com/es/#organization"},"potentialAction":[{"@type":"SearchAction","target":{"@type":"EntryPoint","urlTemplate":"https://newsroom.ferrovial.com/es/?s={search_term_string}"},"query-input":{"@type":"PropertyValueSpecification","valueRequired":true,"valueName":"search_term_string"}}],"inLanguage":"es"},{"@type":"Organization","@id":"https://newsroom.ferrovial.com/es/#organization","name":"Ferrovial S.A.","url":"https://newsroom.ferrovial.com/es/","logo":{"@type":"ImageObject","inLanguage":"es","@id":"https://newsroom.ferrovial.com/es/#/schema/logo/image/","url":"https://static.newsroom.ferrovial.com/wp-content/uploads/2018/07/15145720/Ferrovial_Logotipo1.jpg","contentUrl":"https://static.newsroom.ferrovial.com/wp-content/uploads/2018/07/15145720/Ferrovial_Logotipo1.jpg","width":600,"height":300,"caption":"Ferrovial S.A."},"image":{"@id":"https://newsroom.ferrovial.com/es/#/schema/logo/image/"},"sameAs":["https://www.facebook.com/ferrovial","https://x.com/ferrovial","https://www.instagram.com/ferrovial/","https://www.linkedin.com/company/ferrovial","https://www.pinterest.es/ferrovial/","https://www.youtube.com/ferrovial","https://en.wikipedia.org/wiki/Ferrovial"]}]}</script>

Expo Congreso Internacional de Biodiesel y Bioetanol, Oviedo, 12 y 13 de marzo de 2008 Sala de prensa Ferrovial | Últimas noticias

Sala de prensa Ferrovial | Últimas noticias
