{"id":2525,"date":"2008-02-06T00:00:00","date_gmt":"2008-02-06T00:00:00","guid":{"rendered":"https:\/\/newsroom.ferrovial.com\/news\/nuevas-calderas-ecologicas\/"},"modified":"2022-12-21T11:09:09","modified_gmt":"2022-12-21T10:09:09","slug":"nuevas-calderas-ecologicas","status":"publish","type":"new","link":"https:\/\/newsroom.ferrovial.com\/es\/noticias\/nuevas-calderas-ecologicas\/","title":{"rendered":"Nuevas calderas ecol\u00f3gicas"},"content":{"rendered":"    <section class=\"wysiwyg text-editor \" id=\"\">\n        <div class=\"container container--narrow container--p-10\">\n            <p><strong>construible.es\u00a0<\/strong><\/p>\n<p>Cada a\u00f1o el parque de calderas se incrementa en Madrid en 15.000 instalaciones, y en los \u00faltimos cuatro a\u00f1os se han puesto en funcionamiento unas 140.000 de m\u00e1s de 70 kW de potencia. Estos datos contrastan con los de las calderas de carb\u00f3n, de las que hay registradas 1.451 salas, 1.312 ubicadas en la capital. El Gobierno regional pretende impulsar su sustituci\u00f3n por calderas m\u00e1s eficientes y ecol\u00f3gicas.<\/p>\n<p>Estos aparatos de condensaci\u00f3n gastan menos y tienen un rendimiento un 15% superior al de las convencionales. Su temperatura de salida de humos tambi\u00e9n es menor, lo que contribuye a un menor impacto ambiental. Las calderas de biomasa, consideradas ecol\u00f3gicas, se alimentan de energ\u00edas renovables.<\/p>\n<h4><strong>Nuevo reglamento<\/strong><\/h4>\n<p>El pr\u00f3ximo 29 de febrero de 2008 entrar\u00e1 en vigor el nuevo Reglamento de Instalaciones T\u00e9rmicas en los Edificios -RITE-, en el que se regulan las exigencias de eficiencia energ\u00e9tica y de seguridad que deben cumplir las instalaciones t\u00e9rmicas de los edificios para atender la demanda de bienestar e higiene de las personas, durante su dise\u00f1o y dimensionado, ejecuci\u00f3n, mantenimiento y uso.<\/p>\n<p>Este nuevo Reglamento incorpora medidas encaminadas a la mejora de la eficiencia energ\u00e9tica de las instalaciones t\u00e9rmicas de los edificios existentes, una de las medidas contempladas en el Plan de Acci\u00f3n 2005-2007 de la Estrategia de Ahorro y Eficiencia Energ\u00e9tica.<\/p>\n        <\/div>\n    <\/section>\n","protected":false},"excerpt":{"rendered":"","protected":false},"featured_media":0,"menu_order":0,"comment_status":"closed","ping_status":"closed","template":"","nivel-2":[936],"nivel-5":[],"nivel-1":[],"nivel-3":[],"nivel-4":[],"class_list":["post-2525","new","type-new","status-publish","hentry","nivel-2-conservacion-del-medio-ambiente"],"acf":[],"yoast_head":"<title>Nuevas calderas ecol\u00f3gicas Sala de prensa Ferrovial | \u00daltimas noticias<\/title>\n<meta name=\"description\" content=\"Sala de prensa Ferrovial | \u00daltimas noticias\" \/>\n<meta name=\"robots\" content=\"index, follow, max-snippet:-1, max-image-preview:large, max-video-preview:-1\" \/>\n<link rel=\"canonical\" href=\"https:\/\/newsroom.ferrovial.com\/es\/noticias\/nuevas-calderas-ecologicas\/\" \/>\n<meta property=\"og:locale\" content=\"es_ES\" \/>\n<meta property=\"og:type\" content=\"article\" \/>\n<meta property=\"og:title\" content=\"Nuevas calderas ecol\u00f3gicas Sala de prensa Ferrovial | \u00daltimas noticias\" \/>\n<meta property=\"og:description\" content=\"Sala de prensa Ferrovial | \u00daltimas noticias\" \/>\n<meta property=\"og:url\" content=\"https:\/\/newsroom.ferrovial.com\/es\/noticias\/nuevas-calderas-ecologicas\/\" \/>\n<meta property=\"og:site_name\" content=\"Sala de prensa Ferrovial | \u00daltimas noticias\" \/>\n<meta property=\"article:publisher\" content=\"https:\/\/www.facebook.com\/ferrovial\" \/>\n<meta property=\"article:modified_time\" content=\"2022-12-21T10:09:09+00:00\" \/>\n<meta name=\"twitter:card\" content=\"summary_large_image\" \/>\n<meta name=\"twitter:site\" content=\"@ferrovial\" \/>\n<script type=\"application\/ld+json\" class=\"yoast-schema-graph\">{\"@context\":\"https:\/\/schema.org\",\"@graph\":[{\"@type\":\"WebPage\",\"@id\":\"https:\/\/newsroom.ferrovial.com\/es\/noticias\/nuevas-calderas-ecologicas\/\",\"url\":\"https:\/\/newsroom.ferrovial.com\/es\/noticias\/nuevas-calderas-ecologicas\/\",\"name\":\"Nuevas calderas ecol\u00f3gicas Sala de prensa Ferrovial | \u00daltimas noticias\",\"isPartOf\":{\"@id\":\"https:\/\/newsroom.ferrovial.com\/es\/#website\"},\"datePublished\":\"2008-02-06T00:00:00+00:00\",\"dateModified\":\"2022-12-21T10:09:09+00:00\",\"description\":\"Sala de prensa Ferrovial | \u00daltimas noticias\",\"breadcrumb\":{\"@id\":\"https:\/\/newsroom.ferrovial.com\/es\/noticias\/nuevas-calderas-ecologicas\/#breadcrumb\"},\"inLanguage\":\"es\",\"potentialAction\":[{\"@type\":\"ReadAction\",\"target\":[\"https:\/\/newsroom.ferrovial.com\/es\/noticias\/nuevas-calderas-ecologicas\/\"]}]},{\"@type\":\"BreadcrumbList\",\"@id\":\"https:\/\/newsroom.ferrovial.com\/es\/noticias\/nuevas-calderas-ecologicas\/#breadcrumb\",\"itemListElement\":[{\"@type\":\"ListItem\",\"position\":1,\"name\":\"Portada\",\"item\":\"https:\/\/newsroom.ferrovial.com\/es\/\"},{\"@type\":\"ListItem\",\"position\":2,\"name\":\"Nuevas calderas ecol\u00f3gicas\"}]},{\"@type\":\"WebSite\",\"@id\":\"https:\/\/newsroom.ferrovial.com\/es\/#website\",\"url\":\"https:\/\/newsroom.ferrovial.com\/es\/\",\"name\":\"Sala de prensa Ferrovial | \u00daltimas noticias\",\"description\":\"Sala de prensa Ferrovial | \u00daltimas noticias\",\"publisher\":{\"@id\":\"https:\/\/newsroom.ferrovial.com\/es\/#organization\"},\"potentialAction\":[{\"@type\":\"SearchAction\",\"target\":{\"@type\":\"EntryPoint\",\"urlTemplate\":\"https:\/\/newsroom.ferrovial.com\/es\/?s={search_term_string}\"},\"query-input\":{\"@type\":\"PropertyValueSpecification\",\"valueRequired\":true,\"valueName\":\"search_term_string\"}}],\"inLanguage\":\"es\"},{\"@type\":\"Organization\",\"@id\":\"https:\/\/newsroom.ferrovial.com\/es\/#organization\",\"name\":\"Ferrovial S.A.\",\"url\":\"https:\/\/newsroom.ferrovial.com\/es\/\",\"logo\":{\"@type\":\"ImageObject\",\"inLanguage\":\"es\",\"@id\":\"https:\/\/newsroom.ferrovial.com\/es\/#\/schema\/logo\/image\/\",\"url\":\"https:\/\/static.newsroom.ferrovial.com\/wp-content\/uploads\/2018\/07\/15145720\/Ferrovial_Logotipo1.jpg\",\"contentUrl\":\"https:\/\/static.newsroom.ferrovial.com\/wp-content\/uploads\/2018\/07\/15145720\/Ferrovial_Logotipo1.jpg\",\"width\":600,\"height\":300,\"caption\":\"Ferrovial S.A.\"},\"image\":{\"@id\":\"https:\/\/newsroom.ferrovial.com\/es\/#\/schema\/logo\/image\/\"},\"sameAs\":[\"https:\/\/www.facebook.com\/ferrovial\",\"https:\/\/x.com\/ferrovial\",\"https:\/\/www.instagram.com\/ferrovial\/\",\"https:\/\/www.linkedin.com\/company\/ferrovial\",\"https:\/\/www.pinterest.es\/ferrovial\/\",\"https:\/\/www.youtube.com\/ferrovial\",\"https:\/\/en.wikipedia.org\/wiki\/Ferrovial\"]}]}<\/script>","yoast_head_json":{"title":"Nuevas calderas ecol\u00f3gicas Sala de prensa Ferrovial | \u00daltimas noticias","description":"Sala de prensa Ferrovial | \u00daltimas noticias","robots":{"index":"index","follow":"follow","max-snippet":"max-snippet:-1","max-image-preview":"max-image-preview:large","max-video-preview":"max-video-preview:-1"},"canonical":"https:\/\/newsroom.ferrovial.com\/es\/noticias\/nuevas-calderas-ecologicas\/","og_locale":"es_ES","og_type":"article","og_title":"Nuevas calderas ecol\u00f3gicas Sala de prensa Ferrovial | \u00daltimas noticias","og_description":"Sala de prensa Ferrovial | \u00daltimas noticias","og_url":"https:\/\/newsroom.ferrovial.com\/es\/noticias\/nuevas-calderas-ecologicas\/","og_site_name":"Sala de prensa Ferrovial | \u00daltimas noticias","article_publisher":"https:\/\/www.facebook.com\/ferrovial","article_modified_time":"2022-12-21T10:09:09+00:00","twitter_card":"summary_large_image","twitter_site":"@ferrovial","schema":{"@context":"https:\/\/schema.org","@graph":[{"@type":"WebPage","@id":"https:\/\/newsroom.ferrovial.com\/es\/noticias\/nuevas-calderas-ecologicas\/","url":"https:\/\/newsroom.ferrovial.com\/es\/noticias\/nuevas-calderas-ecologicas\/","name":"Nuevas calderas ecol\u00f3gicas Sala de prensa Ferrovial | \u00daltimas noticias","isPartOf":{"@id":"https:\/\/newsroom.ferrovial.com\/es\/#website"},"datePublished":"2008-02-06T00:00:00+00:00","dateModified":"2022-12-21T10:09:09+00:00","description":"Sala de prensa Ferrovial | \u00daltimas noticias","breadcrumb":{"@id":"https:\/\/newsroom.ferrovial.com\/es\/noticias\/nuevas-calderas-ecologicas\/#breadcrumb"},"inLanguage":"es","potentialAction":[{"@type":"ReadAction","target":["https:\/\/newsroom.ferrovial.com\/es\/noticias\/nuevas-calderas-ecologicas\/"]}]},{"@type":"BreadcrumbList","@id":"https:\/\/newsroom.ferrovial.com\/es\/noticias\/nuevas-calderas-ecologicas\/#breadcrumb","itemListElement":[{"@type":"ListItem","position":1,"name":"Portada","item":"https:\/\/newsroom.ferrovial.com\/es\/"},{"@type":"ListItem","position":2,"name":"Nuevas calderas ecol\u00f3gicas"}]},{"@type":"WebSite","@id":"https:\/\/newsroom.ferrovial.com\/es\/#website","url":"https:\/\/newsroom.ferrovial.com\/es\/","name":"Sala de prensa Ferrovial | \u00daltimas noticias","description":"Sala de prensa Ferrovial | \u00daltimas noticias","publisher":{"@id":"https:\/\/newsroom.ferrovial.com\/es\/#organization"},"potentialAction":[{"@type":"SearchAction","target":{"@type":"EntryPoint","urlTemplate":"https:\/\/newsroom.ferrovial.com\/es\/?s={search_term_string}"},"query-input":{"@type":"PropertyValueSpecification","valueRequired":true,"valueName":"search_term_string"}}],"inLanguage":"es"},{"@type":"Organization","@id":"https:\/\/newsroom.ferrovial.com\/es\/#organization","name":"Ferrovial S.A.","url":"https:\/\/newsroom.ferrovial.com\/es\/","logo":{"@type":"ImageObject","inLanguage":"es","@id":"https:\/\/newsroom.ferrovial.com\/es\/#\/schema\/logo\/image\/","url":"https:\/\/static.newsroom.ferrovial.com\/wp-content\/uploads\/2018\/07\/15145720\/Ferrovial_Logotipo1.jpg","contentUrl":"https:\/\/static.newsroom.ferrovial.com\/wp-content\/uploads\/2018\/07\/15145720\/Ferrovial_Logotipo1.jpg","width":600,"height":300,"caption":"Ferrovial S.A."},"image":{"@id":"https:\/\/newsroom.ferrovial.com\/es\/#\/schema\/logo\/image\/"},"sameAs":["https:\/\/www.facebook.com\/ferrovial","https:\/\/x.com\/ferrovial","https:\/\/www.instagram.com\/ferrovial\/","https:\/\/www.linkedin.com\/company\/ferrovial","https:\/\/www.pinterest.es\/ferrovial\/","https:\/\/www.youtube.com\/ferrovial","https:\/\/en.wikipedia.org\/wiki\/Ferrovial"]}]}},"_links":{"self":[{"href":"https:\/\/newsroom.ferrovial.com\/es\/wp-json\/wp\/v2\/new\/2525","targetHints":{"allow":["GET"]}}],"collection":[{"href":"https:\/\/newsroom.ferrovial.com\/es\/wp-json\/wp\/v2\/new"}],"about":[{"href":"https:\/\/newsroom.ferrovial.com\/es\/wp-json\/wp\/v2\/types\/new"}],"replies":[{"embeddable":true,"href":"https:\/\/newsroom.ferrovial.com\/es\/wp-json\/wp\/v2\/comments?post=2525"}],"version-history":[{"count":1,"href":"https:\/\/newsroom.ferrovial.com\/es\/wp-json\/wp\/v2\/new\/2525\/revisions"}],"predecessor-version":[{"id":118688,"href":"https:\/\/newsroom.ferrovial.com\/es\/wp-json\/wp\/v2\/new\/2525\/revisions\/118688"}],"wp:attachment":[{"href":"https:\/\/newsroom.ferrovial.com\/es\/wp-json\/wp\/v2\/media?parent=2525"}],"wp:term":[{"taxonomy":"nivel-2","embeddable":true,"href":"https:\/\/newsroom.ferrovial.com\/es\/wp-json\/wp\/v2\/nivel-2?post=2525"},{"taxonomy":"nivel-5","embeddable":true,"href":"https:\/\/newsroom.ferrovial.com\/es\/wp-json\/wp\/v2\/nivel-5?post=2525"},{"taxonomy":"nivel-1","embeddable":true,"href":"https:\/\/newsroom.ferrovial.com\/es\/wp-json\/wp\/v2\/nivel-1?post=2525"},{"taxonomy":"nivel-3","embeddable":true,"href":"https:\/\/newsroom.ferrovial.com\/es\/wp-json\/wp\/v2\/nivel-3?post=2525"},{"taxonomy":"nivel-4","embeddable":true,"href":"https:\/\/newsroom.ferrovial.com\/es\/wp-json\/wp\/v2\/nivel-4?post=2525"}],"curies":[{"name":"wp","href":"https:\/\/api.w.org\/{rel}","templated":true}]}}

Nuevas calderas ecológicas

<section class="wysiwyg text-editor " id="">
        <div class="container container--narrow container--p-10">
            <p><strong>construible.es </strong></p>
<p>Cada año el parque de calderas se incrementa en Madrid en 15.000 instalaciones, y en los últimos cuatro años se han puesto en funcionamiento unas 140.000 de más de 70 kW de potencia. Estos datos contrastan con los de las calderas de carbón, de las que hay registradas 1.451 salas, 1.312 ubicadas en la capital. El Gobierno regional pretende impulsar su sustitución por calderas más eficientes y ecológicas.</p>
<p>Estos aparatos de condensación gastan menos y tienen un rendimiento un 15% superior al de las convencionales. Su temperatura de salida de humos también es menor, lo que contribuye a un menor impacto ambiental. Las calderas de biomasa, consideradas ecológicas, se alimentan de energías renovables.</p>
<h4><strong>Nuevo reglamento</strong></h4>
<p>El próximo 29 de febrero de 2008 entrará en vigor el nuevo Reglamento de Instalaciones Térmicas en los Edificios -RITE-, en el que se regulan las exigencias de eficiencia energética y de seguridad que deben cumplir las instalaciones térmicas de los edificios para atender la demanda de bienestar e higiene de las personas, durante su diseño y dimensionado, ejecución, mantenimiento y uso.</p>
<p>Este nuevo Reglamento incorpora medidas encaminadas a la mejora de la eficiencia energética de las instalaciones térmicas de los edificios existentes, una de las medidas contempladas en el Plan de Acción 2005-2007 de la Estrategia de Ahorro y Eficiencia Energética.</p>
        </div>
    </section>

<title>Nuevas calderas ecológicas Sala de prensa Ferrovial | Últimas noticias</title>
<meta name="description" content="Sala de prensa Ferrovial | Últimas noticias" />
<meta name="robots" content="index, follow, max-snippet:-1, max-image-preview:large, max-video-preview:-1" />
<link rel="canonical" href="https://newsroom.ferrovial.com/es/noticias/nuevas-calderas-ecologicas/" />
<meta property="og:locale" content="es_ES" />
<meta property="og:type" content="article" />
<meta property="og:title" content="Nuevas calderas ecológicas Sala de prensa Ferrovial | Últimas noticias" />
<meta property="og:description" content="Sala de prensa Ferrovial | Últimas noticias" />
<meta property="og:url" content="https://newsroom.ferrovial.com/es/noticias/nuevas-calderas-ecologicas/" />
<meta property="og:site_name" content="Sala de prensa Ferrovial | Últimas noticias" />
<meta property="article:publisher" content="https://www.facebook.com/ferrovial" />
<meta property="article:modified_time" content="2022-12-21T10:09:09+00:00" />
<meta name="twitter:card" content="summary_large_image" />
<meta name="twitter:site" content="@ferrovial" />
<script type="application/ld+json" class="yoast-schema-graph">{"@context":"https://schema.org","@graph":[{"@type":"WebPage","@id":"https://newsroom.ferrovial.com/es/noticias/nuevas-calderas-ecologicas/","url":"https://newsroom.ferrovial.com/es/noticias/nuevas-calderas-ecologicas/","name":"Nuevas calderas ecológicas Sala de prensa Ferrovial | Últimas noticias","isPartOf":{"@id":"https://newsroom.ferrovial.com/es/#website"},"datePublished":"2008-02-06T00:00:00+00:00","dateModified":"2022-12-21T10:09:09+00:00","description":"Sala de prensa Ferrovial | Últimas noticias","breadcrumb":{"@id":"https://newsroom.ferrovial.com/es/noticias/nuevas-calderas-ecologicas/#breadcrumb"},"inLanguage":"es","potentialAction":[{"@type":"ReadAction","target":["https://newsroom.ferrovial.com/es/noticias/nuevas-calderas-ecologicas/"]}]},{"@type":"BreadcrumbList","@id":"https://newsroom.ferrovial.com/es/noticias/nuevas-calderas-ecologicas/#breadcrumb","itemListElement":[{"@type":"ListItem","position":1,"name":"Portada","item":"https://newsroom.ferrovial.com/es/"},{"@type":"ListItem","position":2,"name":"Nuevas calderas ecológicas"}]},{"@type":"WebSite","@id":"https://newsroom.ferrovial.com/es/#website","url":"https://newsroom.ferrovial.com/es/","name":"Sala de prensa Ferrovial | Últimas noticias","description":"Sala de prensa Ferrovial | Últimas noticias","publisher":{"@id":"https://newsroom.ferrovial.com/es/#organization"},"potentialAction":[{"@type":"SearchAction","target":{"@type":"EntryPoint","urlTemplate":"https://newsroom.ferrovial.com/es/?s={search_term_string}"},"query-input":{"@type":"PropertyValueSpecification","valueRequired":true,"valueName":"search_term_string"}}],"inLanguage":"es"},{"@type":"Organization","@id":"https://newsroom.ferrovial.com/es/#organization","name":"Ferrovial S.A.","url":"https://newsroom.ferrovial.com/es/","logo":{"@type":"ImageObject","inLanguage":"es","@id":"https://newsroom.ferrovial.com/es/#/schema/logo/image/","url":"https://static.newsroom.ferrovial.com/wp-content/uploads/2018/07/15145720/Ferrovial_Logotipo1.jpg","contentUrl":"https://static.newsroom.ferrovial.com/wp-content/uploads/2018/07/15145720/Ferrovial_Logotipo1.jpg","width":600,"height":300,"caption":"Ferrovial S.A."},"image":{"@id":"https://newsroom.ferrovial.com/es/#/schema/logo/image/"},"sameAs":["https://www.facebook.com/ferrovial","https://x.com/ferrovial","https://www.instagram.com/ferrovial/","https://www.linkedin.com/company/ferrovial","https://www.pinterest.es/ferrovial/","https://www.youtube.com/ferrovial","https://en.wikipedia.org/wiki/Ferrovial"]}]}</script>

Nuevas calderas ecológicas Sala de prensa Ferrovial | Últimas noticias

Sala de prensa Ferrovial | Últimas noticias
