{"id":2551,"date":"2008-09-11T00:00:00","date_gmt":"2008-09-11T00:00:00","guid":{"rendered":"https:\/\/newsroom.ferrovial.com\/news\/primera-central-de-carbon-que-entierra-co2\/"},"modified":"2022-12-21T10:54:06","modified_gmt":"2022-12-21T09:54:06","slug":"primera-central-de-carbon-que-entierra-co2","status":"publish","type":"new","link":"https:\/\/newsroom.ferrovial.com\/es\/noticias\/primera-central-de-carbon-que-entierra-co2\/","title":{"rendered":"Primera central de carb\u00f3n que entierra CO2"},"content":{"rendered":"    <section class=\"wysiwyg text-editor \" id=\"\">\n        <div class=\"container container--narrow container--p-10\">\n            <p>En la localidad de Stemberg, en el Este de Alemania, se ha inaugurado una planta piloto de enterramiento de CO2 (Carbon Capture and Storage, o CCS). El proyecto, pionero en todo el mundo, consiste en una central que obtiene energ\u00eda el\u00e9ctrica mediante la combusti\u00f3n del carb\u00f3n, pero a diferencia de las centrales convencionales no emite los gases de efecto invernadero producidos, sino que los almacena bajo tierra.<\/p>\n<p>La empresa sueca Vattenfall ha logrado separar el CO2 durante la combusti\u00f3n del carb\u00f3n (lignito, en el caso de esta planta), que posteriormente es condensado con alta presi\u00f3n para ser transportado y almacenado en estado l\u00edquido en unos dep\u00f3sitos de gas natural empobrecido a 600 metros de profundidad.<\/p>\n<p>La planta, que funciona desde el lunes con un rendimiento de 30 MW, ha costado 70 millones de euros, y estar\u00e1 en fase de prueba hasta 2015 como tarde.<\/p>\n<p>Aunque de esta manera, el impacto sobre el calentamiento global se reduce significativamente, los ecologistas alemanes han criticado severamente el proyecto y a la empresa responsable. Dicen del proyecto, que no es una soluci\u00f3n al problema del calentamiento global y critican el uso de lignito para la combusti\u00f3n, ya que se trata de un material especialmente perjudicial para el medio ambiente. La empresa es criticada por haber inaugurado, adem\u00e1s de esta planta, otras dos nuevas centrales el\u00e9ctricas convencionales con elevadas emisiones de gases de efecto invernadero.<\/p>\n<p>La empresa alemana EON ha comunicado que tiene siete proyectos CSS previstos en Alemania y Holanda. EON y Vattenfall se han marcado el a\u00f1o 2020 como fecha tope para comercializar esta tecnolog\u00eda.<\/p>\n<p>Fuente: elmundo.es<\/p>\n        <\/div>\n    <\/section>\n","protected":false},"excerpt":{"rendered":"","protected":false},"featured_media":0,"menu_order":0,"comment_status":"closed","ping_status":"closed","template":"","nivel-2":[],"nivel-5":[],"nivel-1":[],"nivel-3":[],"nivel-4":[],"class_list":["post-2551","new","type-new","status-publish","hentry"],"acf":[],"yoast_head":"<title>Primera central de carb\u00f3n que entierra CO2 Sala de prensa Ferrovial | \u00daltimas noticias<\/title>\n<meta name=\"description\" content=\"Sala de prensa Ferrovial | \u00daltimas noticias\" \/>\n<meta name=\"robots\" content=\"index, follow, max-snippet:-1, max-image-preview:large, max-video-preview:-1\" \/>\n<link rel=\"canonical\" href=\"https:\/\/newsroom.ferrovial.com\/es\/noticias\/primera-central-de-carbon-que-entierra-co2\/\" \/>\n<meta property=\"og:locale\" content=\"es_ES\" \/>\n<meta property=\"og:type\" content=\"article\" \/>\n<meta property=\"og:title\" content=\"Primera central de carb\u00f3n que entierra CO2 Sala de prensa Ferrovial | \u00daltimas noticias\" \/>\n<meta property=\"og:description\" content=\"Sala de prensa Ferrovial | \u00daltimas noticias\" \/>\n<meta property=\"og:url\" content=\"https:\/\/newsroom.ferrovial.com\/es\/noticias\/primera-central-de-carbon-que-entierra-co2\/\" \/>\n<meta property=\"og:site_name\" content=\"Sala de prensa Ferrovial | \u00daltimas noticias\" \/>\n<meta property=\"article:publisher\" content=\"https:\/\/www.facebook.com\/ferrovial\" \/>\n<meta property=\"article:modified_time\" content=\"2022-12-21T09:54:06+00:00\" \/>\n<meta name=\"twitter:card\" content=\"summary_large_image\" \/>\n<meta name=\"twitter:site\" content=\"@ferrovial\" \/>\n<script type=\"application\/ld+json\" class=\"yoast-schema-graph\">{\"@context\":\"https:\/\/schema.org\",\"@graph\":[{\"@type\":\"WebPage\",\"@id\":\"https:\/\/newsroom.ferrovial.com\/es\/noticias\/primera-central-de-carbon-que-entierra-co2\/\",\"url\":\"https:\/\/newsroom.ferrovial.com\/es\/noticias\/primera-central-de-carbon-que-entierra-co2\/\",\"name\":\"Primera central de carb\u00f3n que entierra CO2 Sala de prensa Ferrovial | \u00daltimas noticias\",\"isPartOf\":{\"@id\":\"https:\/\/newsroom.ferrovial.com\/es\/#website\"},\"datePublished\":\"2008-09-11T00:00:00+00:00\",\"dateModified\":\"2022-12-21T09:54:06+00:00\",\"description\":\"Sala de prensa Ferrovial | \u00daltimas noticias\",\"breadcrumb\":{\"@id\":\"https:\/\/newsroom.ferrovial.com\/es\/noticias\/primera-central-de-carbon-que-entierra-co2\/#breadcrumb\"},\"inLanguage\":\"es\",\"potentialAction\":[{\"@type\":\"ReadAction\",\"target\":[\"https:\/\/newsroom.ferrovial.com\/es\/noticias\/primera-central-de-carbon-que-entierra-co2\/\"]}]},{\"@type\":\"BreadcrumbList\",\"@id\":\"https:\/\/newsroom.ferrovial.com\/es\/noticias\/primera-central-de-carbon-que-entierra-co2\/#breadcrumb\",\"itemListElement\":[{\"@type\":\"ListItem\",\"position\":1,\"name\":\"Portada\",\"item\":\"https:\/\/newsroom.ferrovial.com\/es\/\"},{\"@type\":\"ListItem\",\"position\":2,\"name\":\"Primera central de carb\u00f3n que entierra CO2\"}]},{\"@type\":\"WebSite\",\"@id\":\"https:\/\/newsroom.ferrovial.com\/es\/#website\",\"url\":\"https:\/\/newsroom.ferrovial.com\/es\/\",\"name\":\"Sala de prensa Ferrovial | \u00daltimas noticias\",\"description\":\"Sala de prensa Ferrovial | \u00daltimas noticias\",\"publisher\":{\"@id\":\"https:\/\/newsroom.ferrovial.com\/es\/#organization\"},\"potentialAction\":[{\"@type\":\"SearchAction\",\"target\":{\"@type\":\"EntryPoint\",\"urlTemplate\":\"https:\/\/newsroom.ferrovial.com\/es\/?s={search_term_string}\"},\"query-input\":{\"@type\":\"PropertyValueSpecification\",\"valueRequired\":true,\"valueName\":\"search_term_string\"}}],\"inLanguage\":\"es\"},{\"@type\":\"Organization\",\"@id\":\"https:\/\/newsroom.ferrovial.com\/es\/#organization\",\"name\":\"Ferrovial S.A.\",\"url\":\"https:\/\/newsroom.ferrovial.com\/es\/\",\"logo\":{\"@type\":\"ImageObject\",\"inLanguage\":\"es\",\"@id\":\"https:\/\/newsroom.ferrovial.com\/es\/#\/schema\/logo\/image\/\",\"url\":\"https:\/\/static.newsroom.ferrovial.com\/wp-content\/uploads\/2018\/07\/15145720\/Ferrovial_Logotipo1.jpg\",\"contentUrl\":\"https:\/\/static.newsroom.ferrovial.com\/wp-content\/uploads\/2018\/07\/15145720\/Ferrovial_Logotipo1.jpg\",\"width\":600,\"height\":300,\"caption\":\"Ferrovial S.A.\"},\"image\":{\"@id\":\"https:\/\/newsroom.ferrovial.com\/es\/#\/schema\/logo\/image\/\"},\"sameAs\":[\"https:\/\/www.facebook.com\/ferrovial\",\"https:\/\/x.com\/ferrovial\",\"https:\/\/www.instagram.com\/ferrovial\/\",\"https:\/\/www.linkedin.com\/company\/ferrovial\",\"https:\/\/www.pinterest.es\/ferrovial\/\",\"https:\/\/www.youtube.com\/ferrovial\",\"https:\/\/en.wikipedia.org\/wiki\/Ferrovial\"]}]}<\/script>","yoast_head_json":{"title":"Primera central de carb\u00f3n que entierra CO2 Sala de prensa Ferrovial | \u00daltimas noticias","description":"Sala de prensa Ferrovial | \u00daltimas noticias","robots":{"index":"index","follow":"follow","max-snippet":"max-snippet:-1","max-image-preview":"max-image-preview:large","max-video-preview":"max-video-preview:-1"},"canonical":"https:\/\/newsroom.ferrovial.com\/es\/noticias\/primera-central-de-carbon-que-entierra-co2\/","og_locale":"es_ES","og_type":"article","og_title":"Primera central de carb\u00f3n que entierra CO2 Sala de prensa Ferrovial | \u00daltimas noticias","og_description":"Sala de prensa Ferrovial | \u00daltimas noticias","og_url":"https:\/\/newsroom.ferrovial.com\/es\/noticias\/primera-central-de-carbon-que-entierra-co2\/","og_site_name":"Sala de prensa Ferrovial | \u00daltimas noticias","article_publisher":"https:\/\/www.facebook.com\/ferrovial","article_modified_time":"2022-12-21T09:54:06+00:00","twitter_card":"summary_large_image","twitter_site":"@ferrovial","schema":{"@context":"https:\/\/schema.org","@graph":[{"@type":"WebPage","@id":"https:\/\/newsroom.ferrovial.com\/es\/noticias\/primera-central-de-carbon-que-entierra-co2\/","url":"https:\/\/newsroom.ferrovial.com\/es\/noticias\/primera-central-de-carbon-que-entierra-co2\/","name":"Primera central de carb\u00f3n que entierra CO2 Sala de prensa Ferrovial | \u00daltimas noticias","isPartOf":{"@id":"https:\/\/newsroom.ferrovial.com\/es\/#website"},"datePublished":"2008-09-11T00:00:00+00:00","dateModified":"2022-12-21T09:54:06+00:00","description":"Sala de prensa Ferrovial | \u00daltimas noticias","breadcrumb":{"@id":"https:\/\/newsroom.ferrovial.com\/es\/noticias\/primera-central-de-carbon-que-entierra-co2\/#breadcrumb"},"inLanguage":"es","potentialAction":[{"@type":"ReadAction","target":["https:\/\/newsroom.ferrovial.com\/es\/noticias\/primera-central-de-carbon-que-entierra-co2\/"]}]},{"@type":"BreadcrumbList","@id":"https:\/\/newsroom.ferrovial.com\/es\/noticias\/primera-central-de-carbon-que-entierra-co2\/#breadcrumb","itemListElement":[{"@type":"ListItem","position":1,"name":"Portada","item":"https:\/\/newsroom.ferrovial.com\/es\/"},{"@type":"ListItem","position":2,"name":"Primera central de carb\u00f3n que entierra CO2"}]},{"@type":"WebSite","@id":"https:\/\/newsroom.ferrovial.com\/es\/#website","url":"https:\/\/newsroom.ferrovial.com\/es\/","name":"Sala de prensa Ferrovial | \u00daltimas noticias","description":"Sala de prensa Ferrovial | \u00daltimas noticias","publisher":{"@id":"https:\/\/newsroom.ferrovial.com\/es\/#organization"},"potentialAction":[{"@type":"SearchAction","target":{"@type":"EntryPoint","urlTemplate":"https:\/\/newsroom.ferrovial.com\/es\/?s={search_term_string}"},"query-input":{"@type":"PropertyValueSpecification","valueRequired":true,"valueName":"search_term_string"}}],"inLanguage":"es"},{"@type":"Organization","@id":"https:\/\/newsroom.ferrovial.com\/es\/#organization","name":"Ferrovial S.A.","url":"https:\/\/newsroom.ferrovial.com\/es\/","logo":{"@type":"ImageObject","inLanguage":"es","@id":"https:\/\/newsroom.ferrovial.com\/es\/#\/schema\/logo\/image\/","url":"https:\/\/static.newsroom.ferrovial.com\/wp-content\/uploads\/2018\/07\/15145720\/Ferrovial_Logotipo1.jpg","contentUrl":"https:\/\/static.newsroom.ferrovial.com\/wp-content\/uploads\/2018\/07\/15145720\/Ferrovial_Logotipo1.jpg","width":600,"height":300,"caption":"Ferrovial S.A."},"image":{"@id":"https:\/\/newsroom.ferrovial.com\/es\/#\/schema\/logo\/image\/"},"sameAs":["https:\/\/www.facebook.com\/ferrovial","https:\/\/x.com\/ferrovial","https:\/\/www.instagram.com\/ferrovial\/","https:\/\/www.linkedin.com\/company\/ferrovial","https:\/\/www.pinterest.es\/ferrovial\/","https:\/\/www.youtube.com\/ferrovial","https:\/\/en.wikipedia.org\/wiki\/Ferrovial"]}]}},"_links":{"self":[{"href":"https:\/\/newsroom.ferrovial.com\/es\/wp-json\/wp\/v2\/new\/2551","targetHints":{"allow":["GET"]}}],"collection":[{"href":"https:\/\/newsroom.ferrovial.com\/es\/wp-json\/wp\/v2\/new"}],"about":[{"href":"https:\/\/newsroom.ferrovial.com\/es\/wp-json\/wp\/v2\/types\/new"}],"replies":[{"embeddable":true,"href":"https:\/\/newsroom.ferrovial.com\/es\/wp-json\/wp\/v2\/comments?post=2551"}],"version-history":[{"count":1,"href":"https:\/\/newsroom.ferrovial.com\/es\/wp-json\/wp\/v2\/new\/2551\/revisions"}],"predecessor-version":[{"id":118403,"href":"https:\/\/newsroom.ferrovial.com\/es\/wp-json\/wp\/v2\/new\/2551\/revisions\/118403"}],"wp:attachment":[{"href":"https:\/\/newsroom.ferrovial.com\/es\/wp-json\/wp\/v2\/media?parent=2551"}],"wp:term":[{"taxonomy":"nivel-2","embeddable":true,"href":"https:\/\/newsroom.ferrovial.com\/es\/wp-json\/wp\/v2\/nivel-2?post=2551"},{"taxonomy":"nivel-5","embeddable":true,"href":"https:\/\/newsroom.ferrovial.com\/es\/wp-json\/wp\/v2\/nivel-5?post=2551"},{"taxonomy":"nivel-1","embeddable":true,"href":"https:\/\/newsroom.ferrovial.com\/es\/wp-json\/wp\/v2\/nivel-1?post=2551"},{"taxonomy":"nivel-3","embeddable":true,"href":"https:\/\/newsroom.ferrovial.com\/es\/wp-json\/wp\/v2\/nivel-3?post=2551"},{"taxonomy":"nivel-4","embeddable":true,"href":"https:\/\/newsroom.ferrovial.com\/es\/wp-json\/wp\/v2\/nivel-4?post=2551"}],"curies":[{"name":"wp","href":"https:\/\/api.w.org\/{rel}","templated":true}]}}

Primera central de carbón que entierra CO2

<section class="wysiwyg text-editor " id="">
        <div class="container container--narrow container--p-10">
            <p>En la localidad de Stemberg, en el Este de Alemania, se ha inaugurado una planta piloto de enterramiento de CO2 (Carbon Capture and Storage, o CCS). El proyecto, pionero en todo el mundo, consiste en una central que obtiene energía eléctrica mediante la combustión del carbón, pero a diferencia de las centrales convencionales no emite los gases de efecto invernadero producidos, sino que los almacena bajo tierra.</p>
<p>La empresa sueca Vattenfall ha logrado separar el CO2 durante la combustión del carbón (lignito, en el caso de esta planta), que posteriormente es condensado con alta presión para ser transportado y almacenado en estado líquido en unos depósitos de gas natural empobrecido a 600 metros de profundidad.</p>
<p>La planta, que funciona desde el lunes con un rendimiento de 30 MW, ha costado 70 millones de euros, y estará en fase de prueba hasta 2015 como tarde.</p>
<p>Aunque de esta manera, el impacto sobre el calentamiento global se reduce significativamente, los ecologistas alemanes han criticado severamente el proyecto y a la empresa responsable. Dicen del proyecto, que no es una solución al problema del calentamiento global y critican el uso de lignito para la combustión, ya que se trata de un material especialmente perjudicial para el medio ambiente. La empresa es criticada por haber inaugurado, además de esta planta, otras dos nuevas centrales eléctricas convencionales con elevadas emisiones de gases de efecto invernadero.</p>
<p>La empresa alemana EON ha comunicado que tiene siete proyectos CSS previstos en Alemania y Holanda. EON y Vattenfall se han marcado el año 2020 como fecha tope para comercializar esta tecnología.</p>
<p>Fuente: elmundo.es</p>
        </div>
    </section>

<title>Primera central de carbón que entierra CO2 Sala de prensa Ferrovial | Últimas noticias</title>
<meta name="description" content="Sala de prensa Ferrovial | Últimas noticias" />
<meta name="robots" content="index, follow, max-snippet:-1, max-image-preview:large, max-video-preview:-1" />
<link rel="canonical" href="https://newsroom.ferrovial.com/es/noticias/primera-central-de-carbon-que-entierra-co2/" />
<meta property="og:locale" content="es_ES" />
<meta property="og:type" content="article" />
<meta property="og:title" content="Primera central de carbón que entierra CO2 Sala de prensa Ferrovial | Últimas noticias" />
<meta property="og:description" content="Sala de prensa Ferrovial | Últimas noticias" />
<meta property="og:url" content="https://newsroom.ferrovial.com/es/noticias/primera-central-de-carbon-que-entierra-co2/" />
<meta property="og:site_name" content="Sala de prensa Ferrovial | Últimas noticias" />
<meta property="article:publisher" content="https://www.facebook.com/ferrovial" />
<meta property="article:modified_time" content="2022-12-21T09:54:06+00:00" />
<meta name="twitter:card" content="summary_large_image" />
<meta name="twitter:site" content="@ferrovial" />
<script type="application/ld+json" class="yoast-schema-graph">{"@context":"https://schema.org","@graph":[{"@type":"WebPage","@id":"https://newsroom.ferrovial.com/es/noticias/primera-central-de-carbon-que-entierra-co2/","url":"https://newsroom.ferrovial.com/es/noticias/primera-central-de-carbon-que-entierra-co2/","name":"Primera central de carbón que entierra CO2 Sala de prensa Ferrovial | Últimas noticias","isPartOf":{"@id":"https://newsroom.ferrovial.com/es/#website"},"datePublished":"2008-09-11T00:00:00+00:00","dateModified":"2022-12-21T09:54:06+00:00","description":"Sala de prensa Ferrovial | Últimas noticias","breadcrumb":{"@id":"https://newsroom.ferrovial.com/es/noticias/primera-central-de-carbon-que-entierra-co2/#breadcrumb"},"inLanguage":"es","potentialAction":[{"@type":"ReadAction","target":["https://newsroom.ferrovial.com/es/noticias/primera-central-de-carbon-que-entierra-co2/"]}]},{"@type":"BreadcrumbList","@id":"https://newsroom.ferrovial.com/es/noticias/primera-central-de-carbon-que-entierra-co2/#breadcrumb","itemListElement":[{"@type":"ListItem","position":1,"name":"Portada","item":"https://newsroom.ferrovial.com/es/"},{"@type":"ListItem","position":2,"name":"Primera central de carbón que entierra CO2"}]},{"@type":"WebSite","@id":"https://newsroom.ferrovial.com/es/#website","url":"https://newsroom.ferrovial.com/es/","name":"Sala de prensa Ferrovial | Últimas noticias","description":"Sala de prensa Ferrovial | Últimas noticias","publisher":{"@id":"https://newsroom.ferrovial.com/es/#organization"},"potentialAction":[{"@type":"SearchAction","target":{"@type":"EntryPoint","urlTemplate":"https://newsroom.ferrovial.com/es/?s={search_term_string}"},"query-input":{"@type":"PropertyValueSpecification","valueRequired":true,"valueName":"search_term_string"}}],"inLanguage":"es"},{"@type":"Organization","@id":"https://newsroom.ferrovial.com/es/#organization","name":"Ferrovial S.A.","url":"https://newsroom.ferrovial.com/es/","logo":{"@type":"ImageObject","inLanguage":"es","@id":"https://newsroom.ferrovial.com/es/#/schema/logo/image/","url":"https://static.newsroom.ferrovial.com/wp-content/uploads/2018/07/15145720/Ferrovial_Logotipo1.jpg","contentUrl":"https://static.newsroom.ferrovial.com/wp-content/uploads/2018/07/15145720/Ferrovial_Logotipo1.jpg","width":600,"height":300,"caption":"Ferrovial S.A."},"image":{"@id":"https://newsroom.ferrovial.com/es/#/schema/logo/image/"},"sameAs":["https://www.facebook.com/ferrovial","https://x.com/ferrovial","https://www.instagram.com/ferrovial/","https://www.linkedin.com/company/ferrovial","https://www.pinterest.es/ferrovial/","https://www.youtube.com/ferrovial","https://en.wikipedia.org/wiki/Ferrovial"]}]}</script>

Primera central de carbón que entierra CO2 Sala de prensa Ferrovial | Últimas noticias

Sala de prensa Ferrovial | Últimas noticias
