{"id":2736,"date":"2008-04-14T00:00:00","date_gmt":"2008-04-14T00:00:00","guid":{"rendered":"https:\/\/newsroom.ferrovial.com\/news\/el-cambio-climatico-y-la-escasez-de-agua-prioridades-para-esta-legislatura\/"},"modified":"2022-12-21T11:03:37","modified_gmt":"2022-12-21T10:03:37","slug":"el-cambio-climatico-y-la-escasez-de-agua-prioridades-para-esta-legislatura","status":"publish","type":"new","link":"https:\/\/newsroom.ferrovial.com\/es\/noticias\/el-cambio-climatico-y-la-escasez-de-agua-prioridades-para-esta-legislatura\/","title":{"rendered":"El cambio clim\u00e1tico y la escasez de agua, prioridades para esta legislatura"},"content":{"rendered":"    <section class=\"wysiwyg text-editor \" id=\"\">\n        <div class=\"container container--narrow container--p-10\">\n            <p>Las disputas que mantuvieron en los anteriores cuatro a\u00f1os <strong>Elena Espinosa y Cristina Narbona como titulares de Agricultura y Medio Ambiente<\/strong>, respectivamente, se han saldado con una clara ganadora para esta legislatura. Narbona no repite como ministra y sus competencias han sido traspasadas a Espinosa, que dirigir\u00e1 el nuevo Ministerio de Medio Ambiente, Medio Rural y Marino, en el que la prioridad n\u00famero uno ser\u00e1 la lucha contra el cambio clim\u00e1tico, tal y como reconoci\u00f3 el propio presidente del Ejecutivo en sus primeras declaraciones tras ser investido el pasado viernes.<\/p>\n<p>Espa\u00f1a est\u00e1 a\u00fan bastante lejos de cumplir los objetivos fijados en el <strong>protocolo de Kioto<\/strong> (<strong>reducir en 2012 un 15% las emisiones de gases de efecto invernadero respecto a 1990, cuando ahora las supera en un 48%<\/strong>) y las pol\u00edticas puestas en marcha durante la anterior legislatura, sobre todo la potenciaci\u00f3n de las energ\u00edas renovables y la fiscalidad medioambiental para el transporte, no han surtido los efectos deseados.<\/p>\n<p>La irrupci\u00f3n del nuevo ministerio, que podr\u00eda ser interpretado como beneficiosa para ganaderos y agricultores, que han mantenido buenas relaciones con Espinosa durante estos cuatro \u00faltimos a\u00f1os, ha causado justamente el efecto contrario en las organizaciones agrarias. Todas temen que la agricultura pierda peso frente a otros intereses. &#8216;No me parece bien que le quiten el nombre de Agricultura a un ministerio que lo ha llevado desde la d\u00e9cada de los 30, quiz\u00e1 sea porque la defensa del campo ir\u00e1 desde ahora en adelante por otros derroteros m\u00e1s de moda en la actualidad&#8217;, asegur\u00f3 ayer el presidente de Asaja, Pedro Barato.<\/p>\n<p>Y uno de los primeros frentes de batalla que se puede abrir en breve puede ser con el tema del agua. En la anterior legislatura, Medio Ambiente abogaba por la reducci\u00f3n del gasto h\u00eddrico de los agricultores, que representan el 70% del total del consumo, mientras que Agricultura, a trav\u00e9s de Espinosa, luchaba por defender el papel del regad\u00edo como fuente de riqueza para el sector agroalimentario y como elemento vertebrador del campo.<\/p>\n<p>La situaci\u00f3n puede cambiar en breve. La falta de agua en algunos n\u00facleos urbanos puede obligar a establecer restricciones o tasas por consumos elevados a los agricultores, lo que provocar\u00e1 con toda seguridad movilizaciones, al igual que se produjeron con la subida del precio de los cereales o la leche.<\/p>\n<p>Cinco d\u00edas<\/p>\n        <\/div>\n    <\/section>\n","protected":false},"excerpt":{"rendered":"","protected":false},"featured_media":0,"menu_order":0,"comment_status":"closed","ping_status":"closed","template":"","nivel-2":[936],"nivel-5":[],"nivel-1":[],"nivel-3":[],"nivel-4":[],"class_list":["post-2736","new","type-new","status-publish","hentry","nivel-2-conservacion-del-medio-ambiente"],"acf":[],"yoast_head":"<title>El cambio clim\u00e1tico y la escasez de agua, prioridades para esta legislatura Sala de prensa Ferrovial | \u00daltimas noticias<\/title>\n<meta name=\"description\" content=\"Sala de prensa Ferrovial | \u00daltimas noticias\" \/>\n<meta name=\"robots\" content=\"index, follow, max-snippet:-1, max-image-preview:large, max-video-preview:-1\" \/>\n<link rel=\"canonical\" href=\"https:\/\/newsroom.ferrovial.com\/es\/noticias\/el-cambio-climatico-y-la-escasez-de-agua-prioridades-para-esta-legislatura\/\" \/>\n<meta property=\"og:locale\" content=\"es_ES\" \/>\n<meta property=\"og:type\" content=\"article\" \/>\n<meta property=\"og:title\" content=\"El cambio clim\u00e1tico y la escasez de agua, prioridades para esta legislatura Sala de prensa Ferrovial | \u00daltimas noticias\" \/>\n<meta property=\"og:description\" content=\"Sala de prensa Ferrovial | \u00daltimas noticias\" \/>\n<meta property=\"og:url\" content=\"https:\/\/newsroom.ferrovial.com\/es\/noticias\/el-cambio-climatico-y-la-escasez-de-agua-prioridades-para-esta-legislatura\/\" \/>\n<meta property=\"og:site_name\" content=\"Sala de prensa Ferrovial | \u00daltimas noticias\" \/>\n<meta property=\"article:publisher\" content=\"https:\/\/www.facebook.com\/ferrovial\" \/>\n<meta property=\"article:modified_time\" content=\"2022-12-21T10:03:37+00:00\" \/>\n<meta name=\"twitter:card\" content=\"summary_large_image\" \/>\n<meta name=\"twitter:site\" content=\"@ferrovial\" \/>\n<script type=\"application\/ld+json\" class=\"yoast-schema-graph\">{\"@context\":\"https:\/\/schema.org\",\"@graph\":[{\"@type\":\"WebPage\",\"@id\":\"https:\/\/newsroom.ferrovial.com\/es\/noticias\/el-cambio-climatico-y-la-escasez-de-agua-prioridades-para-esta-legislatura\/\",\"url\":\"https:\/\/newsroom.ferrovial.com\/es\/noticias\/el-cambio-climatico-y-la-escasez-de-agua-prioridades-para-esta-legislatura\/\",\"name\":\"El cambio clim\u00e1tico y la escasez de agua, prioridades para esta legislatura Sala de prensa Ferrovial | \u00daltimas noticias\",\"isPartOf\":{\"@id\":\"https:\/\/newsroom.ferrovial.com\/es\/#website\"},\"datePublished\":\"2008-04-14T00:00:00+00:00\",\"dateModified\":\"2022-12-21T10:03:37+00:00\",\"description\":\"Sala de prensa Ferrovial | \u00daltimas noticias\",\"breadcrumb\":{\"@id\":\"https:\/\/newsroom.ferrovial.com\/es\/noticias\/el-cambio-climatico-y-la-escasez-de-agua-prioridades-para-esta-legislatura\/#breadcrumb\"},\"inLanguage\":\"es\",\"potentialAction\":[{\"@type\":\"ReadAction\",\"target\":[\"https:\/\/newsroom.ferrovial.com\/es\/noticias\/el-cambio-climatico-y-la-escasez-de-agua-prioridades-para-esta-legislatura\/\"]}]},{\"@type\":\"BreadcrumbList\",\"@id\":\"https:\/\/newsroom.ferrovial.com\/es\/noticias\/el-cambio-climatico-y-la-escasez-de-agua-prioridades-para-esta-legislatura\/#breadcrumb\",\"itemListElement\":[{\"@type\":\"ListItem\",\"position\":1,\"name\":\"Portada\",\"item\":\"https:\/\/newsroom.ferrovial.com\/es\/\"},{\"@type\":\"ListItem\",\"position\":2,\"name\":\"El cambio clim\u00e1tico y la escasez de agua, prioridades para esta legislatura\"}]},{\"@type\":\"WebSite\",\"@id\":\"https:\/\/newsroom.ferrovial.com\/es\/#website\",\"url\":\"https:\/\/newsroom.ferrovial.com\/es\/\",\"name\":\"Sala de prensa Ferrovial | \u00daltimas noticias\",\"description\":\"Sala de prensa Ferrovial | \u00daltimas noticias\",\"publisher\":{\"@id\":\"https:\/\/newsroom.ferrovial.com\/es\/#organization\"},\"potentialAction\":[{\"@type\":\"SearchAction\",\"target\":{\"@type\":\"EntryPoint\",\"urlTemplate\":\"https:\/\/newsroom.ferrovial.com\/es\/?s={search_term_string}\"},\"query-input\":{\"@type\":\"PropertyValueSpecification\",\"valueRequired\":true,\"valueName\":\"search_term_string\"}}],\"inLanguage\":\"es\"},{\"@type\":\"Organization\",\"@id\":\"https:\/\/newsroom.ferrovial.com\/es\/#organization\",\"name\":\"Ferrovial S.A.\",\"url\":\"https:\/\/newsroom.ferrovial.com\/es\/\",\"logo\":{\"@type\":\"ImageObject\",\"inLanguage\":\"es\",\"@id\":\"https:\/\/newsroom.ferrovial.com\/es\/#\/schema\/logo\/image\/\",\"url\":\"https:\/\/static.newsroom.ferrovial.com\/wp-content\/uploads\/2018\/07\/15145720\/Ferrovial_Logotipo1.jpg\",\"contentUrl\":\"https:\/\/static.newsroom.ferrovial.com\/wp-content\/uploads\/2018\/07\/15145720\/Ferrovial_Logotipo1.jpg\",\"width\":600,\"height\":300,\"caption\":\"Ferrovial S.A.\"},\"image\":{\"@id\":\"https:\/\/newsroom.ferrovial.com\/es\/#\/schema\/logo\/image\/\"},\"sameAs\":[\"https:\/\/www.facebook.com\/ferrovial\",\"https:\/\/x.com\/ferrovial\",\"https:\/\/www.instagram.com\/ferrovial\/\",\"https:\/\/www.linkedin.com\/company\/ferrovial\",\"https:\/\/www.pinterest.es\/ferrovial\/\",\"https:\/\/www.youtube.com\/ferrovial\",\"https:\/\/en.wikipedia.org\/wiki\/Ferrovial\"]}]}<\/script>","yoast_head_json":{"title":"El cambio clim\u00e1tico y la escasez de agua, prioridades para esta legislatura Sala de prensa Ferrovial | \u00daltimas noticias","description":"Sala de prensa Ferrovial | \u00daltimas noticias","robots":{"index":"index","follow":"follow","max-snippet":"max-snippet:-1","max-image-preview":"max-image-preview:large","max-video-preview":"max-video-preview:-1"},"canonical":"https:\/\/newsroom.ferrovial.com\/es\/noticias\/el-cambio-climatico-y-la-escasez-de-agua-prioridades-para-esta-legislatura\/","og_locale":"es_ES","og_type":"article","og_title":"El cambio clim\u00e1tico y la escasez de agua, prioridades para esta legislatura Sala de prensa Ferrovial | \u00daltimas noticias","og_description":"Sala de prensa Ferrovial | \u00daltimas noticias","og_url":"https:\/\/newsroom.ferrovial.com\/es\/noticias\/el-cambio-climatico-y-la-escasez-de-agua-prioridades-para-esta-legislatura\/","og_site_name":"Sala de prensa Ferrovial | \u00daltimas noticias","article_publisher":"https:\/\/www.facebook.com\/ferrovial","article_modified_time":"2022-12-21T10:03:37+00:00","twitter_card":"summary_large_image","twitter_site":"@ferrovial","schema":{"@context":"https:\/\/schema.org","@graph":[{"@type":"WebPage","@id":"https:\/\/newsroom.ferrovial.com\/es\/noticias\/el-cambio-climatico-y-la-escasez-de-agua-prioridades-para-esta-legislatura\/","url":"https:\/\/newsroom.ferrovial.com\/es\/noticias\/el-cambio-climatico-y-la-escasez-de-agua-prioridades-para-esta-legislatura\/","name":"El cambio clim\u00e1tico y la escasez de agua, prioridades para esta legislatura Sala de prensa Ferrovial | \u00daltimas noticias","isPartOf":{"@id":"https:\/\/newsroom.ferrovial.com\/es\/#website"},"datePublished":"2008-04-14T00:00:00+00:00","dateModified":"2022-12-21T10:03:37+00:00","description":"Sala de prensa Ferrovial | \u00daltimas noticias","breadcrumb":{"@id":"https:\/\/newsroom.ferrovial.com\/es\/noticias\/el-cambio-climatico-y-la-escasez-de-agua-prioridades-para-esta-legislatura\/#breadcrumb"},"inLanguage":"es","potentialAction":[{"@type":"ReadAction","target":["https:\/\/newsroom.ferrovial.com\/es\/noticias\/el-cambio-climatico-y-la-escasez-de-agua-prioridades-para-esta-legislatura\/"]}]},{"@type":"BreadcrumbList","@id":"https:\/\/newsroom.ferrovial.com\/es\/noticias\/el-cambio-climatico-y-la-escasez-de-agua-prioridades-para-esta-legislatura\/#breadcrumb","itemListElement":[{"@type":"ListItem","position":1,"name":"Portada","item":"https:\/\/newsroom.ferrovial.com\/es\/"},{"@type":"ListItem","position":2,"name":"El cambio clim\u00e1tico y la escasez de agua, prioridades para esta legislatura"}]},{"@type":"WebSite","@id":"https:\/\/newsroom.ferrovial.com\/es\/#website","url":"https:\/\/newsroom.ferrovial.com\/es\/","name":"Sala de prensa Ferrovial | \u00daltimas noticias","description":"Sala de prensa Ferrovial | \u00daltimas noticias","publisher":{"@id":"https:\/\/newsroom.ferrovial.com\/es\/#organization"},"potentialAction":[{"@type":"SearchAction","target":{"@type":"EntryPoint","urlTemplate":"https:\/\/newsroom.ferrovial.com\/es\/?s={search_term_string}"},"query-input":{"@type":"PropertyValueSpecification","valueRequired":true,"valueName":"search_term_string"}}],"inLanguage":"es"},{"@type":"Organization","@id":"https:\/\/newsroom.ferrovial.com\/es\/#organization","name":"Ferrovial S.A.","url":"https:\/\/newsroom.ferrovial.com\/es\/","logo":{"@type":"ImageObject","inLanguage":"es","@id":"https:\/\/newsroom.ferrovial.com\/es\/#\/schema\/logo\/image\/","url":"https:\/\/static.newsroom.ferrovial.com\/wp-content\/uploads\/2018\/07\/15145720\/Ferrovial_Logotipo1.jpg","contentUrl":"https:\/\/static.newsroom.ferrovial.com\/wp-content\/uploads\/2018\/07\/15145720\/Ferrovial_Logotipo1.jpg","width":600,"height":300,"caption":"Ferrovial S.A."},"image":{"@id":"https:\/\/newsroom.ferrovial.com\/es\/#\/schema\/logo\/image\/"},"sameAs":["https:\/\/www.facebook.com\/ferrovial","https:\/\/x.com\/ferrovial","https:\/\/www.instagram.com\/ferrovial\/","https:\/\/www.linkedin.com\/company\/ferrovial","https:\/\/www.pinterest.es\/ferrovial\/","https:\/\/www.youtube.com\/ferrovial","https:\/\/en.wikipedia.org\/wiki\/Ferrovial"]}]}},"_links":{"self":[{"href":"https:\/\/newsroom.ferrovial.com\/es\/wp-json\/wp\/v2\/new\/2736","targetHints":{"allow":["GET"]}}],"collection":[{"href":"https:\/\/newsroom.ferrovial.com\/es\/wp-json\/wp\/v2\/new"}],"about":[{"href":"https:\/\/newsroom.ferrovial.com\/es\/wp-json\/wp\/v2\/types\/new"}],"replies":[{"embeddable":true,"href":"https:\/\/newsroom.ferrovial.com\/es\/wp-json\/wp\/v2\/comments?post=2736"}],"version-history":[{"count":1,"href":"https:\/\/newsroom.ferrovial.com\/es\/wp-json\/wp\/v2\/new\/2736\/revisions"}],"predecessor-version":[{"id":118590,"href":"https:\/\/newsroom.ferrovial.com\/es\/wp-json\/wp\/v2\/new\/2736\/revisions\/118590"}],"wp:attachment":[{"href":"https:\/\/newsroom.ferrovial.com\/es\/wp-json\/wp\/v2\/media?parent=2736"}],"wp:term":[{"taxonomy":"nivel-2","embeddable":true,"href":"https:\/\/newsroom.ferrovial.com\/es\/wp-json\/wp\/v2\/nivel-2?post=2736"},{"taxonomy":"nivel-5","embeddable":true,"href":"https:\/\/newsroom.ferrovial.com\/es\/wp-json\/wp\/v2\/nivel-5?post=2736"},{"taxonomy":"nivel-1","embeddable":true,"href":"https:\/\/newsroom.ferrovial.com\/es\/wp-json\/wp\/v2\/nivel-1?post=2736"},{"taxonomy":"nivel-3","embeddable":true,"href":"https:\/\/newsroom.ferrovial.com\/es\/wp-json\/wp\/v2\/nivel-3?post=2736"},{"taxonomy":"nivel-4","embeddable":true,"href":"https:\/\/newsroom.ferrovial.com\/es\/wp-json\/wp\/v2\/nivel-4?post=2736"}],"curies":[{"name":"wp","href":"https:\/\/api.w.org\/{rel}","templated":true}]}}

El cambio climático y la escasez de agua, prioridades para esta legislatura

<section class="wysiwyg text-editor " id="">
        <div class="container container--narrow container--p-10">
            <p>Las disputas que mantuvieron en los anteriores cuatro años <strong>Elena Espinosa y Cristina Narbona como titulares de Agricultura y Medio Ambiente</strong>, respectivamente, se han saldado con una clara ganadora para esta legislatura. Narbona no repite como ministra y sus competencias han sido traspasadas a Espinosa, que dirigirá el nuevo Ministerio de Medio Ambiente, Medio Rural y Marino, en el que la prioridad número uno será la lucha contra el cambio climático, tal y como reconoció el propio presidente del Ejecutivo en sus primeras declaraciones tras ser investido el pasado viernes.</p>
<p>España está aún bastante lejos de cumplir los objetivos fijados en el <strong>protocolo de Kioto</strong> (<strong>reducir en 2012 un 15% las emisiones de gases de efecto invernadero respecto a 1990, cuando ahora las supera en un 48%</strong>) y las políticas puestas en marcha durante la anterior legislatura, sobre todo la potenciación de las energías renovables y la fiscalidad medioambiental para el transporte, no han surtido los efectos deseados.</p>
<p>La irrupción del nuevo ministerio, que podría ser interpretado como beneficiosa para ganaderos y agricultores, que han mantenido buenas relaciones con Espinosa durante estos cuatro últimos años, ha causado justamente el efecto contrario en las organizaciones agrarias. Todas temen que la agricultura pierda peso frente a otros intereses. &#8216;No me parece bien que le quiten el nombre de Agricultura a un ministerio que lo ha llevado desde la década de los 30, quizá sea porque la defensa del campo irá desde ahora en adelante por otros derroteros más de moda en la actualidad&#8217;, aseguró ayer el presidente de Asaja, Pedro Barato.</p>
<p>Y uno de los primeros frentes de batalla que se puede abrir en breve puede ser con el tema del agua. En la anterior legislatura, Medio Ambiente abogaba por la reducción del gasto hídrico de los agricultores, que representan el 70% del total del consumo, mientras que Agricultura, a través de Espinosa, luchaba por defender el papel del regadío como fuente de riqueza para el sector agroalimentario y como elemento vertebrador del campo.</p>
<p>La situación puede cambiar en breve. La falta de agua en algunos núcleos urbanos puede obligar a establecer restricciones o tasas por consumos elevados a los agricultores, lo que provocará con toda seguridad movilizaciones, al igual que se produjeron con la subida del precio de los cereales o la leche.</p>
<p>Cinco días</p>
        </div>
    </section>

<title>El cambio climático y la escasez de agua, prioridades para esta legislatura Sala de prensa Ferrovial | Últimas noticias</title>
<meta name="description" content="Sala de prensa Ferrovial | Últimas noticias" />
<meta name="robots" content="index, follow, max-snippet:-1, max-image-preview:large, max-video-preview:-1" />
<link rel="canonical" href="https://newsroom.ferrovial.com/es/noticias/el-cambio-climatico-y-la-escasez-de-agua-prioridades-para-esta-legislatura/" />
<meta property="og:locale" content="es_ES" />
<meta property="og:type" content="article" />
<meta property="og:title" content="El cambio climático y la escasez de agua, prioridades para esta legislatura Sala de prensa Ferrovial | Últimas noticias" />
<meta property="og:description" content="Sala de prensa Ferrovial | Últimas noticias" />
<meta property="og:url" content="https://newsroom.ferrovial.com/es/noticias/el-cambio-climatico-y-la-escasez-de-agua-prioridades-para-esta-legislatura/" />
<meta property="og:site_name" content="Sala de prensa Ferrovial | Últimas noticias" />
<meta property="article:publisher" content="https://www.facebook.com/ferrovial" />
<meta property="article:modified_time" content="2022-12-21T10:03:37+00:00" />
<meta name="twitter:card" content="summary_large_image" />
<meta name="twitter:site" content="@ferrovial" />
<script type="application/ld+json" class="yoast-schema-graph">{"@context":"https://schema.org","@graph":[{"@type":"WebPage","@id":"https://newsroom.ferrovial.com/es/noticias/el-cambio-climatico-y-la-escasez-de-agua-prioridades-para-esta-legislatura/","url":"https://newsroom.ferrovial.com/es/noticias/el-cambio-climatico-y-la-escasez-de-agua-prioridades-para-esta-legislatura/","name":"El cambio climático y la escasez de agua, prioridades para esta legislatura Sala de prensa Ferrovial | Últimas noticias","isPartOf":{"@id":"https://newsroom.ferrovial.com/es/#website"},"datePublished":"2008-04-14T00:00:00+00:00","dateModified":"2022-12-21T10:03:37+00:00","description":"Sala de prensa Ferrovial | Últimas noticias","breadcrumb":{"@id":"https://newsroom.ferrovial.com/es/noticias/el-cambio-climatico-y-la-escasez-de-agua-prioridades-para-esta-legislatura/#breadcrumb"},"inLanguage":"es","potentialAction":[{"@type":"ReadAction","target":["https://newsroom.ferrovial.com/es/noticias/el-cambio-climatico-y-la-escasez-de-agua-prioridades-para-esta-legislatura/"]}]},{"@type":"BreadcrumbList","@id":"https://newsroom.ferrovial.com/es/noticias/el-cambio-climatico-y-la-escasez-de-agua-prioridades-para-esta-legislatura/#breadcrumb","itemListElement":[{"@type":"ListItem","position":1,"name":"Portada","item":"https://newsroom.ferrovial.com/es/"},{"@type":"ListItem","position":2,"name":"El cambio climático y la escasez de agua, prioridades para esta legislatura"}]},{"@type":"WebSite","@id":"https://newsroom.ferrovial.com/es/#website","url":"https://newsroom.ferrovial.com/es/","name":"Sala de prensa Ferrovial | Últimas noticias","description":"Sala de prensa Ferrovial | Últimas noticias","publisher":{"@id":"https://newsroom.ferrovial.com/es/#organization"},"potentialAction":[{"@type":"SearchAction","target":{"@type":"EntryPoint","urlTemplate":"https://newsroom.ferrovial.com/es/?s={search_term_string}"},"query-input":{"@type":"PropertyValueSpecification","valueRequired":true,"valueName":"search_term_string"}}],"inLanguage":"es"},{"@type":"Organization","@id":"https://newsroom.ferrovial.com/es/#organization","name":"Ferrovial S.A.","url":"https://newsroom.ferrovial.com/es/","logo":{"@type":"ImageObject","inLanguage":"es","@id":"https://newsroom.ferrovial.com/es/#/schema/logo/image/","url":"https://static.newsroom.ferrovial.com/wp-content/uploads/2018/07/15145720/Ferrovial_Logotipo1.jpg","contentUrl":"https://static.newsroom.ferrovial.com/wp-content/uploads/2018/07/15145720/Ferrovial_Logotipo1.jpg","width":600,"height":300,"caption":"Ferrovial S.A."},"image":{"@id":"https://newsroom.ferrovial.com/es/#/schema/logo/image/"},"sameAs":["https://www.facebook.com/ferrovial","https://x.com/ferrovial","https://www.instagram.com/ferrovial/","https://www.linkedin.com/company/ferrovial","https://www.pinterest.es/ferrovial/","https://www.youtube.com/ferrovial","https://en.wikipedia.org/wiki/Ferrovial"]}]}</script>

El cambio climático y la escasez de agua, prioridades para esta legislatura Sala de prensa Ferrovial | Últimas noticias

Sala de prensa Ferrovial | Últimas noticias
