{"id":2990,"date":"2007-10-25T00:00:00","date_gmt":"2007-10-25T00:00:00","guid":{"rendered":"https:\/\/newsroom.ferrovial.com\/news\/paris-se-prepara-para-lanzar-su-gran-plan-sobre-medio-ambiente\/"},"modified":"2022-12-21T11:15:27","modified_gmt":"2022-12-21T10:15:27","slug":"paris-se-prepara-para-lanzar-su-gran-plan-sobre-medio-ambiente","status":"publish","type":"new","link":"https:\/\/newsroom.ferrovial.com\/es\/noticias\/paris-se-prepara-para-lanzar-su-gran-plan-sobre-medio-ambiente\/","title":{"rendered":"Par\u00eds se prepara para lanzar su gran plan sobre medio ambiente"},"content":{"rendered":"    <section class=\"wysiwyg text-editor \" id=\"\">\n        <div class=\"container container--narrow container--p-10\">\n            <p>(<a href=\"http:\/\/www.abc.es\/\" target=\"_blank\"><span style=\"text-decoration: underline;\">Abc<\/span><\/a>).- En el El\u00edseo, acompa\u00f1ado de su Gobierno en pleno, el presidente franc\u00e9s Nicolas Sarkozy presentar\u00e1 ma\u00f1ana las decisiones ejecutivas concretas que deber\u00e1n fundar \u00abuna nueva pol\u00edtica del medio ambiente, fundada en el crecimiento ecol\u00f3gico equilibrado, para aportar soluciones a los cambios clim\u00e1ticos, la biodiversidad y la degradaci\u00f3n del eco sistema planetario\u00bb.<\/p>\n<p>Esa presentaci\u00f3n culminar\u00e1 un largo trimestre de concertaci\u00f3n ecol\u00f3gica nacional, en la que han participado el Gobierno, la patronal, los sindicatos y ochenta organizaciones ecologistas, como Greenpeace, WWF, Alliance pour la plan_te o France Nature Environnement.<\/p>\n<p>Esas conversaciones, sin precedentes, han estado dirigidas por el n\u00famero dos del gobierno, Jean-Louis Borloo, ministro de Ecolog\u00eda y Medio Ambiente, el \u00abhombre orquesta\u00bb de un proceso de concertaci\u00f3n nacional que ha sido presentado como los Estados generales del medio ambiente, o la Conferencia de Grenelle de la ecolog\u00eda. La gran final de tal proceso comenzar\u00e1 hoy con una intervenci\u00f3n de Fran\u00e7ois Fillon, primer ministro, pr\u00f3logo al resumen, balance y presentaci\u00f3n de acciones concretas, ma\u00f1ana, en el El\u00edseo.<\/p>\n<p>Todos los grandes temas nacionales e internacionales relacionados con el medio ambiente han sido objeto de un largo trimestre de discusiones, abord\u00e1ndose problemas concretos relacionados con el transporte, la construcci\u00f3n, la agricultura, los modos de producci\u00f3n, las pol\u00edticas del medio ambiente.<\/p>\n<p>Ya se sabe que hay ciertos terrenos de entendimiento, entre gobierno y organizaciones ecologistas, como la renovaci\u00f3n t\u00e9rmica, la extensi\u00f3n de la red ferroviaria nacional. Pero a nadie se le oculta que todav\u00eda existen diferencias \u00ababismales\u00bb en terrenos sensibles, en materia de pesticidas o fiscalidad. M\u00e1s all\u00e1 de las diferencias, puntuales, que nadie desea ocultar, el presidente Sarkozy ha deseado instalar la ecolog\u00eda y la defensa del medio ambiente en el coraz\u00f3n de su acci\u00f3n pol\u00edtica nacional, como fue anunciado a lo largo de su reciente campa\u00f1a electoral.<\/p>\n        <\/div>\n    <\/section>\n","protected":false},"excerpt":{"rendered":"","protected":false},"featured_media":0,"menu_order":0,"comment_status":"closed","ping_status":"closed","template":"","nivel-2":[936],"nivel-5":[],"nivel-1":[],"nivel-3":[],"nivel-4":[],"class_list":["post-2990","new","type-new","status-publish","hentry","nivel-2-conservacion-del-medio-ambiente"],"acf":[],"yoast_head":"<title>Par\u00eds se prepara para lanzar su gran plan sobre medio ambiente Sala de prensa Ferrovial | \u00daltimas noticias<\/title>\n<meta name=\"description\" content=\"Sala de prensa Ferrovial | \u00daltimas noticias\" \/>\n<meta name=\"robots\" content=\"index, follow, max-snippet:-1, max-image-preview:large, max-video-preview:-1\" \/>\n<link rel=\"canonical\" href=\"https:\/\/newsroom.ferrovial.com\/es\/noticias\/paris-se-prepara-para-lanzar-su-gran-plan-sobre-medio-ambiente\/\" \/>\n<meta property=\"og:locale\" content=\"es_ES\" \/>\n<meta property=\"og:type\" content=\"article\" \/>\n<meta property=\"og:title\" content=\"Par\u00eds se prepara para lanzar su gran plan sobre medio ambiente Sala de prensa Ferrovial | \u00daltimas noticias\" \/>\n<meta property=\"og:description\" content=\"Sala de prensa Ferrovial | \u00daltimas noticias\" \/>\n<meta property=\"og:url\" content=\"https:\/\/newsroom.ferrovial.com\/es\/noticias\/paris-se-prepara-para-lanzar-su-gran-plan-sobre-medio-ambiente\/\" \/>\n<meta property=\"og:site_name\" content=\"Sala de prensa Ferrovial | \u00daltimas noticias\" \/>\n<meta property=\"article:publisher\" content=\"https:\/\/www.facebook.com\/ferrovial\" \/>\n<meta property=\"article:modified_time\" content=\"2022-12-21T10:15:27+00:00\" \/>\n<meta name=\"twitter:card\" content=\"summary_large_image\" \/>\n<meta name=\"twitter:site\" content=\"@ferrovial\" \/>\n<script type=\"application\/ld+json\" class=\"yoast-schema-graph\">{\"@context\":\"https:\/\/schema.org\",\"@graph\":[{\"@type\":\"WebPage\",\"@id\":\"https:\/\/newsroom.ferrovial.com\/es\/noticias\/paris-se-prepara-para-lanzar-su-gran-plan-sobre-medio-ambiente\/\",\"url\":\"https:\/\/newsroom.ferrovial.com\/es\/noticias\/paris-se-prepara-para-lanzar-su-gran-plan-sobre-medio-ambiente\/\",\"name\":\"Par\u00eds se prepara para lanzar su gran plan sobre medio ambiente Sala de prensa Ferrovial | \u00daltimas noticias\",\"isPartOf\":{\"@id\":\"https:\/\/newsroom.ferrovial.com\/es\/#website\"},\"datePublished\":\"2007-10-25T00:00:00+00:00\",\"dateModified\":\"2022-12-21T10:15:27+00:00\",\"description\":\"Sala de prensa Ferrovial | \u00daltimas noticias\",\"breadcrumb\":{\"@id\":\"https:\/\/newsroom.ferrovial.com\/es\/noticias\/paris-se-prepara-para-lanzar-su-gran-plan-sobre-medio-ambiente\/#breadcrumb\"},\"inLanguage\":\"es\",\"potentialAction\":[{\"@type\":\"ReadAction\",\"target\":[\"https:\/\/newsroom.ferrovial.com\/es\/noticias\/paris-se-prepara-para-lanzar-su-gran-plan-sobre-medio-ambiente\/\"]}]},{\"@type\":\"BreadcrumbList\",\"@id\":\"https:\/\/newsroom.ferrovial.com\/es\/noticias\/paris-se-prepara-para-lanzar-su-gran-plan-sobre-medio-ambiente\/#breadcrumb\",\"itemListElement\":[{\"@type\":\"ListItem\",\"position\":1,\"name\":\"Portada\",\"item\":\"https:\/\/newsroom.ferrovial.com\/es\/\"},{\"@type\":\"ListItem\",\"position\":2,\"name\":\"Par\u00eds se prepara para lanzar su gran plan sobre medio ambiente\"}]},{\"@type\":\"WebSite\",\"@id\":\"https:\/\/newsroom.ferrovial.com\/es\/#website\",\"url\":\"https:\/\/newsroom.ferrovial.com\/es\/\",\"name\":\"Sala de prensa Ferrovial | \u00daltimas noticias\",\"description\":\"Sala de prensa Ferrovial | \u00daltimas noticias\",\"publisher\":{\"@id\":\"https:\/\/newsroom.ferrovial.com\/es\/#organization\"},\"potentialAction\":[{\"@type\":\"SearchAction\",\"target\":{\"@type\":\"EntryPoint\",\"urlTemplate\":\"https:\/\/newsroom.ferrovial.com\/es\/?s={search_term_string}\"},\"query-input\":{\"@type\":\"PropertyValueSpecification\",\"valueRequired\":true,\"valueName\":\"search_term_string\"}}],\"inLanguage\":\"es\"},{\"@type\":\"Organization\",\"@id\":\"https:\/\/newsroom.ferrovial.com\/es\/#organization\",\"name\":\"Ferrovial S.A.\",\"url\":\"https:\/\/newsroom.ferrovial.com\/es\/\",\"logo\":{\"@type\":\"ImageObject\",\"inLanguage\":\"es\",\"@id\":\"https:\/\/newsroom.ferrovial.com\/es\/#\/schema\/logo\/image\/\",\"url\":\"https:\/\/static.newsroom.ferrovial.com\/wp-content\/uploads\/2018\/07\/15145720\/Ferrovial_Logotipo1.jpg\",\"contentUrl\":\"https:\/\/static.newsroom.ferrovial.com\/wp-content\/uploads\/2018\/07\/15145720\/Ferrovial_Logotipo1.jpg\",\"width\":600,\"height\":300,\"caption\":\"Ferrovial S.A.\"},\"image\":{\"@id\":\"https:\/\/newsroom.ferrovial.com\/es\/#\/schema\/logo\/image\/\"},\"sameAs\":[\"https:\/\/www.facebook.com\/ferrovial\",\"https:\/\/x.com\/ferrovial\",\"https:\/\/www.instagram.com\/ferrovial\/\",\"https:\/\/www.linkedin.com\/company\/ferrovial\",\"https:\/\/www.pinterest.es\/ferrovial\/\",\"https:\/\/www.youtube.com\/ferrovial\",\"https:\/\/en.wikipedia.org\/wiki\/Ferrovial\"]}]}<\/script>","yoast_head_json":{"title":"Par\u00eds se prepara para lanzar su gran plan sobre medio ambiente Sala de prensa Ferrovial | \u00daltimas noticias","description":"Sala de prensa Ferrovial | \u00daltimas noticias","robots":{"index":"index","follow":"follow","max-snippet":"max-snippet:-1","max-image-preview":"max-image-preview:large","max-video-preview":"max-video-preview:-1"},"canonical":"https:\/\/newsroom.ferrovial.com\/es\/noticias\/paris-se-prepara-para-lanzar-su-gran-plan-sobre-medio-ambiente\/","og_locale":"es_ES","og_type":"article","og_title":"Par\u00eds se prepara para lanzar su gran plan sobre medio ambiente Sala de prensa Ferrovial | \u00daltimas noticias","og_description":"Sala de prensa Ferrovial | \u00daltimas noticias","og_url":"https:\/\/newsroom.ferrovial.com\/es\/noticias\/paris-se-prepara-para-lanzar-su-gran-plan-sobre-medio-ambiente\/","og_site_name":"Sala de prensa Ferrovial | \u00daltimas noticias","article_publisher":"https:\/\/www.facebook.com\/ferrovial","article_modified_time":"2022-12-21T10:15:27+00:00","twitter_card":"summary_large_image","twitter_site":"@ferrovial","schema":{"@context":"https:\/\/schema.org","@graph":[{"@type":"WebPage","@id":"https:\/\/newsroom.ferrovial.com\/es\/noticias\/paris-se-prepara-para-lanzar-su-gran-plan-sobre-medio-ambiente\/","url":"https:\/\/newsroom.ferrovial.com\/es\/noticias\/paris-se-prepara-para-lanzar-su-gran-plan-sobre-medio-ambiente\/","name":"Par\u00eds se prepara para lanzar su gran plan sobre medio ambiente Sala de prensa Ferrovial | \u00daltimas noticias","isPartOf":{"@id":"https:\/\/newsroom.ferrovial.com\/es\/#website"},"datePublished":"2007-10-25T00:00:00+00:00","dateModified":"2022-12-21T10:15:27+00:00","description":"Sala de prensa Ferrovial | \u00daltimas noticias","breadcrumb":{"@id":"https:\/\/newsroom.ferrovial.com\/es\/noticias\/paris-se-prepara-para-lanzar-su-gran-plan-sobre-medio-ambiente\/#breadcrumb"},"inLanguage":"es","potentialAction":[{"@type":"ReadAction","target":["https:\/\/newsroom.ferrovial.com\/es\/noticias\/paris-se-prepara-para-lanzar-su-gran-plan-sobre-medio-ambiente\/"]}]},{"@type":"BreadcrumbList","@id":"https:\/\/newsroom.ferrovial.com\/es\/noticias\/paris-se-prepara-para-lanzar-su-gran-plan-sobre-medio-ambiente\/#breadcrumb","itemListElement":[{"@type":"ListItem","position":1,"name":"Portada","item":"https:\/\/newsroom.ferrovial.com\/es\/"},{"@type":"ListItem","position":2,"name":"Par\u00eds se prepara para lanzar su gran plan sobre medio ambiente"}]},{"@type":"WebSite","@id":"https:\/\/newsroom.ferrovial.com\/es\/#website","url":"https:\/\/newsroom.ferrovial.com\/es\/","name":"Sala de prensa Ferrovial | \u00daltimas noticias","description":"Sala de prensa Ferrovial | \u00daltimas noticias","publisher":{"@id":"https:\/\/newsroom.ferrovial.com\/es\/#organization"},"potentialAction":[{"@type":"SearchAction","target":{"@type":"EntryPoint","urlTemplate":"https:\/\/newsroom.ferrovial.com\/es\/?s={search_term_string}"},"query-input":{"@type":"PropertyValueSpecification","valueRequired":true,"valueName":"search_term_string"}}],"inLanguage":"es"},{"@type":"Organization","@id":"https:\/\/newsroom.ferrovial.com\/es\/#organization","name":"Ferrovial S.A.","url":"https:\/\/newsroom.ferrovial.com\/es\/","logo":{"@type":"ImageObject","inLanguage":"es","@id":"https:\/\/newsroom.ferrovial.com\/es\/#\/schema\/logo\/image\/","url":"https:\/\/static.newsroom.ferrovial.com\/wp-content\/uploads\/2018\/07\/15145720\/Ferrovial_Logotipo1.jpg","contentUrl":"https:\/\/static.newsroom.ferrovial.com\/wp-content\/uploads\/2018\/07\/15145720\/Ferrovial_Logotipo1.jpg","width":600,"height":300,"caption":"Ferrovial S.A."},"image":{"@id":"https:\/\/newsroom.ferrovial.com\/es\/#\/schema\/logo\/image\/"},"sameAs":["https:\/\/www.facebook.com\/ferrovial","https:\/\/x.com\/ferrovial","https:\/\/www.instagram.com\/ferrovial\/","https:\/\/www.linkedin.com\/company\/ferrovial","https:\/\/www.pinterest.es\/ferrovial\/","https:\/\/www.youtube.com\/ferrovial","https:\/\/en.wikipedia.org\/wiki\/Ferrovial"]}]}},"_links":{"self":[{"href":"https:\/\/newsroom.ferrovial.com\/es\/wp-json\/wp\/v2\/new\/2990","targetHints":{"allow":["GET"]}}],"collection":[{"href":"https:\/\/newsroom.ferrovial.com\/es\/wp-json\/wp\/v2\/new"}],"about":[{"href":"https:\/\/newsroom.ferrovial.com\/es\/wp-json\/wp\/v2\/types\/new"}],"replies":[{"embeddable":true,"href":"https:\/\/newsroom.ferrovial.com\/es\/wp-json\/wp\/v2\/comments?post=2990"}],"version-history":[{"count":1,"href":"https:\/\/newsroom.ferrovial.com\/es\/wp-json\/wp\/v2\/new\/2990\/revisions"}],"predecessor-version":[{"id":118909,"href":"https:\/\/newsroom.ferrovial.com\/es\/wp-json\/wp\/v2\/new\/2990\/revisions\/118909"}],"wp:attachment":[{"href":"https:\/\/newsroom.ferrovial.com\/es\/wp-json\/wp\/v2\/media?parent=2990"}],"wp:term":[{"taxonomy":"nivel-2","embeddable":true,"href":"https:\/\/newsroom.ferrovial.com\/es\/wp-json\/wp\/v2\/nivel-2?post=2990"},{"taxonomy":"nivel-5","embeddable":true,"href":"https:\/\/newsroom.ferrovial.com\/es\/wp-json\/wp\/v2\/nivel-5?post=2990"},{"taxonomy":"nivel-1","embeddable":true,"href":"https:\/\/newsroom.ferrovial.com\/es\/wp-json\/wp\/v2\/nivel-1?post=2990"},{"taxonomy":"nivel-3","embeddable":true,"href":"https:\/\/newsroom.ferrovial.com\/es\/wp-json\/wp\/v2\/nivel-3?post=2990"},{"taxonomy":"nivel-4","embeddable":true,"href":"https:\/\/newsroom.ferrovial.com\/es\/wp-json\/wp\/v2\/nivel-4?post=2990"}],"curies":[{"name":"wp","href":"https:\/\/api.w.org\/{rel}","templated":true}]}}

París se prepara para lanzar su gran plan sobre medio ambiente

<section class="wysiwyg text-editor " id="">
        <div class="container container--narrow container--p-10">
            <p>(<a href="http://www.abc.es/" target="_blank"><span style="text-decoration: underline;">Abc</span></a>).- En el Elíseo, acompañado de su Gobierno en pleno, el presidente francés Nicolas Sarkozy presentará mañana las decisiones ejecutivas concretas que deberán fundar «una nueva política del medio ambiente, fundada en el crecimiento ecológico equilibrado, para aportar soluciones a los cambios climáticos, la biodiversidad y la degradación del eco sistema planetario».</p>
<p>Esa presentación culminará un largo trimestre de concertación ecológica nacional, en la que han participado el Gobierno, la patronal, los sindicatos y ochenta organizaciones ecologistas, como Greenpeace, WWF, Alliance pour la plan_te o France Nature Environnement.</p>
<p>Esas conversaciones, sin precedentes, han estado dirigidas por el número dos del gobierno, Jean-Louis Borloo, ministro de Ecología y Medio Ambiente, el «hombre orquesta» de un proceso de concertación nacional que ha sido presentado como los Estados generales del medio ambiente, o la Conferencia de Grenelle de la ecología. La gran final de tal proceso comenzará hoy con una intervención de François Fillon, primer ministro, prólogo al resumen, balance y presentación de acciones concretas, mañana, en el Elíseo.</p>
<p>Todos los grandes temas nacionales e internacionales relacionados con el medio ambiente han sido objeto de un largo trimestre de discusiones, abordándose problemas concretos relacionados con el transporte, la construcción, la agricultura, los modos de producción, las políticas del medio ambiente.</p>
<p>Ya se sabe que hay ciertos terrenos de entendimiento, entre gobierno y organizaciones ecologistas, como la renovación térmica, la extensión de la red ferroviaria nacional. Pero a nadie se le oculta que todavía existen diferencias «abismales» en terrenos sensibles, en materia de pesticidas o fiscalidad. Más allá de las diferencias, puntuales, que nadie desea ocultar, el presidente Sarkozy ha deseado instalar la ecología y la defensa del medio ambiente en el corazón de su acción política nacional, como fue anunciado a lo largo de su reciente campaña electoral.</p>
        </div>
    </section>

<title>París se prepara para lanzar su gran plan sobre medio ambiente Sala de prensa Ferrovial | Últimas noticias</title>
<meta name="description" content="Sala de prensa Ferrovial | Últimas noticias" />
<meta name="robots" content="index, follow, max-snippet:-1, max-image-preview:large, max-video-preview:-1" />
<link rel="canonical" href="https://newsroom.ferrovial.com/es/noticias/paris-se-prepara-para-lanzar-su-gran-plan-sobre-medio-ambiente/" />
<meta property="og:locale" content="es_ES" />
<meta property="og:type" content="article" />
<meta property="og:title" content="París se prepara para lanzar su gran plan sobre medio ambiente Sala de prensa Ferrovial | Últimas noticias" />
<meta property="og:description" content="Sala de prensa Ferrovial | Últimas noticias" />
<meta property="og:url" content="https://newsroom.ferrovial.com/es/noticias/paris-se-prepara-para-lanzar-su-gran-plan-sobre-medio-ambiente/" />
<meta property="og:site_name" content="Sala de prensa Ferrovial | Últimas noticias" />
<meta property="article:publisher" content="https://www.facebook.com/ferrovial" />
<meta property="article:modified_time" content="2022-12-21T10:15:27+00:00" />
<meta name="twitter:card" content="summary_large_image" />
<meta name="twitter:site" content="@ferrovial" />
<script type="application/ld+json" class="yoast-schema-graph">{"@context":"https://schema.org","@graph":[{"@type":"WebPage","@id":"https://newsroom.ferrovial.com/es/noticias/paris-se-prepara-para-lanzar-su-gran-plan-sobre-medio-ambiente/","url":"https://newsroom.ferrovial.com/es/noticias/paris-se-prepara-para-lanzar-su-gran-plan-sobre-medio-ambiente/","name":"París se prepara para lanzar su gran plan sobre medio ambiente Sala de prensa Ferrovial | Últimas noticias","isPartOf":{"@id":"https://newsroom.ferrovial.com/es/#website"},"datePublished":"2007-10-25T00:00:00+00:00","dateModified":"2022-12-21T10:15:27+00:00","description":"Sala de prensa Ferrovial | Últimas noticias","breadcrumb":{"@id":"https://newsroom.ferrovial.com/es/noticias/paris-se-prepara-para-lanzar-su-gran-plan-sobre-medio-ambiente/#breadcrumb"},"inLanguage":"es","potentialAction":[{"@type":"ReadAction","target":["https://newsroom.ferrovial.com/es/noticias/paris-se-prepara-para-lanzar-su-gran-plan-sobre-medio-ambiente/"]}]},{"@type":"BreadcrumbList","@id":"https://newsroom.ferrovial.com/es/noticias/paris-se-prepara-para-lanzar-su-gran-plan-sobre-medio-ambiente/#breadcrumb","itemListElement":[{"@type":"ListItem","position":1,"name":"Portada","item":"https://newsroom.ferrovial.com/es/"},{"@type":"ListItem","position":2,"name":"París se prepara para lanzar su gran plan sobre medio ambiente"}]},{"@type":"WebSite","@id":"https://newsroom.ferrovial.com/es/#website","url":"https://newsroom.ferrovial.com/es/","name":"Sala de prensa Ferrovial | Últimas noticias","description":"Sala de prensa Ferrovial | Últimas noticias","publisher":{"@id":"https://newsroom.ferrovial.com/es/#organization"},"potentialAction":[{"@type":"SearchAction","target":{"@type":"EntryPoint","urlTemplate":"https://newsroom.ferrovial.com/es/?s={search_term_string}"},"query-input":{"@type":"PropertyValueSpecification","valueRequired":true,"valueName":"search_term_string"}}],"inLanguage":"es"},{"@type":"Organization","@id":"https://newsroom.ferrovial.com/es/#organization","name":"Ferrovial S.A.","url":"https://newsroom.ferrovial.com/es/","logo":{"@type":"ImageObject","inLanguage":"es","@id":"https://newsroom.ferrovial.com/es/#/schema/logo/image/","url":"https://static.newsroom.ferrovial.com/wp-content/uploads/2018/07/15145720/Ferrovial_Logotipo1.jpg","contentUrl":"https://static.newsroom.ferrovial.com/wp-content/uploads/2018/07/15145720/Ferrovial_Logotipo1.jpg","width":600,"height":300,"caption":"Ferrovial S.A."},"image":{"@id":"https://newsroom.ferrovial.com/es/#/schema/logo/image/"},"sameAs":["https://www.facebook.com/ferrovial","https://x.com/ferrovial","https://www.instagram.com/ferrovial/","https://www.linkedin.com/company/ferrovial","https://www.pinterest.es/ferrovial/","https://www.youtube.com/ferrovial","https://en.wikipedia.org/wiki/Ferrovial"]}]}</script>

París se prepara para lanzar su gran plan sobre medio ambiente Sala de prensa Ferrovial | Últimas noticias

Sala de prensa Ferrovial | Últimas noticias
